{"id":105,"date":"2014-09-24T18:22:19","date_gmt":"2014-09-24T15:22:19","guid":{"rendered":"https:\/\/kylat.ekarjala.fi\/ankila\/?page_id=105"},"modified":"2019-02-26T14:50:51","modified_gmt":"2019-02-26T12:50:51","slug":"tapahtumat","status":"publish","type":"page","link":"https:\/\/kylat.ekarjala.fi\/ankila\/tapahtumat\/","title":{"rendered":"Tapahtumat"},"content":{"rendered":"<p>&nbsp;<\/p>\n<h2 style=\"text-align: center\"><strong>VUOSI 2019<\/strong><\/h2>\n<p>&nbsp;<\/p>\n<p style=\"text-align: center\"><strong>Perinteiset pilkkikisat 16.3<\/strong><\/p>\n<p style=\"text-align: center\"><strong>P\u00e4\u00e4si\u00e4iskokko\u00a0 20.4.2019<\/strong><\/p>\n<p>&nbsp;<\/p>\n<p>&nbsp;<\/p>\n<p>&nbsp;<\/p>\n<p>&nbsp;<\/p>\n<p style=\"text-align: center\">Menneet tapahtumat:<\/p>\n<p style=\"text-align: center\">VUOSI 2018<\/p>\n<p style=\"text-align: center\"><strong>\u00c4nkil\u00e4n tavaratori\u00a0<\/strong><strong>pe 13.7 klo 17-19 <\/strong>\u00a0\u00c4nkil\u00e4n kent\u00e4ll\u00e4.<br \/>\nIlmaiset myyntipaikat. Myynti omalta p\u00f6yd\u00e4lt\u00e4, per\u00e4k\u00e4rrist\u00e4 tai takakontista. Puffetista muurinpohjalettuja, kahvia ja makkaraa.<\/p>\n<p style=\"text-align: center\"><strong>Kes\u00e4retki Valamoon la 18.8.18<br \/>\n<\/strong>\u00c4nkil\u00e4n kyl\u00e4n kes\u00e4retki Valamoon la 18.8.18. Tutustuminen p\u00e4\u00e4kirkkoon ja n\u00e4yttelyihin.<br \/>\nMatkan hinta kyl\u00e4l\u00e4isille 55 \u20ac sis. matkat, opastukset, lounaan sek\u00e4 kahvit Valamossa.<br \/>\nTiedustelut ja ilmoittautumiset 31.7.menness\u00e4 Eila R\u00f6nkk\u00f6selle puh. 050 567 6933.<\/p>\n<p style=\"text-align: center\"><span style=\"font-family: Calibri\">Katostalkoot + kent\u00e4n siivous lauantaina 12.5.2018 klo 14:00 &#8211; <\/span><\/p>\n<p style=\"text-align: center\">9.6.2018 Luontopolku tapahtuma<br \/>\nBuffet auki klo 12:00 &#8211; 15:00<br \/>\nosana Avoimet Kyl\u00e4t tapahtumaa<\/p>\n<p style=\"text-align: center\">Kyl\u00e4l\u00e4isten ja vapaa-ajanasukkaiden pilkkikisat la 17.3 Koskenkulmalla. Kilpailukeskus Mertaniementie 51. Kilpailuaika klo 12 &#8211; 14 siirtymisineen. Ilmoittautuminen klo 11.30 alkaen. Sarjat miehet, naiset ja lapset (alle 16 v.). Osallistumismaksu 5 \u20ac aikuisilta. Puffetti.<\/p>\n<p style=\"text-align: center\"><strong>*********<\/strong><\/p>\n<p style=\"text-align: center\">P\u00c4\u00c4SI\u00c4ISTULET<br \/>\n\u201dLautsillan roihut\u201d eli p\u00e4\u00e4si\u00e4istulet syttyv\u00e4t j\u00e4lleen<br \/>\nlauantaina 31.3.2018. klo 16.00 \u00c4nkil\u00e4n kent\u00e4ll\u00e4<\/p>\n<p style=\"text-align: center\">Ohjelmassa kokonpolton lis\u00e4ksi arvontaa ja mukavaa yhdess\u00e4oloa, buffet<\/p>\n<p style=\"text-align: center\">VUOSI 2017<\/p>\n<p style=\"text-align: center\">Kyl\u00e4kokous\/pikkujoulu 19.11 klo 15<br \/>\nSimpeleen Nuorisoseurantalolla<br \/>\nSimpeleentie 36<\/p>\n<p style=\"text-align: center\">Valaistupolku pe 13.10 klo 18<br \/>\nTarjotaan mehua ja nuotiomakkaraa. Lamppuja ja lyhtyj\u00e4 mukaan.\u00c4NKIL\u00c4SS\u00c4 OSATAAN -KES\u00c4TAPAHTUMA\u00a0 JA TAVARATORI<br \/>\n\u00c4nkil\u00e4n kent\u00e4ll\u00e4\u00a0 lauantaina 22.7.2017 klo 10 \u2013 14<\/p>\n<p style=\"text-align: center\">\u00c4nkil\u00e4ss\u00e4 on monenlaista osaamista niin yritt\u00e4jyyden, urheilun, kuin k\u00e4dentaidonkin saralla. Kes\u00e4tapahtumassa n\u00e4it\u00e4 taitajia ja n\u00e4ytteit\u00e4 heid\u00e4n osaamisestaan tullaan n\u00e4kem\u00e4\u00e4n. Mm. k\u00e4dentaitajat esittelev\u00e4t t\u00f6it\u00e4\u00e4n myyntin\u00e4yttelyn merkeiss\u00e4.<\/p>\n<p style=\"text-align: center\">Ohjelmassa:<br \/>\nKlo 10.30 Viestikisa;<br \/>\nkunnan p\u00e4\u00e4tt\u00e4j\u00e4t -vapaa-ajanasukastoimikunta-\u00c4nkil\u00e4n kyl\u00e4<\/p>\n<p style=\"text-align: center\">Klo 11.30 Tule kokeilemaan rankkaripotkuja, maalivahtina Iida Kuru<\/p>\n<p style=\"text-align: center\">Klo 12:00 Keppihevosratsastusn\u00e4yt\u00f6s, jonka j\u00e4lkeen halukkaat p\u00e4\u00e4sev\u00e4t kokeilemaan\u00a0\u201dkeppariratsastusta\u201d.<\/p>\n<p style=\"text-align: center\">Klo 12.30 Savity\u00f6n\u00e4yt\u00f6s<\/p>\n<p style=\"text-align: center\">Klo 13.00 Puunveisto ty\u00f6n\u00e4yt\u00f6s<\/p>\n<p style=\"text-align: center\">Luontopolkurastin kiert\u00e4neiden kesken arvotaan kes\u00e4kassi<\/p>\n<p style=\"text-align: center\"><strong>**********\u00a0<\/strong><\/p>\n<p style=\"text-align: center\">\u201dLautsillan roihut\u201d eli p\u00e4\u00e4si\u00e4istulet syttyv\u00e4t j\u00e4lleen<br \/>\nlauantaina 15.4. klo 16.00 \u00c4nkil\u00e4n kent\u00e4ll\u00e4<\/p>\n<p style=\"text-align: center\">Ohjelmassa kokonpolton lis\u00e4ksi arvontaa ja mukavaa yhdess\u00e4oloa Buffetista kahvia, mehua ja makkaraa.<\/p>\n<p style=\"text-align: center\"><strong>**********\u00a0<\/strong><strong>\u00a0<\/strong><\/p>\n<p style=\"text-align: center\">Pilkkikilpailu 11.3.2017 klo 12-14 Silamuksella, l\u00e4ht\u00f6 Vennon rannassa<\/p>\n<p style=\"text-align: center\">Suomi 100 \u2013 Kulttuuria kylille -tapahtuma pe 17.2. Alla tapahtuman ohjelma:<br \/>\n<a href=\"https:\/\/kylat.ekarjala.fi\/ankila\/wp-content\/uploads\/sites\/56\/2014\/09\/Suomi-100-kulttuuria-kylille.doc\">Suomi 100 &#8211; kulttuuria kylille<\/a><\/p>\n<p style=\"text-align: center\">________<\/p>\n<p style=\"text-align: center\">\u00a0\u00a0\u00a0\u00a0\u00a0\u00a0\u00a0\u00a0\u00a0\u00a0 <span style=\"color: #0000ff\">SUOMI 100\u00a0 \u2013 Kulttuuria kylille \u2013tapahtuma\u00a0\u00a0\u00a0\u00a0\u00a0\u00a0\u00a0\u00a0\u00a0\u00a0\u00a0\u00a0\u00a0\u00a0\u00a0\u00a0\u00a0\u00a0\u00a0\u00a0\u00a0\u00a0\u00a0 <\/span><\/p>\n<p style=\"text-align: center\"><span style=\"color: #0000ff\"> ONNEA SUOMI!<\/span><br \/>\n<span style=\"color: #0000ff\"> OHJELMALLINEN ILTATUOKIO<\/span><\/p>\n<p style=\"text-align: center\"><span style=\"color: #0000ff\"> perjantaina 17.2.2017 klo 18<\/span><br \/>\n<span style=\"color: #0000ff\"> Simpeleen Nuorisoseurantalolla<\/span><\/p>\n<p style=\"text-align: center\"><span style=\"color: #0000ff\"> Ohjelma:<\/span><br \/>\n<span style=\"color: #0000ff\"> Paljon onnea Suomi!<\/span><br \/>\n<span style=\"color: #0000ff\"> Teuvo R\u00f6nkk\u00f6nen ja Kivel\u00e4n lapset<\/span><br \/>\n<span style=\"color: #0000ff\"> S\u00e4estys Emilia Kivel\u00e4<\/span><\/p>\n<p style=\"text-align: center\"><span style=\"color: #0000ff\"> S\u00e4velmi\u00e4 matkan varrelta<\/span><br \/>\n<span style=\"color: #0000ff\"> Erkki Luumi, laulu ja Pasi Suikkanen, harmonikka<\/span><\/p>\n<p style=\"text-align: center\"><span style=\"color: #0000ff\"> V\u00c4LIAIKA Kahvitarjoilu<\/span><\/p>\n<p style=\"text-align: center\"><span style=\"color: #0000ff\"> Tuntematon sotilas<\/span><br \/>\n<span style=\"color: #0000ff\"> Mika Albertsson ja Ville Kuusisto<\/span><\/p>\n<p style=\"text-align: center\"><span style=\"color: #0000ff\"> Yhteislaulua Kauko K\u00e4yhk\u00f6n unohtumattomien laulujen merkeiss\u00e4.<\/span><\/p>\n<p style=\"text-align: center\"><span style=\"color: #0000ff\"> Illan juontaa Erkki Luumi <\/span><\/p>\n<p style=\"text-align: center\"><span style=\"color: #0000ff\"> P\u00e4\u00e4symaksu 5 \u20ac sis\u00e4lt\u00e4\u00e4 kahvitarjoilun<\/span><\/p>\n<p style=\"text-align: center\"><span style=\"color: #0000ff\">Illan j\u00e4rjest\u00e4\u00e4 \u00c4nkil\u00e4n kyl\u00e4toimikunta <\/span><br \/>\n<span style=\"color: #0000ff\"> Kulttuuria kylille &#8211; kulttuuritoimi tukee tapahtumaa<\/span><\/p>\n<p style=\"text-align: center\"><span style=\"color: #0000ff\">__________________________<\/span><\/p>\n<p style=\"text-align: center\"><span style=\"color: #0000ff\">_________________<\/span><\/p>\n<p>&nbsp;<\/p>\n<p>&nbsp;<\/p>\n<p>&nbsp;<\/p>\n<p>&nbsp;<\/p>\n<p>&nbsp;<\/p>\n<p style=\"text-align: center\">&#8212;&#8212;&#8212;&#8212;&#8212;&#8212;&#8212;&#8212;&#8212;&#8212;&#8212;&#8212;&#8212;&#8212;&#8212;&#8212;&#8212;&#8212;&#8212;&#8212;&#8212;&#8212;&#8212;&#8212;&#8212;&#8212;&#8212;&#8212;&#8212;&#8212;&#8212;&#8212;&#8212;&#8212;&#8212;-<\/p>\n<p><strong>VUOSI 2016<\/strong><\/p>\n<p style=\"text-align: center\"><span style=\"color: #ff0000\">\u00c4nkil\u00e4n kyl\u00e4nkyl\u00e4kokous ja pikkujoulu<\/span><\/p>\n<p style=\"text-align: center\"><span style=\"color: #ff0000\"> Sunnuntaina 27.11.2016 klo 15.00<\/span><br \/>\n<span style=\"color: #ff0000\"> Simpeleen Nuorisoseurantalolla<\/span><br \/>\n<span style=\"color: #ff0000\"> Simpeleentie 36<\/span><\/p>\n<p style=\"text-align: center\"><span style=\"color: #ff0000\">Ohjelmassa kokouksen lis\u00e4ksi<\/span><br \/>\n<span style=\"color: #ff0000\"> joululauluja, <\/span><span style=\"color: #ff0000\">arvontaa ja mukavaa yhdess\u00e4oloa.<\/span><\/p>\n<p style=\"text-align: center\"><span style=\"color: #ff0000\"> Kyl\u00e4toimikunta tarjoaa joulupuuron ja torttukahvit, sek\u00e4 lapsille joulupussin.<\/span><\/p>\n<p style=\"text-align: center\"><a href=\"https:\/\/kylat.ekarjala.fi\/ankila\/wp-content\/uploads\/sites\/56\/2016\/11\/Kyl\u00e4kokous-pikkujoulu-2016.docx\">kylakokous-pikkujoulu-2016<\/a><\/p>\n<p>&nbsp;<\/p>\n<p style=\"text-align: center\">******<\/p>\n<p>Menneet tapahtumat:<\/p>\n<p><strong>\u00c4nkil\u00e4n tavaratori\u00a0<\/strong><strong>pe 15.7 klo 16-18<\/strong> \u00c4nkil\u00e4n kent\u00e4ll\u00e4.<br \/>\nIlmaiset myyntipaikat. Myynti omalta p\u00f6yd\u00e4lt\u00e4, per\u00e4k\u00e4rrist\u00e4 tai takakontista. Puffetista muurinpohjalettuja, kahvia ja makkaraa.<\/p>\n<p><strong>Kes\u00e4retki Kiteelle, lauantaina 30<\/strong><strong>.<\/strong><strong>7<\/strong><strong>.<\/strong><strong>2016<\/strong><\/p>\n<p>T\u00e4ss\u00e4 retken ohjelma: <a href=\"https:\/\/kylat.ekarjala.fi\/ankila\/wp-content\/uploads\/sites\/56\/2014\/09\/Ilmoitus-Kiteen-matkasta.docx\" rel=\"\">Kes\u00e4retki Kiteelle<\/a><\/p>\n<p><strong>Matkan hinta kyl\u00e4l\u00e4isille 55 \u20ac ja ulkopuolisille 65 \u20ac<\/strong><strong>.<\/strong> Hinta sis\u00e4lt\u00e4\u00e4 bussikuljetuksen, vierailut kohteissa, opastukset, aamukahvit ja lounaan.<\/p>\n<p>Ilmoittautumiset Marja Lankiselle p. 040 5740433<\/p>\n<p>Kyl\u00e4l\u00e4isten ja vapaa-ajanasukkaiden <strong>pilkkikisat<\/strong><strong>\u00a0la 12.3.<\/strong> Vennon rannassa Silamusj\u00e4rvell\u00e4. Kilpailuaika klo 12 &#8211; 14 siirtymisineen. Ilmoittautuminen klo 11.30 alkaen. Sarjat miehet, naiset ja lapset (alle 16 v.). Osallistumismaksu 5 \u20ac aikuisilta. Puffetti. Tervetuloa pilkkim\u00e4\u00e4n! J\u00e4\u00e4varaus tietenkin \ud83d\ude09<\/p>\n<hr \/>\n<p><strong>P\u00e4\u00e4si\u00e4istulet, Lautsillan roihut la. 26.3. klo 16 \u00c4nkil\u00e4n kent\u00e4ll\u00e4<\/strong><br \/>\nMyynniss\u00e4 arpoja, kahvia, munkkia, mehua ja makkaraa. Lapsille koira-ajelua, lumivaraus.<\/p>\n<hr \/>\n<p>&nbsp;<\/p>\n<p><strong>VUOSI 2015 <\/strong><\/p>\n<p><strong>Entisten ja nykyisten \u00e4nkil\u00e4l\u00e4isten tapaaminen 17.7.<\/strong><\/p>\n<p>P\u00e4iv\u00e4n ohjelmassa on halukkaille soutua Hiitolan- \/ Kokkolanjoella.<br \/>\nL\u00e4ht\u00f6 Kangaskoskelta, jossa kokoontuminen klo 10.00 Naturopointin parkkipaikalla Kangaskoskentie 220, 56800 Simpele.<br \/>\nSouturetki tehd\u00e4\u00e4n Kangaskoskelta Lahnaselle ja sielt\u00e4 Kojon rantaan, jossa rantautuminen. Jos mahdollista, omat pelastusliivit mukaan.<\/p>\n<p>Varsinaisena tapaamispaikkana on klo 11.00 alkaen Kojon kota, \u00c4nkil\u00e4nsalontie 230.<br \/>\nKodalle toivotetaan tervetulleeksi niin entiset, kuin nykyisetkin \u00e4nkil\u00e4l\u00e4iset, muistelemaan menneit\u00e4 ja kertomaan kuulumisia.<br \/>\nKodalla on tarjolla lohisoppaa + kahvia 10 \u20ac:n hintaan.<br \/>\nIlmoittautumiset sek\u00e4 soutuun, ett\u00e4 ruokailuun 3.7. menness\u00e4 Jarmo Kojolle<br \/>\np. 050 4072650 tai \u00a0<a href=\"mailto:kojo.jarmo@kolumbus.fi\">kojo.jarmo@kolumbus.fi<br \/>\n<\/a><br \/>\nKlo 14 \u2013 16 v\u00e4lill\u00e4 halukkailla on mahdollisuus k\u00e4yd\u00e4 tutustumassa my\u00f6s entiseen \u00a0\u00c4nkil\u00e4n kouluun, nykyiseen Silamuskotiin. \u00a0Silamuskodin johtaja Eeva Siitonen on paikalla opastamassa.<\/p>\n<p><strong>\u00c4nkil\u00e4n tavaratori 17.7.<\/strong> klo 15-17 \u00c4nkil\u00e4n kent\u00e4ll\u00e4. Ilmaiset myyntipaikat. Myynti omalta p\u00f6yd\u00e4lt\u00e4, per\u00e4k\u00e4rrist\u00e4 tai takakontista. Puffetista muurinpohjalettuja, kahvia ja makkaraa.<\/p>\n<p><strong>Kes\u00e4retki 11.7. Puuman Niinisaareen.<\/strong> Matkan hinta 35 \u20ac. Ilmoittautuminen Marja Lankiselle 30.6. menness\u00e4. Puh. 040 5740 433 tai marja.lankinen@pp1.inet.fi.<\/p>\n<p style=\"padding-left: 30px\">Klo\u00a07.15 L\u00e4ht\u00f6 Teboililta<\/p>\n<p style=\"padding-left: 30px\">Klo 9 kahvit Puumalan satamassa, mahdollisuus tutustuaLasiruusun myym\u00e4l\u00e4\u00e4n tai Puumalansalmen siltahissiin<\/p>\n<p style=\"padding-left: 30px\">Klo 10 tutustuminen Puumalan kirkossa Hannu H\u00e4m\u00e4l\u00e4isen moottorisahalla veistettyjen raamattuaiheisten hahmojen n\u00e4yttelyyn<\/p>\n<p style=\"padding-left: 30px\">Klo 11 ja 12 kyl\u00e4sep\u00e4n ty\u00f6n\u00e4yt\u00f6s Hanhiniityn pajalla. Kesto noin\u00a01\u00a0h. Ryhm\u00e4 jaetaan kahteen osaan, jolloin toisella osalla on n\u00e4yt\u00f6ksen aikana\u00a0mahdollisuus tutustua Temolan viinitilaan<\/p>\n<p style=\"padding-left: 30px\">Klo 13.30 Lounas Ravintola Niinipuun noutop\u00f6yd\u00e4st\u00e4<\/p>\n<p style=\"padding-left: 30px\">Klo 14.30 tutustuminen Liehtalanniemen museotilaan opaspehtoorin opastuksella.<\/p>\n<p style=\"padding-left: 30px\">Klo 15.45 tutustuminen Honey Moonin korpigalleriaan. Kes\u00e4n 2015 vierailevana taiteilijana on Panu Hemminki. Galleriassa on esill\u00e4 my\u00f6s taiteilija Paula Lammio-Marttisen omia t\u00f6it\u00e4, maalauksia, keramiikkaa ja taidekortteja.<\/p>\n<p style=\"padding-left: 30px\">Klo 16.30 l\u00e4ht\u00f6 paluumatkalle<\/p>\n<p><strong>P\u00e4\u00e4si\u00e4istulet 4.4. <\/strong>klo 17 \u00c4nkil\u00e4n kent\u00e4ll\u00e4.<\/p>\n<p><strong>Yhteislaulut su 22.3.<\/strong> klo 14 Silamuskodilla. Markku Vehkamaa s\u00e4est\u00e4\u00e4.<\/p>\n<p>Kyl\u00e4l\u00e4isten ja vapaa-ajanasukkaiden <strong>pilkkikisat<\/strong><strong>\u00a0la 14.3.<\/strong> Vennon rannassa. Kilpailuaika klo 12 &#8211; 14 siirtymisineen. Ilmoittautuminen klo 11.30 alkaen. Sarjat miehet, naiset ja lapset (alle 16 v.). Osallistumismaksu 5 \u20ac aikuisilta. Puffetti. Tervetuloa pilkkim\u00e4\u00e4n! J\u00e4\u00e4varaus tietenkin \ud83d\ude09<\/p>\n<p>Joulukuusten keruu la 10.1. klo 11 alkaen.<\/p>\n<p>&nbsp;<\/p>\n<hr \/>\n<p>&nbsp;<\/p>\n<p><strong>VUODEN 2014 TAPAHTUMAT<\/strong><\/p>\n<p><strong>Yhteislaulut su. 19.1. klo 14<\/strong> Silamuskodilla. S\u00e4est\u00e4j\u00e4n\u00e4 Markku Vehkamaa.<\/p>\n<p><strong>Yhteislaulut su. 23.2. klo 14<\/strong> Silamuskodilla. S\u00e4est\u00e4j\u00e4n\u00e4 Markku Vehkamaa.<\/p>\n<p><strong>Pilkkikisat la. 15.3. klo 12-14 ilmoittautumiset klo 11.30 alk.<br \/>\nVennon rannassa (Heikkarintie)<\/strong><br \/>\nOsallistumismaksu: aikuiset 5 \u20ac, alle 16 v ilmainen<br \/>\nKilpailuaika 2 h siirtymisineen.<\/p>\n<p>Kisat peruttu s\u00e4iden vuoksi.<\/p>\n<p><strong>Maaliskuun monkujaiset<\/strong><strong><strong> su 23.3. Kojon kodalla <\/strong><\/strong>(\u00c4nkil\u00e4nsalontie 230) <strong><strong>klo 11-14. <\/strong>L\u00e4ht\u00f6 Naturopointilta klo 11,<\/strong> mutta paikalle voi tulla mist\u00e4 ilmansuunnasta tahansa.<strong><br \/>\n<\/strong><br \/>\nTapahtuma on kaikille avoin kokoperheen liikuntatapahtuma. Kulkutapa vapaa, eli matkaa voi tehd\u00e4 s\u00e4\u00e4st\u00e4 riippuen k\u00e4vellen, hiiht\u00e4en, kelkkaillen tai py\u00f6r\u00e4illen. Kodalla myynniss\u00e4 arpoja, kahvia, munkkia, mehua ja makkaraa.<\/p>\n<p><strong>Yhteislaulut su. 30.3. klo 14<\/strong> <strong>Silamuskodilla.<\/strong> S\u00e4est\u00e4j\u00e4n\u00e4 Markku Vehkamaa.<br \/>\n<strong><br \/>\nP\u00e4\u00e4si\u00e4istulet, Lautsillan roihut la. 19.4. klo 17 \u00c4nkil\u00e4n kent\u00e4ll\u00e4<\/strong><br \/>\nMyynniss\u00e4 arpoja, kahvia, munkkia, mehua ja makkaraa<\/p>\n<p><strong>Risukurssi 26.4. klo 13, <\/strong>\u00c4nkil\u00e4nsalontie 230<br \/>\nTehd\u00e4\u00e4n risulintu ja k\u00f6yn\u00f6stuki.<br \/>\nMukaan mahtuu 15 henkil\u00f6\u00e4. Ohjaajana Anni Kojo.<br \/>\nVaraa mukaan sivuleikkurit, oksasakset ja hanskat.<br \/>\nKurssimaksu 15 \u20ac, sis\u00e4lt\u00e4\u00e4 ohjauksen, materiaalit ja kahvit.<br \/>\nIlmoittautumiset\u00a0p. 050 3862181<\/p>\n<p><strong>Kes\u00e4retki Rantasalmelle la. 26.7.<\/strong><br \/>\nRetken ohjelma:<br \/>\nL\u00e4ht\u00f6 \u00c4nkil\u00e4n Teboililta klo 7.30<br \/>\nKlo 9.30 Tutustuminen Lintukoto -puutarhaan. Palkitussa puutarhassa el\u00e4v\u00e4t sulassa sovussa talonpoikainen kierr\u00e4tysmateriaali ja n\u00e4ytt\u00e4v\u00e4t perennaistutukset, kes\u00e4kukkien loisto, ryytimaa ja satavuotias kes\u00e4keitti\u00f6. Nautimme kes\u00e4p\u00e4iv\u00e4st\u00e4 em\u00e4nn\u00e4n maukkaiden muurinpohjalettujen ja kahvin kera.<br \/>\nKlo 11.15 Hakoapajan Aikhituvat, hakorakentaja Esa Heiskasen el\u00e4m\u00e4nty\u00f6n l\u00e4hteelle, tuhatvuotisten kelotukkien ja Porosalmen k\u00e4kkyr\u00e4metsien keskelle. Opastettu tutustuminen paikkaan.<br \/>\nKlo 13.00 Piian Pitop\u00f6yt\u00e4 Keskiaikaisessa ravintolassa, Lomakeskus J\u00e4rvisyd\u00e4mess\u00e4.<br \/>\nKlo 14.30 Vierailu Pentti Ik\u00e4heimosen Ateljeehen, jossa esill\u00e4 kultakauden taidetta ja nostalgisia maalauksia.<br \/>\nKlo 15.30 Vierailu Vanhaan Pappilaan ja sukellus Rantasalmen<br \/>\nkartanoel\u00e4m\u00e4\u00e4n. Kartanoa esittelem\u00e4ss\u00e4 is\u00e4nt\u00e4v\u00e4ki Jorma ja Maarit Kaimio.<br \/>\nKlo 17.00 L\u00e4ht\u00f6 kotimatkalle!<br \/>\nMatkan hinta 60 \u20ac\/hl\u00f6, sis\u00e4lt\u00e4en matkan, vierailut ja opastukset kohteissa, aamukahvin ja lounaan.<br \/>\nIlmoittautumiset Marja Lankiselle p. 040 5740433 tai marja.lankinen@pp1.inet.fi<\/p>\n<p><strong>\u00c4nkil\u00e4n tavaratori pe 18.7. klo 16 &#8211; 18<\/strong> <strong>\u00c4nkil\u00e4n kent\u00e4ll\u00e4<\/strong><br \/>\nKaikille avoin kirpputori, jossa myyntipaikat ilmaisia.<br \/>\nKyl\u00e4toimikunta pit\u00e4\u00e4 paikalla puffettia, josta saatavilla muurinpohjalettuja, makkaraa ja kahvia.<\/p>\n<p><strong>Onkikilpailut Silamusjoella to 7.8.<\/strong><br \/>\nIlmoittautumiset 16.30 Maija Joron pihassa. Kalastusaika<br \/>\nklo 17-19. Punnitus klo 19.<\/p>\n<p><strong>Isovanhempien ja lastenlasten p\u00e4iv\u00e4 to 25.9. klo 14.30.\u00a0Kojon kodalla\u00a0<\/strong>Tutustutaan vanhoihin esineisiin, joista isovanhemmat voisivat kertoa lapsille. Kyl\u00e4toimikunta pit\u00e4\u00e4\u00a0puffettia, jossa tarjolla lettuja, makkaraa, mehua, kahvia ja pullaa.<\/p>\n<p><strong>Valaistupolku ti 20.10 klo 18.30.<br \/>\n<\/strong>Luontopolku kierret\u00e4\u00e4n pime\u00e4ss\u00e4 lampun\/lyhdyn valossa. Ota mukaan oma lamppu\/lyhty. Kierroksen j\u00e4lkeen mahdollisuus makkaranpaistoon nuotiolla.<\/p>\n<p><strong>Yhteislaulut su 23.11. klo 14 Silamuskodilla.<\/strong><br \/>\nMarkku Vehkamaa s\u00e4est\u00e4\u00e4.<\/p>\n<p><strong>Kyl\u00e4kokous\/pikkujoulu su 30.11. klo 15\u00a0<\/strong><strong>Naturopointilla<\/strong>, <strong>Kangaskoskentie 200<br \/>\n<\/strong>Yhdess\u00e4oloa joululaulujen merkeiss\u00e4.\u00a0<strong><br \/>\n<\/strong>Puuro- ja kahvitarjoilu, lapsille joulupussit, arpajaiset.<br \/>\nTervetuloa!<\/p>\n<p><strong>Kauneimmat joululaulut keskiviikkona 17.12. klo 15 Silamuskodilla.<\/strong> \u00c4nkil\u00e4n kyl\u00e4l\u00e4iset tervetulleita<\/p>\n","protected":false},"excerpt":{"rendered":"<p>&nbsp; VUOSI 2019 &nbsp; Perinteiset pilkkikisat 16.3 P\u00e4\u00e4si\u00e4iskokko\u00a0 20.4.2019 &nbsp; &nbsp; &nbsp; &nbsp; Menneet tapahtumat: VUOSI 2018 \u00c4nkil\u00e4n tavaratori\u00a0pe 13.7 klo 17-19 \u00a0\u00c4nkil\u00e4n kent\u00e4ll\u00e4. Ilmaiset myyntipaikat. Myynti omalta p\u00f6yd\u00e4lt\u00e4, per\u00e4k\u00e4rrist\u00e4 tai takakontista. Puffetista muurinpohjalettuja, kahvia ja makkaraa. Kes\u00e4retki Valamoon la &hellip; <a href=\"https:\/\/kylat.ekarjala.fi\/ankila\/tapahtumat\/\">Lue loppuun <span class=\"meta-nav\">&rarr;<\/span><\/a><\/p>\n","protected":false},"author":153,"featured_media":0,"parent":0,"menu_order":0,"comment_status":"closed","ping_status":"closed","template":"","meta":{"footnotes":""},"class_list":["post-105","page","type-page","status-publish","hentry"],"_links":{"self":[{"href":"https:\/\/kylat.ekarjala.fi\/ankila\/wp-json\/wp\/v2\/pages\/105","targetHints":{"allow":["GET"]}}],"collection":[{"href":"https:\/\/kylat.ekarjala.fi\/ankila\/wp-json\/wp\/v2\/pages"}],"about":[{"href":"https:\/\/kylat.ekarjala.fi\/ankila\/wp-json\/wp\/v2\/types\/page"}],"author":[{"embeddable":true,"href":"https:\/\/kylat.ekarjala.fi\/ankila\/wp-json\/wp\/v2\/users\/153"}],"replies":[{"embeddable":true,"href":"https:\/\/kylat.ekarjala.fi\/ankila\/wp-json\/wp\/v2\/comments?post=105"}],"version-history":[{"count":39,"href":"https:\/\/kylat.ekarjala.fi\/ankila\/wp-json\/wp\/v2\/pages\/105\/revisions"}],"predecessor-version":[{"id":278,"href":"https:\/\/kylat.ekarjala.fi\/ankila\/wp-json\/wp\/v2\/pages\/105\/revisions\/278"}],"wp:attachment":[{"href":"https:\/\/kylat.ekarjala.fi\/ankila\/wp-json\/wp\/v2\/media?parent=105"}],"curies":[{"name":"wp","href":"https:\/\/api.w.org\/{rel}","templated":true}]}}