{"id":1240,"date":"2013-08-01T18:13:48","date_gmt":"2013-08-01T18:13:48","guid":{"rendered":"https:\/\/kylat.ekarjala.fi\/haapajarvi\/?page_id=1240"},"modified":"2021-04-19T09:58:39","modified_gmt":"2021-04-19T09:58:39","slug":"elokuu-2013","status":"publish","type":"page","link":"https:\/\/kylat.ekarjala.fi\/haapajarvi\/harrastukset\/kuukauden-kasityo-2\/elokuu-2013\/","title":{"rendered":"Elokuu 2013"},"content":{"rendered":"<p>Kierr\u00e4tys ja tuunaus on&nbsp;nyt muodikasta ja se on my\u00f6s vallan mainio&nbsp;asia.<br \/>\nPipa on loihtinut mm. juomat\u00f6lkkien nipsuista, kahvipusseista ja vanhoista farkuista jos vaikka mit\u00e4 itselle ja l\u00e4heisille. Kaikenlaista uutta pit\u00e4\u00e4 kokeilla ja kokeiluversioitahan ne on n\u00e4m\u00e4kin ty\u00f6t&#8230;&nbsp;Ja uutta ideaa pukkaa kokoajan.<br \/>\nNipsulaukkuja on l\u00e4htenyt Haapaj\u00e4rvelt\u00e4 pitkin Suomen maata. Hyv\u00e4 Pipa!!<\/p>\n<p>Klikkaa kuvaa, niin se aukeaa isompana.<\/p>\n<p><a href=\"https:\/\/kylat.ekarjala.fi\/haapajarvi\/wp-content\/uploads\/sites\/42\/2013\/08\/pipan-k\u00e4sity\u00f6t-046a-Small1.jpg\"><img loading=\"lazy\" decoding=\"async\" class=\"alignnone size-full wp-image-1282\" alt=\"pipan k\u00e4sity\u00f6t 046a (Small)\" src=\"https:\/\/kylat.ekarjala.fi\/haapajarvi\/wp-content\/uploads\/sites\/42\/2013\/08\/pipan-k\u00e4sity\u00f6t-046a-Small1.jpg\" width=\"480\" height=\"720\"><\/a><\/p>\n<p><a href=\"https:\/\/kylat.ekarjala.fi\/haapajarvi\/wp-content\/uploads\/sites\/42\/2013\/08\/pipan-k\u00e4sity\u00f6t-047a-Small1.jpg\"><img loading=\"lazy\" decoding=\"async\" class=\"alignnone size-medium wp-image-1283\" alt=\"pipan k\u00e4sity\u00f6t 047a (Small)\" src=\"https:\/\/kylat.ekarjala.fi\/haapajarvi\/wp-content\/uploads\/sites\/42\/2013\/08\/pipan-k\u00e4sity\u00f6t-047a-Small1.jpg\" width=\"300\" height=\"200\"><\/a> <a href=\"https:\/\/kylat.ekarjala.fi\/haapajarvi\/wp-content\/uploads\/sites\/42\/2013\/08\/pipan-k\u00e4sity\u00f6t-051a-Small1.jpg\"><img loading=\"lazy\" decoding=\"async\" class=\"alignnone size-medium wp-image-1284\" alt=\"pipan k\u00e4sity\u00f6t 051a (Small)\" src=\"https:\/\/kylat.ekarjala.fi\/haapajarvi\/wp-content\/uploads\/sites\/42\/2013\/08\/pipan-k\u00e4sity\u00f6t-051a-Small1.jpg\" width=\"200\" height=\"300\"><\/a> <a href=\"https:\/\/kylat.ekarjala.fi\/haapajarvi\/wp-content\/uploads\/sites\/42\/2013\/08\/pipan-k\u00e4sity\u00f6t-055a-Small1.jpg\"><img loading=\"lazy\" decoding=\"async\" class=\"alignnone size-medium wp-image-1285\" alt=\"pipan k\u00e4sity\u00f6t 055a (Small)\" src=\"https:\/\/kylat.ekarjala.fi\/haapajarvi\/wp-content\/uploads\/sites\/42\/2013\/08\/pipan-k\u00e4sity\u00f6t-055a-Small1.jpg\" width=\"300\" height=\"200\"><\/a> <a href=\"https:\/\/kylat.ekarjala.fi\/haapajarvi\/wp-content\/uploads\/sites\/42\/2013\/08\/pipan-k\u00e4sity\u00f6t-056a-Small1.jpg\"><img loading=\"lazy\" decoding=\"async\" class=\"alignnone size-medium wp-image-1286\" alt=\"pipan k\u00e4sity\u00f6t 056a (Small)\" src=\"https:\/\/kylat.ekarjala.fi\/haapajarvi\/wp-content\/uploads\/sites\/42\/2013\/08\/pipan-k\u00e4sity\u00f6t-056a-Small1.jpg\" width=\"300\" height=\"200\"><\/a> <a href=\"https:\/\/kylat.ekarjala.fi\/haapajarvi\/wp-content\/uploads\/sites\/42\/2013\/08\/pipan-k\u00e4sity\u00f6t-057a-Small1.jpg\"><img loading=\"lazy\" decoding=\"async\" class=\"alignnone size-medium wp-image-1287\" alt=\"pipan k\u00e4sity\u00f6t 057a (Small)\" src=\"https:\/\/kylat.ekarjala.fi\/haapajarvi\/wp-content\/uploads\/sites\/42\/2013\/08\/pipan-k\u00e4sity\u00f6t-057a-Small1.jpg\" width=\"300\" height=\"200\"><\/a>&nbsp; <a href=\"https:\/\/kylat.ekarjala.fi\/haapajarvi\/wp-content\/uploads\/sites\/42\/2013\/08\/pipan-k\u00e4sity\u00f6t-059a-Small1.jpg\"><img loading=\"lazy\" decoding=\"async\" class=\"alignnone size-medium wp-image-1289\" alt=\"pipan k\u00e4sity\u00f6t 059a (Small)\" src=\"https:\/\/kylat.ekarjala.fi\/haapajarvi\/wp-content\/uploads\/sites\/42\/2013\/08\/pipan-k\u00e4sity\u00f6t-059a-Small1.jpg\" width=\"300\" height=\"200\"><\/a> <a href=\"https:\/\/kylat.ekarjala.fi\/haapajarvi\/wp-content\/uploads\/sites\/42\/2013\/08\/pipan-k\u00e4sity\u00f6t-063a-Small1.jpg\"><img loading=\"lazy\" decoding=\"async\" class=\"alignnone size-medium wp-image-1290\" alt=\"pipan k\u00e4sity\u00f6t 063a (Small)\" src=\"https:\/\/kylat.ekarjala.fi\/haapajarvi\/wp-content\/uploads\/sites\/42\/2013\/08\/pipan-k\u00e4sity\u00f6t-063a-Small1.jpg\" width=\"200\" height=\"300\"><\/a> <a href=\"https:\/\/kylat.ekarjala.fi\/haapajarvi\/wp-content\/uploads\/sites\/42\/2013\/08\/pipan-k\u00e4sity\u00f6t-066a-Small1.jpg\"><img loading=\"lazy\" decoding=\"async\" class=\"alignnone size-medium wp-image-1291\" alt=\"pipan k\u00e4sity\u00f6t 066a (Small)\" src=\"https:\/\/kylat.ekarjala.fi\/haapajarvi\/wp-content\/uploads\/sites\/42\/2013\/08\/pipan-k\u00e4sity\u00f6t-066a-Small1.jpg\" width=\"200\" height=\"300\"><\/a><\/p>\n<p>&nbsp;<\/p>\n<p><a href=\"https:\/\/kylat.ekarjala.fi\/haapajarvi\/wp-content\/uploads\/sites\/42\/2013\/08\/pipan-k\u00e4sity\u00f6t-067a-Small-Mobile.jpg\"><img loading=\"lazy\" decoding=\"async\" class=\"alignnone size-full wp-image-1301\" alt=\"pipan k\u00e4sity\u00f6t 067a (Small) (Mobile)\" src=\"https:\/\/kylat.ekarjala.fi\/haapajarvi\/wp-content\/uploads\/sites\/42\/2013\/08\/pipan-k\u00e4sity\u00f6t-067a-Small-Mobile.jpg\" width=\"480\" height=\"320\"><\/a><\/p>\n<p><a href=\"https:\/\/kylat.ekarjala.fi\/haapajarvi\/wp-content\/uploads\/sites\/42\/2013\/08\/pipan-k\u00e4sity\u00f6t-069a-Small.jpg\"><img loading=\"lazy\" decoding=\"async\" class=\"alignnone size-medium wp-image-1256\" alt=\"pipan k\u00e4sity\u00f6t 069a (Small)\" src=\"https:\/\/kylat.ekarjala.fi\/haapajarvi\/wp-content\/uploads\/sites\/42\/2013\/08\/pipan-k\u00e4sity\u00f6t-069a-Small.jpg\" width=\"300\" height=\"200\"><\/a> <a href=\"https:\/\/kylat.ekarjala.fi\/haapajarvi\/wp-content\/uploads\/sites\/42\/2013\/08\/pipan-k\u00e4sity\u00f6t-070a-Small.jpg\"><img loading=\"lazy\" decoding=\"async\" class=\"alignnone size-medium wp-image-1257\" alt=\"pipan k\u00e4sity\u00f6t 070a (Small)\" src=\"https:\/\/kylat.ekarjala.fi\/haapajarvi\/wp-content\/uploads\/sites\/42\/2013\/08\/pipan-k\u00e4sity\u00f6t-070a-Small.jpg\" width=\"300\" height=\"200\"><\/a> <a href=\"https:\/\/kylat.ekarjala.fi\/haapajarvi\/wp-content\/uploads\/sites\/42\/2013\/08\/pipan-k\u00e4sity\u00f6t-075-Small.jpg\"><img loading=\"lazy\" decoding=\"async\" class=\"alignnone size-medium wp-image-1258\" alt=\"pipan k\u00e4sity\u00f6t 075 (Small)\" src=\"https:\/\/kylat.ekarjala.fi\/haapajarvi\/wp-content\/uploads\/sites\/42\/2013\/08\/pipan-k\u00e4sity\u00f6t-075-Small.jpg\" width=\"300\" height=\"200\"><\/a> <a href=\"https:\/\/kylat.ekarjala.fi\/haapajarvi\/wp-content\/uploads\/sites\/42\/2013\/08\/pipan-k\u00e4sity\u00f6t-076a-Small.jpg\"><img loading=\"lazy\" decoding=\"async\" class=\"alignnone size-medium wp-image-1259\" alt=\"pipan k\u00e4sity\u00f6t 076a (Small)\" src=\"https:\/\/kylat.ekarjala.fi\/haapajarvi\/wp-content\/uploads\/sites\/42\/2013\/08\/pipan-k\u00e4sity\u00f6t-076a-Small.jpg\" width=\"200\" height=\"300\"><\/a> <a href=\"https:\/\/kylat.ekarjala.fi\/haapajarvi\/wp-content\/uploads\/sites\/42\/2013\/08\/pipan-k\u00e4sity\u00f6t-078-Small.jpg\"><img loading=\"lazy\" decoding=\"async\" class=\"alignnone size-medium wp-image-1260\" alt=\"pipan k\u00e4sity\u00f6t 078 (Small)\" src=\"https:\/\/kylat.ekarjala.fi\/haapajarvi\/wp-content\/uploads\/sites\/42\/2013\/08\/pipan-k\u00e4sity\u00f6t-078-Small.jpg\" width=\"200\" height=\"300\"><\/a> <a href=\"https:\/\/kylat.ekarjala.fi\/haapajarvi\/wp-content\/uploads\/sites\/42\/2013\/08\/pipan-k\u00e4sity\u00f6t-081a-Small.jpg\"><img loading=\"lazy\" decoding=\"async\" class=\"alignnone size-medium wp-image-1261\" alt=\"pipan k\u00e4sity\u00f6t 081a (Small)\" src=\"https:\/\/kylat.ekarjala.fi\/haapajarvi\/wp-content\/uploads\/sites\/42\/2013\/08\/pipan-k\u00e4sity\u00f6t-081a-Small.jpg\" width=\"300\" height=\"200\"><\/a> <a href=\"https:\/\/kylat.ekarjala.fi\/haapajarvi\/wp-content\/uploads\/sites\/42\/2013\/08\/pipan-k\u00e4sity\u00f6t-084a-Small.jpg\"><img loading=\"lazy\" decoding=\"async\" class=\"alignnone size-medium wp-image-1262\" alt=\"pipan k\u00e4sity\u00f6t 084a (Small)\" src=\"https:\/\/kylat.ekarjala.fi\/haapajarvi\/wp-content\/uploads\/sites\/42\/2013\/08\/pipan-k\u00e4sity\u00f6t-084a-Small.jpg\" width=\"300\" height=\"200\"><\/a> <a href=\"https:\/\/kylat.ekarjala.fi\/haapajarvi\/wp-content\/uploads\/sites\/42\/2013\/08\/pipan-k\u00e4sity\u00f6t-086-Small.jpg\"><img loading=\"lazy\" decoding=\"async\" class=\"alignnone size-medium wp-image-1263\" alt=\"pipan k\u00e4sity\u00f6t 086 (Small)\" src=\"https:\/\/kylat.ekarjala.fi\/haapajarvi\/wp-content\/uploads\/sites\/42\/2013\/08\/pipan-k\u00e4sity\u00f6t-086-Small.jpg\" width=\"300\" height=\"200\"><\/a> <a href=\"https:\/\/kylat.ekarjala.fi\/haapajarvi\/wp-content\/uploads\/sites\/42\/2013\/08\/pipan-k\u00e4sity\u00f6t-091-Small.jpg\"><img loading=\"lazy\" decoding=\"async\" class=\"alignnone size-medium wp-image-1264\" alt=\"pipan k\u00e4sity\u00f6t 091 (Small)\" src=\"https:\/\/kylat.ekarjala.fi\/haapajarvi\/wp-content\/uploads\/sites\/42\/2013\/08\/pipan-k\u00e4sity\u00f6t-091-Small.jpg\" width=\"300\" height=\"200\"><\/a> <a href=\"https:\/\/kylat.ekarjala.fi\/haapajarvi\/wp-content\/uploads\/sites\/42\/2013\/08\/pipan-k\u00e4sity\u00f6t-092a-Small.jpg\"><img loading=\"lazy\" decoding=\"async\" class=\"alignnone size-medium wp-image-1265\" alt=\"pipan k\u00e4sity\u00f6t 092a (Small)\" src=\"https:\/\/kylat.ekarjala.fi\/haapajarvi\/wp-content\/uploads\/sites\/42\/2013\/08\/pipan-k\u00e4sity\u00f6t-092a-Small.jpg\" width=\"300\" height=\"200\"><\/a> <a href=\"https:\/\/kylat.ekarjala.fi\/haapajarvi\/wp-content\/uploads\/sites\/42\/2013\/08\/pipan-k\u00e4sity\u00f6t-095aa-Small.jpg\"><img loading=\"lazy\" decoding=\"async\" class=\"alignnone size-medium wp-image-1266\" alt=\"pipan k\u00e4sity\u00f6t 095aa (Small)\" src=\"https:\/\/kylat.ekarjala.fi\/haapajarvi\/wp-content\/uploads\/sites\/42\/2013\/08\/pipan-k\u00e4sity\u00f6t-095aa-Small.jpg\" width=\"300\" height=\"200\"><\/a> <a href=\"https:\/\/kylat.ekarjala.fi\/haapajarvi\/wp-content\/uploads\/sites\/42\/2013\/08\/pipan-k\u00e4sity\u00f6t-098a-Small.jpg\"><img loading=\"lazy\" decoding=\"async\" class=\"alignnone size-medium wp-image-1267\" alt=\"pipan k\u00e4sity\u00f6t 098a (Small)\" src=\"https:\/\/kylat.ekarjala.fi\/haapajarvi\/wp-content\/uploads\/sites\/42\/2013\/08\/pipan-k\u00e4sity\u00f6t-098a-Small.jpg\" width=\"300\" height=\"200\"><\/a> <a href=\"https:\/\/kylat.ekarjala.fi\/haapajarvi\/wp-content\/uploads\/sites\/42\/2013\/08\/pipan-k\u00e4sity\u00f6t-101a-Small.jpg\"><img loading=\"lazy\" decoding=\"async\" class=\"alignnone size-medium wp-image-1268\" alt=\"pipan k\u00e4sity\u00f6t 101a (Small)\" src=\"https:\/\/kylat.ekarjala.fi\/haapajarvi\/wp-content\/uploads\/sites\/42\/2013\/08\/pipan-k\u00e4sity\u00f6t-101a-Small.jpg\" width=\"300\" height=\"200\"><\/a> <a href=\"https:\/\/kylat.ekarjala.fi\/haapajarvi\/wp-content\/uploads\/sites\/42\/2013\/08\/pipan-k\u00e4sity\u00f6t-103a-Small.jpg\"><img loading=\"lazy\" decoding=\"async\" class=\"alignnone size-medium wp-image-1269\" alt=\"pipan k\u00e4sity\u00f6t 103a (Small)\" src=\"https:\/\/kylat.ekarjala.fi\/haapajarvi\/wp-content\/uploads\/sites\/42\/2013\/08\/pipan-k\u00e4sity\u00f6t-103a-Small.jpg\" width=\"300\" height=\"200\"><\/a> <a href=\"https:\/\/kylat.ekarjala.fi\/haapajarvi\/wp-content\/uploads\/sites\/42\/2013\/08\/pipan-k\u00e4sity\u00f6t-109-Small.jpg\"><img loading=\"lazy\" decoding=\"async\" class=\"alignnone size-medium wp-image-1270\" alt=\"pipan k\u00e4sity\u00f6t 109 (Small)\" src=\"https:\/\/kylat.ekarjala.fi\/haapajarvi\/wp-content\/uploads\/sites\/42\/2013\/08\/pipan-k\u00e4sity\u00f6t-109-Small.jpg\" width=\"200\" height=\"300\"><\/a> <a href=\"https:\/\/kylat.ekarjala.fi\/haapajarvi\/wp-content\/uploads\/sites\/42\/2013\/08\/pipan-k\u00e4sity\u00f6t-112-Small.jpg\"><img loading=\"lazy\" decoding=\"async\" class=\"alignnone size-medium wp-image-1271\" alt=\"pipan k\u00e4sity\u00f6t 112 (Small)\" src=\"https:\/\/kylat.ekarjala.fi\/haapajarvi\/wp-content\/uploads\/sites\/42\/2013\/08\/pipan-k\u00e4sity\u00f6t-112-Small.jpg\" width=\"300\" height=\"200\"><\/a> <a href=\"https:\/\/kylat.ekarjala.fi\/haapajarvi\/wp-content\/uploads\/sites\/42\/2013\/08\/pipan-k\u00e4sity\u00f6t-115a-Small.jpg\"><img loading=\"lazy\" decoding=\"async\" class=\"alignnone size-medium wp-image-1272\" alt=\"pipan k\u00e4sity\u00f6t 115a (Small)\" src=\"https:\/\/kylat.ekarjala.fi\/haapajarvi\/wp-content\/uploads\/sites\/42\/2013\/08\/pipan-k\u00e4sity\u00f6t-115a-Small.jpg\" width=\"200\" height=\"300\"><\/a> <a href=\"https:\/\/kylat.ekarjala.fi\/haapajarvi\/wp-content\/uploads\/sites\/42\/2013\/08\/pipan-k\u00e4sity\u00f6t-124a-Small.jpg\"><img loading=\"lazy\" decoding=\"async\" class=\"alignnone size-medium wp-image-1273\" alt=\"pipan k\u00e4sity\u00f6t 124a (Small)\" src=\"https:\/\/kylat.ekarjala.fi\/haapajarvi\/wp-content\/uploads\/sites\/42\/2013\/08\/pipan-k\u00e4sity\u00f6t-124a-Small.jpg\" width=\"300\" height=\"200\"><\/a> <a href=\"https:\/\/kylat.ekarjala.fi\/haapajarvi\/wp-content\/uploads\/sites\/42\/2013\/08\/pipan-k\u00e4sity\u00f6t-130-Small.jpg\"><img loading=\"lazy\" decoding=\"async\" class=\"alignnone size-medium wp-image-1274\" alt=\"pipan k\u00e4sity\u00f6t 130 (Small)\" src=\"https:\/\/kylat.ekarjala.fi\/haapajarvi\/wp-content\/uploads\/sites\/42\/2013\/08\/pipan-k\u00e4sity\u00f6t-130-Small.jpg\" width=\"200\" height=\"300\"><\/a> <a href=\"https:\/\/kylat.ekarjala.fi\/haapajarvi\/wp-content\/uploads\/sites\/42\/2013\/08\/pipan-k\u00e4sity\u00f6t-132-Small.jpg\"><img loading=\"lazy\" decoding=\"async\" class=\"alignnone size-medium wp-image-1275\" alt=\"pipan k\u00e4sity\u00f6t 132 (Small)\" src=\"https:\/\/kylat.ekarjala.fi\/haapajarvi\/wp-content\/uploads\/sites\/42\/2013\/08\/pipan-k\u00e4sity\u00f6t-132-Small.jpg\" width=\"200\" height=\"300\"><\/a> <a href=\"https:\/\/kylat.ekarjala.fi\/haapajarvi\/wp-content\/uploads\/sites\/42\/2013\/08\/pipan-k\u00e4sity\u00f6t-135-Small.jpg\"><img loading=\"lazy\" decoding=\"async\" class=\"alignnone size-medium wp-image-1276\" alt=\"pipan k\u00e4sity\u00f6t 135 (Small)\" src=\"https:\/\/kylat.ekarjala.fi\/haapajarvi\/wp-content\/uploads\/sites\/42\/2013\/08\/pipan-k\u00e4sity\u00f6t-135-Small.jpg\" width=\"200\" height=\"300\"><\/a><\/p>\n","protected":false},"excerpt":{"rendered":"<p>Kierr\u00e4tys ja tuunaus on&nbsp;nyt muodikasta ja se on my\u00f6s vallan mainio&nbsp;asia. Pipa on loihtinut mm. juomat\u00f6lkkien nipsuista, kahvipusseista ja vanhoista farkuista jos vaikka mit\u00e4 itselle ja l\u00e4heisille. Kaikenlaista uutta pit\u00e4\u00e4 kokeilla ja kokeiluversioitahan ne on n\u00e4m\u00e4kin ty\u00f6t&#8230;&nbsp;Ja uutta ideaa pukkaa &hellip; <a href=\"https:\/\/kylat.ekarjala.fi\/haapajarvi\/harrastukset\/kuukauden-kasityo-2\/elokuu-2013\/\">Lue loppuun <span class=\"meta-nav\">&rarr;<\/span><\/a><\/p>\n","protected":false},"author":103,"featured_media":0,"parent":957,"menu_order":6,"comment_status":"closed","ping_status":"closed","template":"sidebar-page.php","meta":{"footnotes":""},"class_list":["post-1240","page","type-page","status-publish","hentry"],"_links":{"self":[{"href":"https:\/\/kylat.ekarjala.fi\/haapajarvi\/wp-json\/wp\/v2\/pages\/1240","targetHints":{"allow":["GET"]}}],"collection":[{"href":"https:\/\/kylat.ekarjala.fi\/haapajarvi\/wp-json\/wp\/v2\/pages"}],"about":[{"href":"https:\/\/kylat.ekarjala.fi\/haapajarvi\/wp-json\/wp\/v2\/types\/page"}],"author":[{"embeddable":true,"href":"https:\/\/kylat.ekarjala.fi\/haapajarvi\/wp-json\/wp\/v2\/users\/103"}],"replies":[{"embeddable":true,"href":"https:\/\/kylat.ekarjala.fi\/haapajarvi\/wp-json\/wp\/v2\/comments?post=1240"}],"version-history":[{"count":19,"href":"https:\/\/kylat.ekarjala.fi\/haapajarvi\/wp-json\/wp\/v2\/pages\/1240\/revisions"}],"predecessor-version":[{"id":2970,"href":"https:\/\/kylat.ekarjala.fi\/haapajarvi\/wp-json\/wp\/v2\/pages\/1240\/revisions\/2970"}],"up":[{"embeddable":true,"href":"https:\/\/kylat.ekarjala.fi\/haapajarvi\/wp-json\/wp\/v2\/pages\/957"}],"wp:attachment":[{"href":"https:\/\/kylat.ekarjala.fi\/haapajarvi\/wp-json\/wp\/v2\/media?parent=1240"}],"curies":[{"name":"wp","href":"https:\/\/api.w.org\/{rel}","templated":true}]}}