{"id":32,"date":"2012-01-27T19:34:37","date_gmt":"2012-01-27T19:34:37","guid":{"rendered":"https:\/\/kylat.ekarjala.fi\/haapajarvi\/?page_id=32"},"modified":"2021-04-19T09:59:34","modified_gmt":"2021-04-19T09:59:34","slug":"kylatalo","status":"publish","type":"page","link":"https:\/\/kylat.ekarjala.fi\/haapajarvi\/kylatalo\/","title":{"rendered":"Kyl\u00e4talo"},"content":{"rendered":"<p>Haapaj\u00e4rven kyl\u00e4talo, Vainikkalantie 765, 54270 Vainikkala<\/p>\n<p style=\"text-align: left\"><a href=\"https:\/\/kylat.ekarjala.fi\/haapajarvi\/wp-content\/uploads\/sites\/42\/2012\/01\/kylatalo1.jpg\"><img loading=\"lazy\" decoding=\"async\" class=\"size-full wp-image-74 aligncenter\" src=\"https:\/\/kylat.ekarjala.fi\/haapajarvi\/wp-content\/uploads\/sites\/42\/2012\/01\/kylatalo1.jpg\" alt=\"\" width=\"400\" height=\"300\"><\/a>Entinen Haapaj\u00e4rven koulu. Koululla on 2 luokkaa, keitti\u00f6 ja yl\u00e4kerrassa jumppasali.<br \/>\nPinta-ala on yhteens\u00e4 100 m<sup>2<\/sup>.<br \/>\nPenkkej\u00e4 ja p\u00f6yti\u00e4 l\u00f6ytyy reilusti. Kokoustilat n. 100 henkil\u00f6lle.<br \/>\nTalolla on sis\u00e4vessat.<br \/>\nL\u00f6ytyy my\u00f6s suihkut. Kes\u00e4ll\u00e4 k\u00e4yt\u00f6ss\u00e4 maauimala pihapiiriss\u00e4. Talvella j\u00e4\u00e4kiekkokaukalo.<br \/>\n4&#215;6 m kokoinen pihateltta on my\u00f6s vuokrattavissa tapahtumiin<\/p>\n<p style=\"text-align: left\"><a href=\"https:\/\/kylat.ekarjala.fi\/haapajarvi\/wp-content\/uploads\/sites\/42\/2012\/01\/lokakuu2015-3905a.jpg\"><img loading=\"lazy\" decoding=\"async\" class=\"alignleft size-medium wp-image-2285\" src=\"https:\/\/kylat.ekarjala.fi\/haapajarvi\/wp-content\/uploads\/sites\/42\/2012\/01\/lokakuu2015-3905a-300x200.jpg\" alt=\"lokakuu2015-3905a\" width=\"300\" height=\"200\"><\/a><\/p>\n<p style=\"text-align: center\"><a href=\"https:\/\/kylat.ekarjala.fi\/haapajarvi\/wp-content\/uploads\/sites\/42\/2012\/01\/147a_pieni.jpg\">&nbsp;<\/a><\/p>\n<p>&nbsp;<\/p>\n<p><a href=\"https:\/\/kylat.ekarjala.fi\/haapajarvi\/wp-content\/uploads\/sites\/42\/2012\/01\/151a_pieni1.jpg\"><img loading=\"lazy\" decoding=\"async\" class=\"alignright size-full wp-image-66\" src=\"https:\/\/kylat.ekarjala.fi\/haapajarvi\/wp-content\/uploads\/sites\/42\/2012\/01\/151a_pieni1.jpg\" alt=\"\" width=\"300\" height=\"200\"><\/a><a href=\"https:\/\/kylat.ekarjala.fi\/haapajarvi\/wp-content\/uploads\/sites\/42\/2012\/01\/157a_pieni2.jpg\"><img loading=\"lazy\" decoding=\"async\" class=\"alignleft size-full wp-image-67\" src=\"https:\/\/kylat.ekarjala.fi\/haapajarvi\/wp-content\/uploads\/sites\/42\/2012\/01\/157a_pieni2.jpg\" alt=\"\" width=\"200\" height=\"133\"><\/a><\/p>\n<p><a href=\"https:\/\/kylat.ekarjala.fi\/haapajarvi\/wp-content\/uploads\/sites\/42\/2012\/01\/171a_pieni2.jpg\"><img loading=\"lazy\" decoding=\"async\" class=\"alignleft size-full wp-image-68\" src=\"https:\/\/kylat.ekarjala.fi\/haapajarvi\/wp-content\/uploads\/sites\/42\/2012\/01\/171a_pieni2.jpg\" alt=\"\" width=\"200\" height=\"133\"><\/a><\/p>\n<p>&nbsp;<\/p>\n<p>&nbsp;<\/p>\n<p>&nbsp;<\/p>\n<p>&nbsp;<\/p>\n<p>&nbsp;<\/p>\n<p>&nbsp;<\/p>\n<p>&nbsp;<\/p>\n<p>&nbsp;<\/p>\n<p><strong>VUOKRAHINNASTO:<\/strong><\/p>\n<p align=\"LEFT\">Koko talo \u20ac\/vrk 200,00<br \/>\nKoko alakerta, keitti\u00f6 lask. erikseen \u20ac\/pv 100.00<br \/>\nYhden luokan k\u00e4ytt\u00f6 kokoustilana iltak\u00e4ytt\u00f6 30,00<br \/>\nKeitti\u00f6 k\u00e4yt\u00f6st\u00e4 riippuen 30,00 &#8211; 70,00<br \/>\nSauna, kes\u00e4kuukausina 50.00<br \/>\n* L\u00e4mmitettyn\u00e4 + 20,00 euroa<br \/>\nKeitti\u00f6n vuokraan sis\u00e4ltyy voimassa olevien astioiden k\u00e4ytt\u00f6.<br \/>\nSiivouksesta sovitaan erikseen.<\/p>\n<p align=\"LEFT\">Rikkimenneiden astioiden korvaus<\/p>\n<p align=\"LEFT\">\n","protected":false},"excerpt":{"rendered":"<p>Haapaj\u00e4rven kyl\u00e4talo, Vainikkalantie 765, 54270 Vainikkala Entinen Haapaj\u00e4rven koulu. Koululla on 2 luokkaa, keitti\u00f6 ja yl\u00e4kerrassa jumppasali. Pinta-ala on yhteens\u00e4 100 m2. Penkkej\u00e4 ja p\u00f6yti\u00e4 l\u00f6ytyy reilusti. Kokoustilat n. 100 henkil\u00f6lle. Talolla on sis\u00e4vessat. L\u00f6ytyy my\u00f6s suihkut. Kes\u00e4ll\u00e4 k\u00e4yt\u00f6ss\u00e4 maauimala &hellip; <a href=\"https:\/\/kylat.ekarjala.fi\/haapajarvi\/kylatalo\/\">Lue loppuun <span class=\"meta-nav\">&rarr;<\/span><\/a><\/p>\n","protected":false},"author":103,"featured_media":0,"parent":0,"menu_order":0,"comment_status":"closed","ping_status":"open","template":"sidebar-page.php","meta":{"footnotes":""},"class_list":["post-32","page","type-page","status-publish","hentry"],"_links":{"self":[{"href":"https:\/\/kylat.ekarjala.fi\/haapajarvi\/wp-json\/wp\/v2\/pages\/32","targetHints":{"allow":["GET"]}}],"collection":[{"href":"https:\/\/kylat.ekarjala.fi\/haapajarvi\/wp-json\/wp\/v2\/pages"}],"about":[{"href":"https:\/\/kylat.ekarjala.fi\/haapajarvi\/wp-json\/wp\/v2\/types\/page"}],"author":[{"embeddable":true,"href":"https:\/\/kylat.ekarjala.fi\/haapajarvi\/wp-json\/wp\/v2\/users\/103"}],"replies":[{"embeddable":true,"href":"https:\/\/kylat.ekarjala.fi\/haapajarvi\/wp-json\/wp\/v2\/comments?post=32"}],"version-history":[{"count":20,"href":"https:\/\/kylat.ekarjala.fi\/haapajarvi\/wp-json\/wp\/v2\/pages\/32\/revisions"}],"predecessor-version":[{"id":2977,"href":"https:\/\/kylat.ekarjala.fi\/haapajarvi\/wp-json\/wp\/v2\/pages\/32\/revisions\/2977"}],"wp:attachment":[{"href":"https:\/\/kylat.ekarjala.fi\/haapajarvi\/wp-json\/wp\/v2\/media?parent=32"}],"curies":[{"name":"wp","href":"https:\/\/api.w.org\/{rel}","templated":true}]}}