{"id":35,"date":"2012-01-27T19:36:16","date_gmt":"2012-01-27T19:36:16","guid":{"rendered":"https:\/\/kylat.ekarjala.fi\/haapajarvi\/?page_id=35"},"modified":"2021-04-19T10:03:36","modified_gmt":"2021-04-19T10:03:36","slug":"haapajarven-metsastysseura","status":"publish","type":"page","link":"https:\/\/kylat.ekarjala.fi\/haapajarvi\/seuratyhdistykset\/haapajarven-metsastysseura\/","title":{"rendered":"Haapaj\u00e4rven mets\u00e4stysseura"},"content":{"rendered":"<p><a href=\"https:\/\/kylat.ekarjala.fi\/haapajarvi\/wp-content\/uploads\/sites\/42\/2019\/10\/haapaj\u00e4rven-mets\u00e4stysseura-logo.gif\"><img loading=\"lazy\" decoding=\"async\" class=\"alignnone size-full wp-image-2897\" src=\"https:\/\/kylat.ekarjala.fi\/haapajarvi\/wp-content\/uploads\/sites\/42\/2019\/10\/haapaj\u00e4rven-mets\u00e4stysseura-logo.gif\" alt=\"\" width=\"200\" height=\"230\"><\/a><\/p>\n<p>Haapaj\u00e4rven ja Kasukkalan kyl\u00e4alueiden ymp\u00e4rist\u00f6ss\u00e4 toimivalla seuralla on mets\u00e4stysaluetta noin 4300 hehtaaria.<br \/>\nSeuraan kuuluu noin 100 j\u00e4sent\u00e4, jotka asuvat tai omistavat maata seuran toiminta-alueella. Seuraan liittyminen on mahdollista kylien alueella vakituisesti asuville tai henkil\u00f6ille, jotka ovat vuokranneet seuralle maata mets\u00e4stys- ja riistanhoitok\u00e4ytt\u00f6\u00f6n. J\u00e4senhakemus l\u00e4hetet\u00e4\u00e4n seuran johtokunnalle, joka esitt\u00e4\u00e4 hakemuksen vuosikokouksen \u00e4\u00e4nestett\u00e4v\u00e4ksi.<\/p>\n<p>Yhteystiedot:<br \/>\nPuheenjohtaja: Hannu Timperi&nbsp;+358 44 54880 20<br \/>\nVarapuheenjohtaja: Vesa Kaipia&nbsp;+358 50 5356447<br \/>\nSihteeri: Jukka Leino&nbsp;+358 40 731 6772<br \/>\nRahaston hoitaja: Pekka Mirola&nbsp;+358 40 7618647<\/p>\n<p>Yhdistyksen kotisivut:&nbsp;<a href=\"https:\/\/www.esrhy.fi\/haapajarven_metsastysseura\/\">https:\/\/www.esrhy.fi\/haapajarven_metsastysseura\/<\/a><\/p>\n<p>Keskisaaren Mets\u00e4st\u00e4j\u00e4t ry&nbsp;on lopettanut&nbsp;toimintansa ja&nbsp;liittynyt 1.8.2013 l\u00e4htien Haapaj\u00e4rven Mets\u00e4stysseura ry:hyn.<br \/>\nMaanvuokrasopimukset on uusittu ja ne on tehty Haapaj\u00e4rven Mets\u00e4st\u00e4j\u00e4t ry:n&nbsp;kanssa.<\/p>\n<p>&nbsp;<\/p>\n<p><a href=\"https:\/\/kylat.ekarjala.fi\/haapajarvi\/wp-content\/uploads\/sites\/42\/2012\/01\/jaljet-lumessa-020a_edited-.jpg\"><img loading=\"lazy\" decoding=\"async\" class=\"alignleft size-full wp-image-202\" src=\"https:\/\/kylat.ekarjala.fi\/haapajarvi\/wp-content\/uploads\/sites\/42\/2012\/01\/jaljet-lumessa-020a_edited-.jpg\" alt=\"\" width=\"600\" height=\"350\"><\/a><\/p>\n<p>&nbsp;<\/p>\n<p>&nbsp;<\/p>\n","protected":false},"excerpt":{"rendered":"<p>Haapaj\u00e4rven ja Kasukkalan kyl\u00e4alueiden ymp\u00e4rist\u00f6ss\u00e4 toimivalla seuralla on mets\u00e4stysaluetta noin 4300 hehtaaria. Seuraan kuuluu noin 100 j\u00e4sent\u00e4, jotka asuvat tai omistavat maata seuran toiminta-alueella. Seuraan liittyminen on mahdollista kylien alueella vakituisesti asuville tai henkil\u00f6ille, jotka ovat vuokranneet seuralle maata mets\u00e4stys- &hellip; <a href=\"https:\/\/kylat.ekarjala.fi\/haapajarvi\/seuratyhdistykset\/haapajarven-metsastysseura\/\">Lue loppuun <span class=\"meta-nav\">&rarr;<\/span><\/a><\/p>\n","protected":false},"author":103,"featured_media":0,"parent":31,"menu_order":0,"comment_status":"closed","ping_status":"open","template":"sidebar-page.php","meta":{"footnotes":""},"class_list":["post-35","page","type-page","status-publish","hentry"],"_links":{"self":[{"href":"https:\/\/kylat.ekarjala.fi\/haapajarvi\/wp-json\/wp\/v2\/pages\/35","targetHints":{"allow":["GET"]}}],"collection":[{"href":"https:\/\/kylat.ekarjala.fi\/haapajarvi\/wp-json\/wp\/v2\/pages"}],"about":[{"href":"https:\/\/kylat.ekarjala.fi\/haapajarvi\/wp-json\/wp\/v2\/types\/page"}],"author":[{"embeddable":true,"href":"https:\/\/kylat.ekarjala.fi\/haapajarvi\/wp-json\/wp\/v2\/users\/103"}],"replies":[{"embeddable":true,"href":"https:\/\/kylat.ekarjala.fi\/haapajarvi\/wp-json\/wp\/v2\/comments?post=35"}],"version-history":[{"count":20,"href":"https:\/\/kylat.ekarjala.fi\/haapajarvi\/wp-json\/wp\/v2\/pages\/35\/revisions"}],"predecessor-version":[{"id":2989,"href":"https:\/\/kylat.ekarjala.fi\/haapajarvi\/wp-json\/wp\/v2\/pages\/35\/revisions\/2989"}],"up":[{"embeddable":true,"href":"https:\/\/kylat.ekarjala.fi\/haapajarvi\/wp-json\/wp\/v2\/pages\/31"}],"wp:attachment":[{"href":"https:\/\/kylat.ekarjala.fi\/haapajarvi\/wp-json\/wp\/v2\/media?parent=35"}],"curies":[{"name":"wp","href":"https:\/\/api.w.org\/{rel}","templated":true}]}}