{"id":589,"date":"2022-03-12T08:54:04","date_gmt":"2022-03-12T08:54:04","guid":{"rendered":"https:\/\/kylat.ekarjala.fi\/hytti\/?page_id=589"},"modified":"2026-04-14T13:39:57","modified_gmt":"2026-04-14T13:39:57","slug":"hytin-vpk-talo","status":"publish","type":"page","link":"https:\/\/kylat.ekarjala.fi\/hytti\/hytin-vpk-talo\/","title":{"rendered":"Hytin VPK talo"},"content":{"rendered":"\t\t<div data-elementor-type=\"wp-page\" data-elementor-id=\"589\" class=\"elementor elementor-589\" data-elementor-post-type=\"page\">\n\t\t\t\t\t\t<section class=\"elementor-section elementor-top-section elementor-element elementor-element-cjfr185 elementor-section-boxed elementor-section-height-default elementor-section-height-default\" data-id=\"cjfr185\" data-element_type=\"section\" data-e-type=\"section\" data-settings=\"{&quot;background_background&quot;:&quot;classic&quot;}\">\n\t\t\t\t\t\t\t<div class=\"elementor-background-overlay\"><\/div>\n\t\t\t\t\t\t\t<div class=\"elementor-container elementor-column-gap-default\">\n\t\t\t\t\t<div class=\"elementor-column elementor-col-100 elementor-top-column elementor-element elementor-element-fd69444\" data-id=\"fd69444\" data-element_type=\"column\" data-e-type=\"column\">\n\t\t\t<div class=\"elementor-widget-wrap elementor-element-populated\">\n\t\t\t\t\t\t<div class=\"elementor-element elementor-element-abcc2f2 elementor-widget elementor-widget-heading\" data-id=\"abcc2f2\" data-element_type=\"widget\" data-e-type=\"widget\" data-widget_type=\"heading.default\">\n\t\t\t\t<div class=\"elementor-widget-container\">\n\t\t\t\t\t<h1 class=\"elementor-heading-title elementor-size-default\">Hytin vpk talo<\/h1>\t\t\t\t<\/div>\n\t\t\t\t<\/div>\n\t\t\t\t\t<\/div>\n\t\t<\/div>\n\t\t\t\t\t<\/div>\n\t\t<\/section>\n\t\t\t\t<section class=\"elementor-section elementor-top-section elementor-element elementor-element-jumt1pt elementor-section-boxed elementor-section-height-default elementor-section-height-default\" data-id=\"jumt1pt\" data-element_type=\"section\" data-e-type=\"section\">\n\t\t\t\t\t\t<div class=\"elementor-container elementor-column-gap-default\">\n\t\t\t\t\t<div class=\"elementor-column elementor-col-50 elementor-top-column elementor-element elementor-element-2ebbf9c\" data-id=\"2ebbf9c\" data-element_type=\"column\" data-e-type=\"column\">\n\t\t\t<div class=\"elementor-widget-wrap elementor-element-populated\">\n\t\t\t\t\t\t<div class=\"elementor-element elementor-element-e5f497e elementor-widget elementor-widget-text-editor\" data-id=\"e5f497e\" data-element_type=\"widget\" data-e-type=\"widget\" data-widget_type=\"text-editor.default\">\n\t\t\t\t<div class=\"elementor-widget-container\">\n\t\t\t\t\t\t\t\t\t<p>VPK -taloa yll\u00e4pit\u00e4\u00e4 Hytin VPK. Talolla j\u00e4rjestet\u00e4\u00e4n alueen yhdistysten tilaisuuksia, kokouksia ja juhlia. Tilaa voi my\u00f6s vuokrata yksityisk\u00e4ytt\u00f6\u00f6n.\u00a0<\/p><p>Talon osoite on: Hytintie 88, 54310 Hytti.<\/p><p>Tiloista l\u00f6ytyy sali, keitti\u00f6, esiintymislava, kerhotila, kokoushuone ja wc-tilat. Lis\u00e4ksi tuolit ja p\u00f6yd\u00e4t.<\/p>\t\t\t\t\t\t\t\t<\/div>\n\t\t\t\t<\/div>\n\t\t\t\t\t<\/div>\n\t\t<\/div>\n\t\t\t\t<div class=\"elementor-column elementor-col-50 elementor-top-column elementor-element elementor-element-e5fdae0\" data-id=\"e5fdae0\" data-element_type=\"column\" data-e-type=\"column\">\n\t\t\t<div class=\"elementor-widget-wrap elementor-element-populated\">\n\t\t\t\t\t\t<div class=\"elementor-element elementor-element-96b5b53 elementor-widget elementor-widget-image\" data-id=\"96b5b53\" data-element_type=\"widget\" data-e-type=\"widget\" data-widget_type=\"image.default\">\n\t\t\t\t<div class=\"elementor-widget-container\">\n\t\t\t\t\t\t\t\t\t\t\t\t\t\t\t<img fetchpriority=\"high\" decoding=\"async\" width=\"2560\" height=\"1695\" src=\"https:\/\/kylat.ekarjala.fi\/hytti\/wp-content\/uploads\/sites\/12\/2022\/04\/HYTIN-KUVA_000009-scaled-e1650821518162.jpg\" class=\"attachment-full size-full wp-image-1101\" alt=\"\" srcset=\"https:\/\/kylat.ekarjala.fi\/hytti\/wp-content\/uploads\/sites\/12\/2022\/04\/HYTIN-KUVA_000009-scaled-e1650821518162.jpg 2560w, https:\/\/kylat.ekarjala.fi\/hytti\/wp-content\/uploads\/sites\/12\/2022\/04\/HYTIN-KUVA_000009-scaled-e1650821518162-300x199.jpg 300w, https:\/\/kylat.ekarjala.fi\/hytti\/wp-content\/uploads\/sites\/12\/2022\/04\/HYTIN-KUVA_000009-scaled-e1650821518162-1024x678.jpg 1024w, https:\/\/kylat.ekarjala.fi\/hytti\/wp-content\/uploads\/sites\/12\/2022\/04\/HYTIN-KUVA_000009-scaled-e1650821518162-768x509.jpg 768w, https:\/\/kylat.ekarjala.fi\/hytti\/wp-content\/uploads\/sites\/12\/2022\/04\/HYTIN-KUVA_000009-scaled-e1650821518162-1536x1017.jpg 1536w, https:\/\/kylat.ekarjala.fi\/hytti\/wp-content\/uploads\/sites\/12\/2022\/04\/HYTIN-KUVA_000009-scaled-e1650821518162-2048x1356.jpg 2048w\" sizes=\"(max-width: 2560px) 100vw, 2560px\" \/>\t\t\t\t\t\t\t\t\t\t\t\t\t\t\t<\/div>\n\t\t\t\t<\/div>\n\t\t\t\t\t<\/div>\n\t\t<\/div>\n\t\t\t\t\t<\/div>\n\t\t<\/section>\n\t\t\t\t<section class=\"elementor-section elementor-top-section elementor-element elementor-element-10508bb elementor-section-boxed elementor-section-height-default elementor-section-height-default\" data-id=\"10508bb\" data-element_type=\"section\" data-e-type=\"section\" data-settings=\"{&quot;background_background&quot;:&quot;classic&quot;}\">\n\t\t\t\t\t\t<div class=\"elementor-container elementor-column-gap-default\">\n\t\t\t\t\t<div class=\"elementor-column elementor-col-100 elementor-top-column elementor-element elementor-element-a37ac88\" data-id=\"a37ac88\" data-element_type=\"column\" data-e-type=\"column\">\n\t\t\t<div class=\"elementor-widget-wrap\">\n\t\t\t\t\t\t\t<\/div>\n\t\t<\/div>\n\t\t\t\t\t<\/div>\n\t\t<\/section>\n\t\t\t\t<section class=\"elementor-section elementor-top-section elementor-element elementor-element-fb8fd30 elementor-section-boxed elementor-section-height-default elementor-section-height-default\" data-id=\"fb8fd30\" data-element_type=\"section\" data-e-type=\"section\">\n\t\t\t\t\t\t<div class=\"elementor-container elementor-column-gap-default\">\n\t\t\t\t\t<div class=\"elementor-column elementor-col-100 elementor-top-column elementor-element elementor-element-1971a46\" data-id=\"1971a46\" data-element_type=\"column\" data-e-type=\"column\">\n\t\t\t<div class=\"elementor-widget-wrap elementor-element-populated\">\n\t\t\t\t\t\t<div class=\"elementor-element elementor-element-3ca011b elementor-widget elementor-widget-google_maps\" data-id=\"3ca011b\" data-element_type=\"widget\" data-e-type=\"widget\" data-widget_type=\"google_maps.default\">\n\t\t\t\t<div class=\"elementor-widget-container\">\n\t\t\t\t\t\t\t<div class=\"elementor-custom-embed\">\n\t\t\t<iframe loading=\"lazy\"\n\t\t\t\t\tsrc=\"https:\/\/maps.google.com\/maps?q=Hytin%20VPK%20talo%20Hytintie%2088%2C%2054310%20Hytti&#038;t=m&#038;z=14&#038;output=embed&#038;iwloc=near\"\n\t\t\t\t\ttitle=\"Hytin VPK talo Hytintie 88, 54310 Hytti\"\n\t\t\t\t\taria-label=\"Hytin VPK talo Hytintie 88, 54310 Hytti\"\n\t\t\t><\/iframe>\n\t\t<\/div>\n\t\t\t\t\t\t<\/div>\n\t\t\t\t<\/div>\n\t\t\t\t\t<\/div>\n\t\t<\/div>\n\t\t\t\t\t<\/div>\n\t\t<\/section>\n\t\t\t\t<\/div>\n\t\t","protected":false},"excerpt":{"rendered":"<p>Hytin vpk talo VPK -taloa yll\u00e4pit\u00e4\u00e4 Hytin VPK. Talolla j\u00e4rjestet\u00e4\u00e4n alueen yhdistysten tilaisuuksia, kokouksia ja juhlia. Tilaa voi my\u00f6s vuokrata yksityisk\u00e4ytt\u00f6\u00f6n.\u00a0 Talon osoite on: Hytintie 88, 54310 Hytti. Tiloista l\u00f6ytyy sali, keitti\u00f6, esiintymislava, kerhotila, kokoushuone ja wc-tilat. Lis\u00e4ksi tuolit ja p\u00f6yd\u00e4t.<\/p>\n","protected":false},"author":19,"featured_media":0,"parent":0,"menu_order":0,"comment_status":"closed","ping_status":"closed","template":"","meta":{"site-sidebar-layout":"no-sidebar","site-content-layout":"page-builder","ast-site-content-layout":"default","site-content-style":"default","site-sidebar-style":"default","ast-global-header-display":"","ast-banner-title-visibility":"","ast-main-header-display":"","ast-hfb-above-header-display":"","ast-hfb-below-header-display":"","ast-hfb-mobile-header-display":"","site-post-title":"disabled","ast-breadcrumbs-content":"","ast-featured-img":"disabled","footer-sml-layout":"","ast-disable-related-posts":"","theme-transparent-header-meta":"","adv-header-id-meta":"","stick-header-meta":"","header-above-stick-meta":"","header-main-stick-meta":"","header-below-stick-meta":"","astra-migrate-meta-layouts":"default","ast-page-background-enabled":"default","ast-page-background-meta":{"desktop":{"background-color":"","background-image":"","background-repeat":"repeat","background-position":"center center","background-size":"auto","background-attachment":"scroll","background-type":"","background-media":"","overlay-type":"","overlay-color":"","overlay-opacity":"","overlay-gradient":""},"tablet":{"background-color":"","background-image":"","background-repeat":"repeat","background-position":"center center","background-size":"auto","background-attachment":"scroll","background-type":"","background-media":"","overlay-type":"","overlay-color":"","overlay-opacity":"","overlay-gradient":""},"mobile":{"background-color":"","background-image":"","background-repeat":"repeat","background-position":"center center","background-size":"auto","background-attachment":"scroll","background-type":"","background-media":"","overlay-type":"","overlay-color":"","overlay-opacity":"","overlay-gradient":""}},"ast-content-background-meta":{"desktop":{"background-color":"var(--ast-global-color-5)","background-image":"","background-repeat":"repeat","background-position":"center center","background-size":"auto","background-attachment":"scroll","background-type":"","background-media":"","overlay-type":"","overlay-color":"","overlay-opacity":"","overlay-gradient":""},"tablet":{"background-color":"var(--ast-global-color-5)","background-image":"","background-repeat":"repeat","background-position":"center center","background-size":"auto","background-attachment":"scroll","background-type":"","background-media":"","overlay-type":"","overlay-color":"","overlay-opacity":"","overlay-gradient":""},"mobile":{"background-color":"var(--ast-global-color-5)","background-image":"","background-repeat":"repeat","background-position":"center center","background-size":"auto","background-attachment":"scroll","background-type":"","background-media":"","overlay-type":"","overlay-color":"","overlay-opacity":"","overlay-gradient":""}},"footnotes":""},"class_list":["post-589","page","type-page","status-publish","hentry"],"_links":{"self":[{"href":"https:\/\/kylat.ekarjala.fi\/hytti\/wp-json\/wp\/v2\/pages\/589","targetHints":{"allow":["GET"]}}],"collection":[{"href":"https:\/\/kylat.ekarjala.fi\/hytti\/wp-json\/wp\/v2\/pages"}],"about":[{"href":"https:\/\/kylat.ekarjala.fi\/hytti\/wp-json\/wp\/v2\/types\/page"}],"author":[{"embeddable":true,"href":"https:\/\/kylat.ekarjala.fi\/hytti\/wp-json\/wp\/v2\/users\/19"}],"replies":[{"embeddable":true,"href":"https:\/\/kylat.ekarjala.fi\/hytti\/wp-json\/wp\/v2\/comments?post=589"}],"version-history":[{"count":20,"href":"https:\/\/kylat.ekarjala.fi\/hytti\/wp-json\/wp\/v2\/pages\/589\/revisions"}],"predecessor-version":[{"id":1674,"href":"https:\/\/kylat.ekarjala.fi\/hytti\/wp-json\/wp\/v2\/pages\/589\/revisions\/1674"}],"wp:attachment":[{"href":"https:\/\/kylat.ekarjala.fi\/hytti\/wp-json\/wp\/v2\/media?parent=589"}],"curies":[{"name":"wp","href":"https:\/\/api.w.org\/{rel}","templated":true}]}}