{"id":25,"date":"2012-09-06T13:23:28","date_gmt":"2012-09-06T13:23:28","guid":{"rendered":"https:\/\/kylat.ekarjala.fi\/jankasalo\/?page_id=25"},"modified":"2021-06-11T06:54:08","modified_gmt":"2021-06-11T06:54:08","slug":"jankasalo","status":"publish","type":"page","link":"https:\/\/kylat.ekarjala.fi\/jankasalo\/","title":{"rendered":"J\u00e4nk\u00e4salo"},"content":{"rendered":"<div class=\"text_exposed_show\">\n<p><span style=\"float: none;background-color: #ffffff;color: inherit;cursor: text;font-family: 'Helvetica Neue',Helvetica,Arial,sans-serif;font-size: 15px;font-style: inherit;font-variant: normal;font-weight: inherit;letter-spacing: normal;line-height: 1.625;text-align: left;text-decoration: none;text-indent: 0px\">J\u00e4nk\u00e4salo on Taipalsaaren kunnan vireimpi\u00e4 saariyhteis\u00f6j\u00e4. J\u00e4nk\u00e4salo sijaitsee Suuren Saimaan reunalla muodostaen portin aavalle Saimaan vesist\u00f6alueelle. Saaren it\u00e4rannalta avautuu laaja Ilkonselk\u00e4 tyynineen ja myrskyineen. J\u00e4nk\u00e4saloon kuuluu kaksi saarta, Suuri ja Pieni J\u00e4nk\u00e4salo. Suuri J\u00e4nk\u00e4salo on Saimaan suurimpia saaria. Sen pinta-ala on noin 13 neli\u00f6kilometri\u00e4. Saaressa on t\u00e4ll\u00e4 hetkell\u00e4 vakituisia asukkaita sek\u00e4 runsaasti loma-asuntoja.<\/span><\/p>\n<\/div>\n<p><a href=\"https:\/\/kylat.ekarjala.fi\/jankasalo\/wp-content\/uploads\/sites\/50\/2012\/09\/jankasalo1.jpg\"><img fetchpriority=\"high\" decoding=\"async\" class=\"alignnone size-full wp-image-26\" src=\"https:\/\/kylat.ekarjala.fi\/jankasalo\/wp-content\/uploads\/sites\/50\/2012\/09\/jankasalo1.jpg\" alt=\"\" width=\"400\" height=\"170\" \/><\/a><\/p>\n<p>J\u00e4nk\u00e4salo on edelleenkin lomaparatiisi, jossa on mahdollisuus nauttia luonnon hiljaisuudesta, kuunnella lintujen laulua ja aistia luonnon tuoksuja vailla mit\u00e4\u00e4n kiirett\u00e4.<\/p>\n<p style=\"text-align: center\">\u00a0<\/p>\n\n\n<figure class=\"wp-block-image size-large is-resized\"><img decoding=\"async\" src=\"https:\/\/kylat.ekarjala.fi\/jankasalo\/wp-content\/uploads\/sites\/50\/2018\/07\/Aallokkoa-Suursaimaalla-1-1024x683.jpg\" alt=\"\" class=\"wp-image-716\" width=\"393\" height=\"263\" srcset=\"https:\/\/kylat.ekarjala.fi\/jankasalo\/wp-content\/uploads\/sites\/50\/2018\/07\/Aallokkoa-Suursaimaalla-1-1024x683.jpg 1024w, https:\/\/kylat.ekarjala.fi\/jankasalo\/wp-content\/uploads\/sites\/50\/2018\/07\/Aallokkoa-Suursaimaalla-1-300x200.jpg 300w, https:\/\/kylat.ekarjala.fi\/jankasalo\/wp-content\/uploads\/sites\/50\/2018\/07\/Aallokkoa-Suursaimaalla-1-768x512.jpg 768w, https:\/\/kylat.ekarjala.fi\/jankasalo\/wp-content\/uploads\/sites\/50\/2018\/07\/Aallokkoa-Suursaimaalla-1-450x300.jpg 450w\" sizes=\"(max-width: 393px) 100vw, 393px\" \/><\/figure>\n\n\n\n<figure class=\"wp-block-image size-large is-resized\"><img decoding=\"async\" src=\"https:\/\/kylat.ekarjala.fi\/jankasalo\/wp-content\/uploads\/sites\/50\/2020\/07\/Joutsen-ja-sinist\u00e4-a-1024x682.jpg\" alt=\"\" class=\"wp-image-891\" width=\"393\" height=\"261\" srcset=\"https:\/\/kylat.ekarjala.fi\/jankasalo\/wp-content\/uploads\/sites\/50\/2020\/07\/Joutsen-ja-sinist\u00e4-a-1024x682.jpg 1024w, https:\/\/kylat.ekarjala.fi\/jankasalo\/wp-content\/uploads\/sites\/50\/2020\/07\/Joutsen-ja-sinist\u00e4-a-300x200.jpg 300w, https:\/\/kylat.ekarjala.fi\/jankasalo\/wp-content\/uploads\/sites\/50\/2020\/07\/Joutsen-ja-sinist\u00e4-a-768x512.jpg 768w, https:\/\/kylat.ekarjala.fi\/jankasalo\/wp-content\/uploads\/sites\/50\/2020\/07\/Joutsen-ja-sinist\u00e4-a-450x300.jpg 450w, https:\/\/kylat.ekarjala.fi\/jankasalo\/wp-content\/uploads\/sites\/50\/2020\/07\/Joutsen-ja-sinist\u00e4-a.jpg 1181w\" sizes=\"(max-width: 393px) 100vw, 393px\" \/><\/figure>\n\n\n\n<figure class=\"wp-block-image size-large is-resized\"><img loading=\"lazy\" decoding=\"async\" src=\"https:\/\/kylat.ekarjala.fi\/jankasalo\/wp-content\/uploads\/sites\/50\/2020\/07\/Kev\u00e4truovikko-a-1024x682.jpg\" alt=\"\" class=\"wp-image-893\" width=\"393\" height=\"262\" srcset=\"https:\/\/kylat.ekarjala.fi\/jankasalo\/wp-content\/uploads\/sites\/50\/2020\/07\/Kev\u00e4truovikko-a-1024x682.jpg 1024w, https:\/\/kylat.ekarjala.fi\/jankasalo\/wp-content\/uploads\/sites\/50\/2020\/07\/Kev\u00e4truovikko-a-300x200.jpg 300w, https:\/\/kylat.ekarjala.fi\/jankasalo\/wp-content\/uploads\/sites\/50\/2020\/07\/Kev\u00e4truovikko-a-768x512.jpg 768w, https:\/\/kylat.ekarjala.fi\/jankasalo\/wp-content\/uploads\/sites\/50\/2020\/07\/Kev\u00e4truovikko-a-450x300.jpg 450w, https:\/\/kylat.ekarjala.fi\/jankasalo\/wp-content\/uploads\/sites\/50\/2020\/07\/Kev\u00e4truovikko-a.jpg 1181w\" sizes=\"(max-width: 393px) 100vw, 393px\" \/><\/figure>\n\n\n\n<figure class=\"wp-block-image size-large is-resized\"><img loading=\"lazy\" decoding=\"async\" src=\"https:\/\/kylat.ekarjala.fi\/jankasalo\/wp-content\/uploads\/sites\/50\/2020\/07\/Sinivuokkoja-a-1024x682.jpg\" alt=\"\" class=\"wp-image-896\" width=\"391\" height=\"261\" srcset=\"https:\/\/kylat.ekarjala.fi\/jankasalo\/wp-content\/uploads\/sites\/50\/2020\/07\/Sinivuokkoja-a-1024x682.jpg 1024w, https:\/\/kylat.ekarjala.fi\/jankasalo\/wp-content\/uploads\/sites\/50\/2020\/07\/Sinivuokkoja-a-300x200.jpg 300w, https:\/\/kylat.ekarjala.fi\/jankasalo\/wp-content\/uploads\/sites\/50\/2020\/07\/Sinivuokkoja-a-768x512.jpg 768w, https:\/\/kylat.ekarjala.fi\/jankasalo\/wp-content\/uploads\/sites\/50\/2020\/07\/Sinivuokkoja-a-450x300.jpg 450w, https:\/\/kylat.ekarjala.fi\/jankasalo\/wp-content\/uploads\/sites\/50\/2020\/07\/Sinivuokkoja-a.jpg 1181w\" sizes=\"(max-width: 391px) 100vw, 391px\" \/><\/figure>\n\n\n\n<figure class=\"wp-block-image size-large is-resized\"><img loading=\"lazy\" decoding=\"async\" src=\"https:\/\/kylat.ekarjala.fi\/jankasalo\/wp-content\/uploads\/sites\/50\/2020\/07\/Keiarinviitta-a-1024x682.jpg\" alt=\"\" class=\"wp-image-892\" width=\"388\" height=\"259\" srcset=\"https:\/\/kylat.ekarjala.fi\/jankasalo\/wp-content\/uploads\/sites\/50\/2020\/07\/Keiarinviitta-a-1024x682.jpg 1024w, https:\/\/kylat.ekarjala.fi\/jankasalo\/wp-content\/uploads\/sites\/50\/2020\/07\/Keiarinviitta-a-300x200.jpg 300w, https:\/\/kylat.ekarjala.fi\/jankasalo\/wp-content\/uploads\/sites\/50\/2020\/07\/Keiarinviitta-a-768x512.jpg 768w, https:\/\/kylat.ekarjala.fi\/jankasalo\/wp-content\/uploads\/sites\/50\/2020\/07\/Keiarinviitta-a-450x300.jpg 450w, https:\/\/kylat.ekarjala.fi\/jankasalo\/wp-content\/uploads\/sites\/50\/2020\/07\/Keiarinviitta-a.jpg 1181w\" sizes=\"(max-width: 388px) 100vw, 388px\" \/><\/figure>\n\n\n\n<figure class=\"wp-block-image size-large is-resized\"><img loading=\"lazy\" decoding=\"async\" src=\"https:\/\/kylat.ekarjala.fi\/jankasalo\/wp-content\/uploads\/sites\/50\/2020\/12\/Lossi-tulee-a-1024x683.jpg\" alt=\"\" class=\"wp-image-960\" width=\"379\" height=\"254\" srcset=\"https:\/\/kylat.ekarjala.fi\/jankasalo\/wp-content\/uploads\/sites\/50\/2020\/12\/Lossi-tulee-a-1024x683.jpg 1024w, https:\/\/kylat.ekarjala.fi\/jankasalo\/wp-content\/uploads\/sites\/50\/2020\/12\/Lossi-tulee-a-300x200.jpg 300w, https:\/\/kylat.ekarjala.fi\/jankasalo\/wp-content\/uploads\/sites\/50\/2020\/12\/Lossi-tulee-a-768x513.jpg 768w, https:\/\/kylat.ekarjala.fi\/jankasalo\/wp-content\/uploads\/sites\/50\/2020\/12\/Lossi-tulee-a-1536x1025.jpg 1536w, https:\/\/kylat.ekarjala.fi\/jankasalo\/wp-content\/uploads\/sites\/50\/2020\/12\/Lossi-tulee-a-2048x1367.jpg 2048w, https:\/\/kylat.ekarjala.fi\/jankasalo\/wp-content\/uploads\/sites\/50\/2020\/12\/Lossi-tulee-a-450x300.jpg 450w\" sizes=\"(max-width: 379px) 100vw, 379px\" \/><\/figure>\n","protected":false},"excerpt":{"rendered":"<p>J\u00e4nk\u00e4salo on Taipalsaaren kunnan vireimpi\u00e4 saariyhteis\u00f6j\u00e4. J\u00e4nk\u00e4salo sijaitsee Suuren Saimaan reunalla muodostaen portin aavalle Saimaan vesist\u00f6alueelle. Saaren it\u00e4rannalta avautuu laaja Ilkonselk\u00e4 tyynineen ja myrskyineen. J\u00e4nk\u00e4saloon kuuluu kaksi saarta, Suuri ja Pieni J\u00e4nk\u00e4salo. Suuri J\u00e4nk\u00e4salo on Saimaan suurimpia saaria. Sen pinta-ala &hellip; <a href=\"https:\/\/kylat.ekarjala.fi\/jankasalo\/\">Lue loppuun <span class=\"meta-nav\">&rarr;<\/span><\/a><\/p>\n","protected":false},"author":128,"featured_media":0,"parent":0,"menu_order":0,"comment_status":"closed","ping_status":"open","template":"sidebar-page.php","meta":{"footnotes":""},"class_list":["post-25","page","type-page","status-publish","hentry"],"_links":{"self":[{"href":"https:\/\/kylat.ekarjala.fi\/jankasalo\/wp-json\/wp\/v2\/pages\/25","targetHints":{"allow":["GET"]}}],"collection":[{"href":"https:\/\/kylat.ekarjala.fi\/jankasalo\/wp-json\/wp\/v2\/pages"}],"about":[{"href":"https:\/\/kylat.ekarjala.fi\/jankasalo\/wp-json\/wp\/v2\/types\/page"}],"author":[{"embeddable":true,"href":"https:\/\/kylat.ekarjala.fi\/jankasalo\/wp-json\/wp\/v2\/users\/128"}],"replies":[{"embeddable":true,"href":"https:\/\/kylat.ekarjala.fi\/jankasalo\/wp-json\/wp\/v2\/comments?post=25"}],"version-history":[{"count":20,"href":"https:\/\/kylat.ekarjala.fi\/jankasalo\/wp-json\/wp\/v2\/pages\/25\/revisions"}],"predecessor-version":[{"id":1005,"href":"https:\/\/kylat.ekarjala.fi\/jankasalo\/wp-json\/wp\/v2\/pages\/25\/revisions\/1005"}],"wp:attachment":[{"href":"https:\/\/kylat.ekarjala.fi\/jankasalo\/wp-json\/wp\/v2\/media?parent=25"}],"curies":[{"name":"wp","href":"https:\/\/api.w.org\/{rel}","templated":true}]}}