{"id":38,"date":"2012-09-06T13:32:56","date_gmt":"2012-09-06T13:32:56","guid":{"rendered":"https:\/\/kylat.ekarjala.fi\/jankasalo\/?page_id=38"},"modified":"2024-04-21T08:58:38","modified_gmt":"2024-04-21T08:58:38","slug":"jankasalon-era-weikot","status":"publish","type":"page","link":"https:\/\/kylat.ekarjala.fi\/jankasalo\/yhdistykset\/jankasalon-era-weikot\/","title":{"rendered":"J\u00c4NK\u00c4SALON ER\u00c4-WEIKOT"},"content":{"rendered":"<div id=\"attachment_39\" style=\"width: 410px\" class=\"wp-caption alignnone\"><a href=\"https:\/\/kylat.ekarjala.fi\/jankasalo\/wp-content\/uploads\/sites\/50\/2012\/09\/hirvi.jpg\"><img fetchpriority=\"high\" decoding=\"async\" aria-describedby=\"caption-attachment-39\" class=\"size-full wp-image-39\" src=\"https:\/\/kylat.ekarjala.fi\/jankasalo\/wp-content\/uploads\/sites\/50\/2012\/09\/hirvi.jpg\" alt=\"\" width=\"400\" height=\"300\" \/><\/a><p id=\"caption-attachment-39\" class=\"wp-caption-text\">Repolanlahden uimari<\/p><\/div>\n<p>Er\u00e4-weikkojen sivut: <a href=\"https:\/\/www.jankasaloneraweikot.com\/\" target=\"_blank\" rel=\"noopener\">https:\/\/www.jankasaloneraweikot.com\/<\/a><\/p>\n","protected":false},"excerpt":{"rendered":"<p>Er\u00e4-weikkojen sivut: https:\/\/www.jankasaloneraweikot.com\/<\/p>\n","protected":false},"author":128,"featured_media":0,"parent":7,"menu_order":0,"comment_status":"closed","ping_status":"open","template":"sidebar-page.php","meta":{"footnotes":""},"class_list":["post-38","page","type-page","status-publish","hentry"],"_links":{"self":[{"href":"https:\/\/kylat.ekarjala.fi\/jankasalo\/wp-json\/wp\/v2\/pages\/38","targetHints":{"allow":["GET"]}}],"collection":[{"href":"https:\/\/kylat.ekarjala.fi\/jankasalo\/wp-json\/wp\/v2\/pages"}],"about":[{"href":"https:\/\/kylat.ekarjala.fi\/jankasalo\/wp-json\/wp\/v2\/types\/page"}],"author":[{"embeddable":true,"href":"https:\/\/kylat.ekarjala.fi\/jankasalo\/wp-json\/wp\/v2\/users\/128"}],"replies":[{"embeddable":true,"href":"https:\/\/kylat.ekarjala.fi\/jankasalo\/wp-json\/wp\/v2\/comments?post=38"}],"version-history":[{"count":14,"href":"https:\/\/kylat.ekarjala.fi\/jankasalo\/wp-json\/wp\/v2\/pages\/38\/revisions"}],"predecessor-version":[{"id":1090,"href":"https:\/\/kylat.ekarjala.fi\/jankasalo\/wp-json\/wp\/v2\/pages\/38\/revisions\/1090"}],"up":[{"embeddable":true,"href":"https:\/\/kylat.ekarjala.fi\/jankasalo\/wp-json\/wp\/v2\/pages\/7"}],"wp:attachment":[{"href":"https:\/\/kylat.ekarjala.fi\/jankasalo\/wp-json\/wp\/v2\/media?parent=38"}],"curies":[{"name":"wp","href":"https:\/\/api.w.org\/{rel}","templated":true}]}}