{"id":331,"date":"2015-03-02T14:15:52","date_gmt":"2015-03-02T14:15:52","guid":{"rendered":"https:\/\/kylat.ekarjala.fi\/kaharila\/?page_id=331"},"modified":"2021-01-08T14:20:14","modified_gmt":"2021-01-08T14:20:14","slug":"2013-2","status":"publish","type":"page","link":"https:\/\/kylat.ekarjala.fi\/kaharila\/?page_id=331","title":{"rendered":"2013"},"content":{"rendered":"<p>Tulokset K\u00e4h\u00e4ril\u00e4n Kyl\u00e4yhdistyksen lasten hiihtokilpailuista 10.3.2013 K\u00e4h\u00e4ril\u00e4ss\u00e4<\/p>\n<p>Perinteinen hiihtotapa<\/p>\n<p>Tyt\u00f6t&nbsp; 3 v&nbsp;&nbsp;&nbsp;&nbsp;&nbsp; Olivia Ahtiainen&nbsp; 1.11&nbsp;&nbsp;&nbsp;&nbsp; Vilma Poikulainen&nbsp; 1.36<\/p>\n<p>Tyt\u00f6t&nbsp; 4 v&nbsp;&nbsp;&nbsp;&nbsp;&nbsp; Eevi&nbsp; Tarhonen&nbsp;&nbsp; 5.46<\/p>\n<p>Tyt\u00f6t&nbsp;&nbsp; 7 v&nbsp;&nbsp;&nbsp;&nbsp;&nbsp; Iida Tarhonen&nbsp;&nbsp;&nbsp;&nbsp; 4.22<\/p>\n<p>Tyt\u00f6t&nbsp;&nbsp; 8 v&nbsp;&nbsp;&nbsp;&nbsp; Jenna Karhu&nbsp;&nbsp;&nbsp;&nbsp;&nbsp;&nbsp;&nbsp;&nbsp; 3.16<\/p>\n<p>Vapaa hiihtotapa<\/p>\n<p>Tyt\u00f6t&nbsp; 12 v&nbsp;&nbsp;&nbsp; Nelli Jauho&nbsp;&nbsp;&nbsp;&nbsp;&nbsp;&nbsp;&nbsp;&nbsp;&nbsp;&nbsp;&nbsp; 4.16<\/p>\n<p>Pojat&nbsp;&nbsp; 10 v&nbsp;&nbsp; Niko Karhu&nbsp;&nbsp;&nbsp; 4.15&nbsp;&nbsp;&nbsp; Aatu Rossi&nbsp;&nbsp; 4.24<\/p>\n<p>Pojat&nbsp;&nbsp; 15 v&nbsp;&nbsp; Miika Jauho&nbsp;&nbsp; 3.11<\/p>\n<p>&nbsp;<\/p>\n<p>&nbsp;<\/p>\n","protected":false},"excerpt":{"rendered":"<p>Tulokset K\u00e4h\u00e4ril\u00e4n Kyl\u00e4yhdistyksen lasten hiihtokilpailuista 10.3.2013 K\u00e4h\u00e4ril\u00e4ss\u00e4 Perinteinen hiihtotapa Tyt\u00f6t&nbsp; 3 v&nbsp;&nbsp;&nbsp;&nbsp;&nbsp; Olivia Ahtiainen&nbsp; 1.11&nbsp;&nbsp;&nbsp;&nbsp; Vilma Poikulainen&nbsp; 1.36 Tyt\u00f6t&nbsp; 4 v&nbsp;&nbsp;&nbsp;&nbsp;&nbsp; Eevi&nbsp; Tarhonen&nbsp;&nbsp; 5.46 Tyt\u00f6t&nbsp;&nbsp; 7 v&nbsp;&nbsp;&nbsp;&nbsp;&nbsp; Iida Tarhonen&nbsp;&nbsp;&nbsp;&nbsp; 4.22 Tyt\u00f6t&nbsp;&nbsp; 8 v&nbsp;&nbsp;&nbsp;&nbsp; Jenna Karhu&nbsp;&nbsp;&nbsp;&nbsp;&nbsp;&nbsp;&nbsp;&nbsp; 3.16 Vapaa hiihtotapa Tyt\u00f6t&nbsp; 12 &hellip; <a href=\"https:\/\/kylat.ekarjala.fi\/kaharila\/?page_id=331\">Lue loppuun <span class=\"meta-nav\">&rarr;<\/span><\/a><\/p>\n","protected":false},"author":101,"featured_media":0,"parent":232,"menu_order":0,"comment_status":"closed","ping_status":"closed","template":"","meta":{"footnotes":""},"class_list":["post-331","page","type-page","status-publish","hentry"],"_links":{"self":[{"href":"https:\/\/kylat.ekarjala.fi\/kaharila\/index.php?rest_route=\/wp\/v2\/pages\/331","targetHints":{"allow":["GET"]}}],"collection":[{"href":"https:\/\/kylat.ekarjala.fi\/kaharila\/index.php?rest_route=\/wp\/v2\/pages"}],"about":[{"href":"https:\/\/kylat.ekarjala.fi\/kaharila\/index.php?rest_route=\/wp\/v2\/types\/page"}],"author":[{"embeddable":true,"href":"https:\/\/kylat.ekarjala.fi\/kaharila\/index.php?rest_route=\/wp\/v2\/users\/101"}],"replies":[{"embeddable":true,"href":"https:\/\/kylat.ekarjala.fi\/kaharila\/index.php?rest_route=%2Fwp%2Fv2%2Fcomments&post=331"}],"version-history":[{"count":3,"href":"https:\/\/kylat.ekarjala.fi\/kaharila\/index.php?rest_route=\/wp\/v2\/pages\/331\/revisions"}],"predecessor-version":[{"id":669,"href":"https:\/\/kylat.ekarjala.fi\/kaharila\/index.php?rest_route=\/wp\/v2\/pages\/331\/revisions\/669"}],"up":[{"embeddable":true,"href":"https:\/\/kylat.ekarjala.fi\/kaharila\/index.php?rest_route=\/wp\/v2\/pages\/232"}],"wp:attachment":[{"href":"https:\/\/kylat.ekarjala.fi\/kaharila\/index.php?rest_route=%2Fwp%2Fv2%2Fmedia&parent=331"}],"curies":[{"name":"wp","href":"https:\/\/api.w.org\/{rel}","templated":true}]}}