{"id":5,"date":"2012-01-17T13:49:38","date_gmt":"2012-01-17T13:49:38","guid":{"rendered":"https:\/\/kylat.ekarjala.fi\/kaharila\/?page_id=5"},"modified":"2024-09-14T15:57:16","modified_gmt":"2024-09-14T15:57:16","slug":"palaute-ja-yhteydenotto","status":"publish","type":"page","link":"https:\/\/kylat.ekarjala.fi\/kaharila\/?page_id=5","title":{"rendered":"Palaute ja yhteydenotto"},"content":{"rendered":"<p>Yhteyshenkil\u00f6 kodan k\u00e4ytt\u00f6\u00f6n ja ym asioissa<\/p>\n<p>Marja Ahtiainen\u00a0 040 7779892<\/p>\n<p>sp: ahtiaimar@gmail.com<\/p>\n<p><strong>Kodan k\u00e4ytt\u00f6korvaus hinnat 2024:<\/strong><\/p>\n<p>1\/2\u00a0\u00a0 vrk \u00a0 30.-\u00a0\u00a0\u00a0\u00a0 1\u00a0 vrk \u00a0 50.-<\/p>\n<p>Kodan varaukset mielell\u00e4\u00e4n tekstiviestill\u00e4 tai s\u00e4hk\u00f6postilla.<\/p>\n\n\n<p><\/p>\n","protected":false},"excerpt":{"rendered":"<p>Yhteyshenkil\u00f6 kodan k\u00e4ytt\u00f6\u00f6n ja ym asioissa Marja Ahtiainen\u00a0 040 7779892 sp: ahtiaimar@gmail.com Kodan k\u00e4ytt\u00f6korvaus hinnat 2024: 1\/2\u00a0\u00a0 vrk \u00a0 30.-\u00a0\u00a0\u00a0\u00a0 1\u00a0 vrk \u00a0 50.- Kodan varaukset mielell\u00e4\u00e4n tekstiviestill\u00e4 tai s\u00e4hk\u00f6postilla.<\/p>\n","protected":false},"author":101,"featured_media":0,"parent":0,"menu_order":0,"comment_status":"closed","ping_status":"open","template":"","meta":{"footnotes":""},"class_list":["post-5","page","type-page","status-publish","hentry"],"_links":{"self":[{"href":"https:\/\/kylat.ekarjala.fi\/kaharila\/index.php?rest_route=\/wp\/v2\/pages\/5","targetHints":{"allow":["GET"]}}],"collection":[{"href":"https:\/\/kylat.ekarjala.fi\/kaharila\/index.php?rest_route=\/wp\/v2\/pages"}],"about":[{"href":"https:\/\/kylat.ekarjala.fi\/kaharila\/index.php?rest_route=\/wp\/v2\/types\/page"}],"author":[{"embeddable":true,"href":"https:\/\/kylat.ekarjala.fi\/kaharila\/index.php?rest_route=\/wp\/v2\/users\/101"}],"replies":[{"embeddable":true,"href":"https:\/\/kylat.ekarjala.fi\/kaharila\/index.php?rest_route=%2Fwp%2Fv2%2Fcomments&post=5"}],"version-history":[{"count":15,"href":"https:\/\/kylat.ekarjala.fi\/kaharila\/index.php?rest_route=\/wp\/v2\/pages\/5\/revisions"}],"predecessor-version":[{"id":718,"href":"https:\/\/kylat.ekarjala.fi\/kaharila\/index.php?rest_route=\/wp\/v2\/pages\/5\/revisions\/718"}],"wp:attachment":[{"href":"https:\/\/kylat.ekarjala.fi\/kaharila\/index.php?rest_route=%2Fwp%2Fv2%2Fmedia&parent=5"}],"curies":[{"name":"wp","href":"https:\/\/api.w.org\/{rel}","templated":true}]}}