{"id":523,"date":"2017-03-15T12:12:28","date_gmt":"2017-03-15T12:12:28","guid":{"rendered":"https:\/\/kylat.ekarjala.fi\/kaharila\/?page_id=523"},"modified":"2017-03-15T12:12:28","modified_gmt":"2017-03-15T12:12:28","slug":"2017-2","status":"publish","type":"page","link":"https:\/\/kylat.ekarjala.fi\/kaharila\/?page_id=523","title":{"rendered":"2017"},"content":{"rendered":"<p>Tulokset hiihtokilpailuista.<\/p>\n<p>K\u00e4h\u00e4ril\u00e4n kyl\u00e4yhdistyksen lapset hiihtiv\u00e4t 11.3.2017 kilpaa perinteisell\u00e4 tyylill\u00e4<\/p>\n<p><strong>Tyt\u00f6t alle 5 v<\/strong><\/p>\n<ol>\n<li>Amanda Ahtiainen 2.13<\/li>\n<\/ol>\n<p><strong>Pojat alle 5 v<\/strong><\/p>\n<ol>\n<li>Topi Poikulainen 4.43<\/li>\n<\/ol>\n<p><strong>Tyt\u00f6t alle 7 v<\/strong><\/p>\n<ol>\n<li>Olivia Ahtiainen 2.55<\/li>\n<li>Vilma Poikulainen 3.06<\/li>\n<\/ol>\n<p><strong>\u00a0Tyt\u00f6t alle 9 v<\/strong><\/p>\n<ol>\n<li>Janessa Liukka 2.49<\/li>\n<\/ol>\n<p><strong>Pojat alle 9 v<\/strong><\/p>\n<ol>\n<li>Simi Liukka 3.24<\/li>\n<\/ol>\n","protected":false},"excerpt":{"rendered":"<p>Tulokset hiihtokilpailuista. K\u00e4h\u00e4ril\u00e4n kyl\u00e4yhdistyksen lapset hiihtiv\u00e4t 11.3.2017 kilpaa perinteisell\u00e4 tyylill\u00e4 Tyt\u00f6t alle 5 v Amanda Ahtiainen 2.13 Pojat alle 5 v Topi Poikulainen 4.43 Tyt\u00f6t alle 7 v Olivia Ahtiainen 2.55 Vilma Poikulainen 3.06 \u00a0Tyt\u00f6t alle 9 v Janessa Liukka &hellip; <a href=\"https:\/\/kylat.ekarjala.fi\/kaharila\/?page_id=523\">Lue loppuun <span class=\"meta-nav\">&rarr;<\/span><\/a><\/p>\n","protected":false},"author":101,"featured_media":0,"parent":232,"menu_order":0,"comment_status":"closed","ping_status":"closed","template":"","meta":{"footnotes":""},"class_list":["post-523","page","type-page","status-publish","hentry"],"_links":{"self":[{"href":"https:\/\/kylat.ekarjala.fi\/kaharila\/index.php?rest_route=\/wp\/v2\/pages\/523","targetHints":{"allow":["GET"]}}],"collection":[{"href":"https:\/\/kylat.ekarjala.fi\/kaharila\/index.php?rest_route=\/wp\/v2\/pages"}],"about":[{"href":"https:\/\/kylat.ekarjala.fi\/kaharila\/index.php?rest_route=\/wp\/v2\/types\/page"}],"author":[{"embeddable":true,"href":"https:\/\/kylat.ekarjala.fi\/kaharila\/index.php?rest_route=\/wp\/v2\/users\/101"}],"replies":[{"embeddable":true,"href":"https:\/\/kylat.ekarjala.fi\/kaharila\/index.php?rest_route=%2Fwp%2Fv2%2Fcomments&post=523"}],"version-history":[{"count":1,"href":"https:\/\/kylat.ekarjala.fi\/kaharila\/index.php?rest_route=\/wp\/v2\/pages\/523\/revisions"}],"predecessor-version":[{"id":524,"href":"https:\/\/kylat.ekarjala.fi\/kaharila\/index.php?rest_route=\/wp\/v2\/pages\/523\/revisions\/524"}],"up":[{"embeddable":true,"href":"https:\/\/kylat.ekarjala.fi\/kaharila\/index.php?rest_route=\/wp\/v2\/pages\/232"}],"wp:attachment":[{"href":"https:\/\/kylat.ekarjala.fi\/kaharila\/index.php?rest_route=%2Fwp%2Fv2%2Fmedia&parent=523"}],"curies":[{"name":"wp","href":"https:\/\/api.w.org\/{rel}","templated":true}]}}