{"id":2,"date":"2013-01-11T09:02:55","date_gmt":"2013-01-11T09:02:55","guid":{"rendered":"https:\/\/kylat.ekarjala.fi\/karjalaisenkylaparjala\/?page_id=2"},"modified":"2013-07-05T03:42:03","modified_gmt":"2013-07-05T03:42:03","slug":"esimerkkisivu","status":"publish","type":"page","link":"https:\/\/kylat.ekarjala.fi\/karjalaisenkylaparjala\/esimerkkisivu\/","title":{"rendered":"KYL\u00c4N ESITTELY"},"content":{"rendered":"<p><strong>Nuorta (tai v\u00e4hint\u00e4\u00e4n nuorekasta) ja aktiivista v\u00e4ke\u00e4<\/strong><\/p>\n<p>Karjalaisenkyl\u00e4n ja Parjalan idyllinen kyl\u00e4kompleksi saa olla ylpe\u00e4 215 asukkaastaan. Alueella asuu ronskin reippaita, karjalaiseen tapaan sosiaalisia ja v\u00e4h\u00e4n (yllytys)hulluja eri puolilla kyl\u00e4\u00e4. Kyl\u00e4ll\u00e4 kulkijaa v\u00e4hint\u00e4\u00e4n moikataan, todenn\u00e4k\u00f6isesti yritet\u00e4\u00e4n hieman haastellakin, jos mahdollista. Kyl\u00e4 kasvatti asukasm\u00e4\u00e4r\u00e4\u00e4ns\u00e4 5 prosenttia yhdess\u00e4 vuodessa\u00a0(Lappeenrannan v\u00e4est\u00f6tiedot 31.12.2010 ja 31.12.2011)\u00a0ja muuttovoitto jatkuu edelleen. Alue on houkuttanut erityisesti nuoria ja lapsiperheit\u00e4 ja alueella asuvien keski-ik\u00e4 onkin matala. Houkuttelevuutta lis\u00e4\u00e4 vire\u00e4 ja terveeksi todettu kolmiopettajainen Parjalan alakoulu, jossa opiskeli vuoden 2013 alussa 43 oppilasta.<\/p>\n<p><a href=\"https:\/\/kylat.ekarjala.fi\/karjalaisenkylaparjala\/wp-content\/uploads\/sites\/54\/2013\/01\/kuva-2.jpg\"><img loading=\"lazy\" decoding=\"async\" class=\"aligncenter size-full wp-image-33\" alt=\"\" src=\"https:\/\/kylat.ekarjala.fi\/karjalaisenkylaparjala\/wp-content\/uploads\/sites\/54\/2013\/01\/kuva-2.jpg\" width=\"276\" height=\"360\" \/><\/a><\/p>\n<p>&nbsp;<\/p>\n<p><strong>El\u00e4imellist\u00e4 perinnemaisemaa<\/strong><\/p>\n<p>Karjalaisenkyl\u00e4 ja Parjala sijaitsevat alle viiden kilometrin p\u00e4\u00e4ss\u00e4 Joutsenon taajamasta, rehellisess\u00e4 maalaismaisemassa. Alueelle ominaista silm\u00e4nruokaa ovat vaihtelevat peltoaukeat, kiemurtelevat kyl\u00e4tiet ja sekamets\u00e4t. Kyl\u00e4ll\u00e4 kulkija ei voi v\u00e4ltty\u00e4 koti- ja tuotantoel\u00e4inten kohtaamisilta, sill\u00e4 laskelmiemme mukaan kyl\u00e4ss\u00e4 majaansa pit\u00e4v\u00e4t yli 200 lehm\u00e4\u00e4, l\u00e4hes 50 hevosta ja saman verran koiria, pari parvea kanoja ja kukkoja, kaksi vuohta sek\u00e4 lukematon m\u00e4\u00e4r\u00e4 kissoja. My\u00f6s mets\u00e4nel\u00e4imet ovat tuttu n\u00e4ky kylill\u00e4mme, havaintoja on peuroista ilveksiin ja pikkulinnuista jokasyksyisiin kurki- ja joutsenparviin pelloilla.<\/p>\n<p style=\"text-align: center\">\u00a0<a href=\"https:\/\/kylat.ekarjala.fi\/karjalaisenkylaparjala\/wp-content\/uploads\/sites\/54\/2013\/07\/Jiihaa.jpg\"><img loading=\"lazy\" decoding=\"async\" class=\"aligncenter  wp-image-158\" alt=\"Jiihaa!\" src=\"https:\/\/kylat.ekarjala.fi\/karjalaisenkylaparjala\/wp-content\/uploads\/sites\/54\/2013\/07\/Jiihaa.jpg\" width=\"576\" height=\"432\" \/><\/a><a href=\"https:\/\/kylat.ekarjala.fi\/karjalaisenkylaparjala\/wp-content\/uploads\/sites\/54\/2013\/01\/163853_1566911290789_6268751_n1.jpg\"><br \/>\n<\/a><\/p>\n<p>&nbsp;<\/p>\n","protected":false},"excerpt":{"rendered":"<p>Nuorta (tai v\u00e4hint\u00e4\u00e4n nuorekasta) ja aktiivista v\u00e4ke\u00e4 Karjalaisenkyl\u00e4n ja Parjalan idyllinen kyl\u00e4kompleksi saa olla ylpe\u00e4 215 asukkaastaan. Alueella asuu ronskin reippaita, karjalaiseen tapaan sosiaalisia ja v\u00e4h\u00e4n (yllytys)hulluja eri puolilla kyl\u00e4\u00e4. Kyl\u00e4ll\u00e4 kulkijaa v\u00e4hint\u00e4\u00e4n moikataan, todenn\u00e4k\u00f6isesti yritet\u00e4\u00e4n hieman haastellakin, jos mahdollista. &hellip; <a href=\"https:\/\/kylat.ekarjala.fi\/karjalaisenkylaparjala\/esimerkkisivu\/\">Continue reading <span class=\"meta-nav\">&rarr;<\/span><\/a><\/p>\n","protected":false},"author":137,"featured_media":0,"parent":0,"menu_order":0,"comment_status":"closed","ping_status":"closed","template":"","meta":{"footnotes":""},"class_list":["post-2","page","type-page","status-publish","hentry"],"_links":{"self":[{"href":"https:\/\/kylat.ekarjala.fi\/karjalaisenkylaparjala\/wp-json\/wp\/v2\/pages\/2","targetHints":{"allow":["GET"]}}],"collection":[{"href":"https:\/\/kylat.ekarjala.fi\/karjalaisenkylaparjala\/wp-json\/wp\/v2\/pages"}],"about":[{"href":"https:\/\/kylat.ekarjala.fi\/karjalaisenkylaparjala\/wp-json\/wp\/v2\/types\/page"}],"author":[{"embeddable":true,"href":"https:\/\/kylat.ekarjala.fi\/karjalaisenkylaparjala\/wp-json\/wp\/v2\/users\/137"}],"replies":[{"embeddable":true,"href":"https:\/\/kylat.ekarjala.fi\/karjalaisenkylaparjala\/wp-json\/wp\/v2\/comments?post=2"}],"version-history":[{"count":7,"href":"https:\/\/kylat.ekarjala.fi\/karjalaisenkylaparjala\/wp-json\/wp\/v2\/pages\/2\/revisions"}],"predecessor-version":[{"id":5,"href":"https:\/\/kylat.ekarjala.fi\/karjalaisenkylaparjala\/wp-json\/wp\/v2\/pages\/2\/revisions\/5"}],"wp:attachment":[{"href":"https:\/\/kylat.ekarjala.fi\/karjalaisenkylaparjala\/wp-json\/wp\/v2\/media?parent=2"}],"curies":[{"name":"wp","href":"https:\/\/api.w.org\/{rel}","templated":true}]}}