{"id":250,"date":"2011-04-20T10:49:01","date_gmt":"2011-04-20T10:49:01","guid":{"rendered":"https:\/\/kylat.ekarjala.fi\/kasukkala\/?page_id=250"},"modified":"2024-02-20T08:53:34","modified_gmt":"2024-02-20T08:53:34","slug":"metsastysseurat","status":"publish","type":"page","link":"https:\/\/kylat.ekarjala.fi\/kasukkala\/metsastysseurat\/","title":{"rendered":"Mets\u00e4stysseurat"},"content":{"rendered":"<p>Mets\u00e4stysseurojen toimintaa<\/p>\n<p>Alueella toimii kolme mets\u00e4stysyhdistyst\u00e4, jotka vastaavat toiminta-alueensa riistanhoidosta ja mets\u00e4stysasioista.<\/p>\n<p>Haapaj\u00e4rven mets\u00e4stysseura<br \/>\nYhteystiedot:<br \/>\nsihteeri Juha Kaipia, puh. 0400-558 660<\/p>\n<p>Hanhij\u00e4rven Er\u00e4 ry<br \/>\nSihteeri Henna Kalliosaari, puh. 040-5763360<br \/>\nRitva Tamminen t\u00e4ydent\u00e4\u00e4<\/p>\n<p>Karhusj\u00e4rven Er\u00e4 ry<br \/>\nPj.Toni Penttinen puh.040 5023875<\/p>\n","protected":false},"excerpt":{"rendered":"<p>Mets\u00e4stysseurojen toimintaa Alueella toimii kolme mets\u00e4stysyhdistyst\u00e4, jotka vastaavat toiminta-alueensa riistanhoidosta ja mets\u00e4stysasioista. Haapaj\u00e4rven mets\u00e4stysseura Yhteystiedot: sihteeri Juha Kaipia, puh. 0400-558 660 Hanhij\u00e4rven Er\u00e4 ry Sihteeri Henna Kalliosaari, puh. 040-5763360 Ritva Tamminen t\u00e4ydent\u00e4\u00e4 Karhusj\u00e4rven Er\u00e4 ry Pj.Toni Penttinen puh.040 5023875<\/p>\n","protected":false},"author":12,"featured_media":0,"parent":0,"menu_order":0,"comment_status":"closed","ping_status":"open","template":"","meta":{"footnotes":""},"class_list":["post-250","page","type-page","status-publish","hentry"],"_links":{"self":[{"href":"https:\/\/kylat.ekarjala.fi\/kasukkala\/wp-json\/wp\/v2\/pages\/250","targetHints":{"allow":["GET"]}}],"collection":[{"href":"https:\/\/kylat.ekarjala.fi\/kasukkala\/wp-json\/wp\/v2\/pages"}],"about":[{"href":"https:\/\/kylat.ekarjala.fi\/kasukkala\/wp-json\/wp\/v2\/types\/page"}],"author":[{"embeddable":true,"href":"https:\/\/kylat.ekarjala.fi\/kasukkala\/wp-json\/wp\/v2\/users\/12"}],"replies":[{"embeddable":true,"href":"https:\/\/kylat.ekarjala.fi\/kasukkala\/wp-json\/wp\/v2\/comments?post=250"}],"version-history":[{"count":3,"href":"https:\/\/kylat.ekarjala.fi\/kasukkala\/wp-json\/wp\/v2\/pages\/250\/revisions"}],"predecessor-version":[{"id":1118,"href":"https:\/\/kylat.ekarjala.fi\/kasukkala\/wp-json\/wp\/v2\/pages\/250\/revisions\/1118"}],"wp:attachment":[{"href":"https:\/\/kylat.ekarjala.fi\/kasukkala\/wp-json\/wp\/v2\/media?parent=250"}],"curies":[{"name":"wp","href":"https:\/\/api.w.org\/{rel}","templated":true}]}}