{"id":19,"date":"2011-11-24T10:10:37","date_gmt":"2011-11-24T10:40:37","guid":{"rendered":"https:\/\/kylat.ekarjala.fi\/kauriansalmi\/?page_id=19"},"modified":"2025-03-17T10:22:19","modified_gmt":"2025-03-17T10:52:19","slug":"kylayhdistys","status":"publish","type":"page","link":"https:\/\/kylat.ekarjala.fi\/kauriansalmi\/kylayhdistys\/","title":{"rendered":"Kyl\u00e4yhdistys"},"content":{"rendered":"<p><strong>Palanen historiaa&#8230;<\/strong><br \/>\nSuomenniemi El\u00e4k\u00f6\u00f6n \u2013projektin innoittamana Kauriansalmelle perustettiin oma kyl\u00e4yhdistys tammikuun 27. p\u00e4iv\u00e4n\u00e4 vuonna 2005. Kyl\u00e4yhdistyksen hallitukseen valittiin tuolloin perustavassa kokouksessa seuraavat henkil\u00f6t: Erola Ari, Halinen Pekka, Heikkinen Isto, Himanen Simo, Hujala Anne, Hujala Leena, Kauria Leena, Kauria Outi, Lopperi Raija, Partio Risto, Ruotsalainen Raimo, Tolja Markku ja Uusitalo Jari. Yhdistyksen puheenjohtajaksi ja ensimm\u00e4iseksi kyl\u00e4p\u00e4\u00e4llikk\u00f6ksi kaksivuotiskaudelle valittiin Outi Kauria.<\/p>\n<p><strong>&#8230;ja nykyp\u00e4iv\u00e4\u00e4<\/strong><br \/>\nKyl\u00e4l\u00e4iset ovat koonneet voimansa useaan otteeseen pystytt\u00e4en talkoilla yhteisi\u00e4 ilmoitustauluja, raivaten ja kaunistaen ymp\u00e4rist\u00f6\u00e4 entist\u00e4kin viihtyis\u00e4mm\u00e4ksi seuduksi.<br \/>\nVuosien 2010-2012 aikana Painalluksenm\u00e4elle kyl\u00e4yhdistys toteutti Maisematornin ja laavun tulistelupaikkoineen sek\u00e4 maisematornin l\u00e4hestymisreitist\u00f6t Kuolimolta, Punkan kyl\u00e4n ja Haukilahden suunnasta. Vuodesta 2028 alkaen kyl\u00e4yhdistys on toiminut aktiivisesti valokuituverkon rakentamiseksi koko Suomenniemen alueelle. Kes\u00e4ll\u00e4 2025 on toteutuksessa vaiheet 3 ja 4.<\/p>\n<p>Kyl\u00e4yhdistys j\u00e4rjest\u00e4\u00e4 aktiivisesti yhdess\u00e4 muiden toimijoiden kanssa tapahtumia kuten\u00a0 Kasviretki, Mets\u00e4taitokilpailu Suomenniemi-viikolla, ja joulun alla Tuomaan p\u00e4iv\u00e4n jouluhartaus.<\/p>\n","protected":false},"excerpt":{"rendered":"<p>Palanen historiaa&#8230; Suomenniemi El\u00e4k\u00f6\u00f6n \u2013projektin innoittamana Kauriansalmelle perustettiin oma kyl\u00e4yhdistys tammikuun 27. p\u00e4iv\u00e4n\u00e4 vuonna 2005. Kyl\u00e4yhdistyksen hallitukseen valittiin tuolloin perustavassa kokouksessa seuraavat henkil\u00f6t: Erola Ari, Halinen Pekka, Heikkinen Isto, Himanen Simo, Hujala Anne, Hujala Leena, Kauria Leena, Kauria Outi, Lopperi &hellip; <a href=\"https:\/\/kylat.ekarjala.fi\/kauriansalmi\/kylayhdistys\/\">Lue loppuun <span class=\"meta-nav\">&rarr;<\/span><\/a><\/p>\n","protected":false},"author":74,"featured_media":0,"parent":0,"menu_order":0,"comment_status":"closed","ping_status":"open","template":"","meta":{"footnotes":""},"class_list":["post-19","page","type-page","status-publish","hentry"],"_links":{"self":[{"href":"https:\/\/kylat.ekarjala.fi\/kauriansalmi\/wp-json\/wp\/v2\/pages\/19","targetHints":{"allow":["GET"]}}],"collection":[{"href":"https:\/\/kylat.ekarjala.fi\/kauriansalmi\/wp-json\/wp\/v2\/pages"}],"about":[{"href":"https:\/\/kylat.ekarjala.fi\/kauriansalmi\/wp-json\/wp\/v2\/types\/page"}],"author":[{"embeddable":true,"href":"https:\/\/kylat.ekarjala.fi\/kauriansalmi\/wp-json\/wp\/v2\/users\/74"}],"replies":[{"embeddable":true,"href":"https:\/\/kylat.ekarjala.fi\/kauriansalmi\/wp-json\/wp\/v2\/comments?post=19"}],"version-history":[{"count":6,"href":"https:\/\/kylat.ekarjala.fi\/kauriansalmi\/wp-json\/wp\/v2\/pages\/19\/revisions"}],"predecessor-version":[{"id":1744,"href":"https:\/\/kylat.ekarjala.fi\/kauriansalmi\/wp-json\/wp\/v2\/pages\/19\/revisions\/1744"}],"wp:attachment":[{"href":"https:\/\/kylat.ekarjala.fi\/kauriansalmi\/wp-json\/wp\/v2\/media?parent=19"}],"curies":[{"name":"wp","href":"https:\/\/api.w.org\/{rel}","templated":true}]}}