{"id":42,"date":"2011-11-24T10:19:27","date_gmt":"2011-11-24T10:49:27","guid":{"rendered":"https:\/\/kylat.ekarjala.fi\/kauriansalmi\/?page_id=42"},"modified":"2015-09-04T05:53:27","modified_gmt":"2015-09-04T06:23:27","slug":"tapahtumat-2011","status":"publish","type":"page","link":"https:\/\/kylat.ekarjala.fi\/kauriansalmi\/tapahtumat-2011\/","title":{"rendered":"Tapahtumat 2011"},"content":{"rendered":"<p>Kev\u00e4tkausi avattiin siivoustalkoilla 30.4.2011.<\/p>\n<p>9.7.2011 j\u00e4rjestettiin Rento rantailta vierasvenesatamassa, myyt\u00e4v\u00e4n\u00e4 oli<br \/>\nrantakalaa perunoiden ja salaatin kera sek\u00e4 lettuja ja kahvia. Musiikista<br \/>\nvastasi Kaukaan Laulumiesten kvartetti ja arpajaiset muodostivat<br \/>\nloppuhuipennuksen tilaisuudelle. Kauniissa kes\u00e4s\u00e4\u00e4ss\u00e4 v\u00e4ke\u00e4 oli mukavasti<br \/>\nliikkeell\u00e4, vierasvenesatamakin oli t\u00e4ynn\u00e4 veneit\u00e4.<\/p>\n<p>Suomenniemip\u00e4iviin liittyv\u00e4n\u00e4 tapahtumana<br \/>\nj\u00e4rjestettiin Maisematornilla 23.7.2011 esittelyp\u00e4iv\u00e4, jonka yhteydess\u00e4 oli my\u00f6s<br \/>\npieni luontokisa ja virvokkeita.<\/p>\n<p>21.12.2011 pidettiin Tuomaan p\u00e4iv\u00e4n Jouluhartaus<br \/>\nMaisematornilla yhdess\u00e4 seurakunnan kanssa. Vaikka joulunalusaika olikin lumeton,\u00a0saapui paikalle lyhtyineen nelisenkymment\u00e4 henke\u00e4.<\/p>\n<p>31.12.2011 j\u00e4rjestettiin Uudenvuoden vastaanotto<br \/>\nMaisematornilla, raketteja ammuttiin ja gl\u00f6git sek\u00e4 makkarat tekiv\u00e4t kauppansa.<\/p>\n<div id='gallery-1' class='gallery galleryid-42 gallery-columns-4 gallery-size-thumbnail'><dl class='gallery-item'>\n\t\t\t<dt class='gallery-icon landscape'>\n\t\t\t\t<a href='https:\/\/kylat.ekarjala.fi\/kauriansalmi\/tapahtumat-2011\/img_0869-medium\/'><img decoding=\"async\" width=\"150\" height=\"113\" src=\"https:\/\/kylat.ekarjala.fi\/kauriansalmi\/wp-content\/uploads\/sites\/35\/2011\/11\/IMG_0869-Medium.jpg\" class=\"attachment-thumbnail size-thumbnail\" alt=\"\" aria-describedby=\"gallery-1-478\" \/><\/a>\n\t\t\t<\/dt>\n\t\t\t\t<dd class='wp-caption-text gallery-caption' id='gallery-1-478'>\n\t\t\t\tAntimista oli mukava nauttia l\u00e4mpim\u00e4ss\u00e4 s\u00e4\u00e4ss\u00e4.\n\t\t\t\t<\/dd><\/dl><dl class='gallery-item'>\n\t\t\t<dt class='gallery-icon landscape'>\n\t\t\t\t<a href='https:\/\/kylat.ekarjala.fi\/kauriansalmi\/tapahtumat-2011\/img_0870-medium\/'><img decoding=\"async\" width=\"150\" height=\"113\" src=\"https:\/\/kylat.ekarjala.fi\/kauriansalmi\/wp-content\/uploads\/sites\/35\/2011\/11\/IMG_0870-Medium.jpg\" class=\"attachment-thumbnail size-thumbnail\" alt=\"\" aria-describedby=\"gallery-1-479\" \/><\/a>\n\t\t\t<\/dt>\n\t\t\t\t<dd class='wp-caption-text gallery-caption' id='gallery-1-479'>\n\t\t\t\tRantailtaan monet tulivat veneell\u00e4kin.\n\t\t\t\t<\/dd><\/dl><dl class='gallery-item'>\n\t\t\t<dt class='gallery-icon landscape'>\n\t\t\t\t<a href='https:\/\/kylat.ekarjala.fi\/kauriansalmi\/tapahtumat-2011\/img_0875-medium\/'><img decoding=\"async\" width=\"150\" height=\"113\" src=\"https:\/\/kylat.ekarjala.fi\/kauriansalmi\/wp-content\/uploads\/sites\/35\/2011\/11\/IMG_0875-Medium.jpg\" class=\"attachment-thumbnail size-thumbnail\" alt=\"\" aria-describedby=\"gallery-1-480\" \/><\/a>\n\t\t\t<\/dt>\n\t\t\t\t<dd class='wp-caption-text gallery-caption' id='gallery-1-480'>\n\t\t\t\tRantaillassa Esko ja arpavoitot.\n\t\t\t\t<\/dd><\/dl><dl class='gallery-item'>\n\t\t\t<dt class='gallery-icon landscape'>\n\t\t\t\t<a href='https:\/\/kylat.ekarjala.fi\/kauriansalmi\/tapahtumat-2011\/30042011096-medium\/'><img loading=\"lazy\" decoding=\"async\" width=\"150\" height=\"113\" src=\"https:\/\/kylat.ekarjala.fi\/kauriansalmi\/wp-content\/uploads\/sites\/35\/2011\/11\/30042011096-Medium.jpg\" class=\"attachment-thumbnail size-thumbnail\" alt=\"\" aria-describedby=\"gallery-1-481\" \/><\/a>\n\t\t\t<\/dt>\n\t\t\t\t<dd class='wp-caption-text gallery-caption' id='gallery-1-481'>\n\t\t\t\tIlmoitustaulun puhdistuksessa riitti puuhaa koko poppoolle.\n\t\t\t\t<\/dd><\/dl><br style=\"clear: both\" \/><dl class='gallery-item'>\n\t\t\t<dt class='gallery-icon landscape'>\n\t\t\t\t<a href='https:\/\/kylat.ekarjala.fi\/kauriansalmi\/tapahtumat-2011\/30042011098-medium\/'><img loading=\"lazy\" decoding=\"async\" width=\"150\" height=\"113\" src=\"https:\/\/kylat.ekarjala.fi\/kauriansalmi\/wp-content\/uploads\/sites\/35\/2011\/11\/30042011098-Medium.jpg\" class=\"attachment-thumbnail size-thumbnail\" alt=\"\" aria-describedby=\"gallery-1-482\" \/><\/a>\n\t\t\t<\/dt>\n\t\t\t\t<dd class='wp-caption-text gallery-caption' id='gallery-1-482'>\n\t\t\t\tSiivousatalkoissa 2011 oli k\u00e4yt\u00f6ss\u00e4 raskaampaakin kalustoa.\n\t\t\t\t<\/dd><\/dl><dl class='gallery-item'>\n\t\t\t<dt class='gallery-icon landscape'>\n\t\t\t\t<a href='https:\/\/kylat.ekarjala.fi\/kauriansalmi\/tapahtumat-2011\/img_0586-medium\/'><img loading=\"lazy\" decoding=\"async\" width=\"150\" height=\"113\" src=\"https:\/\/kylat.ekarjala.fi\/kauriansalmi\/wp-content\/uploads\/sites\/35\/2011\/11\/IMG_0586-Medium.jpg\" class=\"attachment-thumbnail size-thumbnail\" alt=\"\" aria-describedby=\"gallery-1-483\" \/><\/a>\n\t\t\t<\/dt>\n\t\t\t\t<dd class='wp-caption-text gallery-caption' id='gallery-1-483'>\n\t\t\t\tTalkookahvit tornilla reippaan ty\u00f6rupeaman j\u00e4lkeen.\n\t\t\t\t<\/dd><\/dl>\n\t\t\t<br style='clear: both' \/>\n\t\t<\/div>\n\n<p>&nbsp;<\/p>\n<p>&nbsp;<\/p>\n","protected":false},"excerpt":{"rendered":"<p>Kev\u00e4tkausi avattiin siivoustalkoilla 30.4.2011. 9.7.2011 j\u00e4rjestettiin Rento rantailta vierasvenesatamassa, myyt\u00e4v\u00e4n\u00e4 oli rantakalaa perunoiden ja salaatin kera sek\u00e4 lettuja ja kahvia. Musiikista vastasi Kaukaan Laulumiesten kvartetti ja arpajaiset muodostivat loppuhuipennuksen tilaisuudelle. Kauniissa kes\u00e4s\u00e4\u00e4ss\u00e4 v\u00e4ke\u00e4 oli mukavasti liikkeell\u00e4, vierasvenesatamakin oli t\u00e4ynn\u00e4 veneit\u00e4. &hellip; <a href=\"https:\/\/kylat.ekarjala.fi\/kauriansalmi\/tapahtumat-2011\/\">Lue loppuun <span class=\"meta-nav\">&rarr;<\/span><\/a><\/p>\n","protected":false},"author":74,"featured_media":0,"parent":0,"menu_order":10,"comment_status":"closed","ping_status":"open","template":"","meta":{"footnotes":""},"class_list":["post-42","page","type-page","status-publish","hentry"],"_links":{"self":[{"href":"https:\/\/kylat.ekarjala.fi\/kauriansalmi\/wp-json\/wp\/v2\/pages\/42","targetHints":{"allow":["GET"]}}],"collection":[{"href":"https:\/\/kylat.ekarjala.fi\/kauriansalmi\/wp-json\/wp\/v2\/pages"}],"about":[{"href":"https:\/\/kylat.ekarjala.fi\/kauriansalmi\/wp-json\/wp\/v2\/types\/page"}],"author":[{"embeddable":true,"href":"https:\/\/kylat.ekarjala.fi\/kauriansalmi\/wp-json\/wp\/v2\/users\/74"}],"replies":[{"embeddable":true,"href":"https:\/\/kylat.ekarjala.fi\/kauriansalmi\/wp-json\/wp\/v2\/comments?post=42"}],"version-history":[{"count":7,"href":"https:\/\/kylat.ekarjala.fi\/kauriansalmi\/wp-json\/wp\/v2\/pages\/42\/revisions"}],"predecessor-version":[{"id":897,"href":"https:\/\/kylat.ekarjala.fi\/kauriansalmi\/wp-json\/wp\/v2\/pages\/42\/revisions\/897"}],"wp:attachment":[{"href":"https:\/\/kylat.ekarjala.fi\/kauriansalmi\/wp-json\/wp\/v2\/media?parent=42"}],"curies":[{"name":"wp","href":"https:\/\/api.w.org\/{rel}","templated":true}]}}