{"id":44,"date":"2011-11-24T10:19:17","date_gmt":"2011-11-24T10:49:17","guid":{"rendered":"https:\/\/kylat.ekarjala.fi\/kauriansalmi\/?page_id=44"},"modified":"2015-09-04T05:53:07","modified_gmt":"2015-09-04T06:23:07","slug":"tapahtumat-2010","status":"publish","type":"page","link":"https:\/\/kylat.ekarjala.fi\/kauriansalmi\/tapahtumat-2010\/","title":{"rendered":"Tapahtumat 2010"},"content":{"rendered":"<p>14.5.2010 vietettiin Tarmo-kyl\u00e4kaupan avajaisia\u00a0Sanna Vasaran aloittaessa uutena kauppiaana\u00a0Tapiosaaressa.\u00a0\u00a0Avajaisissa kyl\u00e4yhdistys esitt\u00e4ytyi kaupan edustalla. Siin\u00e4 alettiin suunnitella torni-projektiin ryhtymist\u00e4.<br \/>\nSiivoustalkoot pidettiin 22.5.2010 ja markkinat olivat Kauriansalmella 12.6.2010.<br \/>\n10.6.2010 p\u00e4\u00e4tettiin ryhty\u00e4 rakentamaan Maisematornia Painalluksen m\u00e4elle hankenimell\u00e4 K\u00e4en Painallus.<\/p>\n<p>Maisematornihankkeen virallinen julkistamistilaisuus pidettiin 4.7.2010 Kauriansalmella Saimaan ymp\u00e4riajon ns. Wanhat autot tapahtuman yhteydess\u00e4.<\/p>\n<p><strong>Suur-Saimaan ymp\u00e4riajoon osallistuvat mobilistit pys\u00e4htyv\u00e4t Tapiosaaressa sunnuntaina 4.7.2010<\/strong><\/p>\n<p>18. Suur-Saimaan ymp\u00e4riajo 3. &#8211; 4.7.2010<br \/>\nLauantaina 3.7.: Lappeenranta \u2013 Imatra \u2013 Ruokolahti \u2013 Puumala \u2013 Anttola \u2013 Ristiina (Heimari)<br \/>\nSunnuntaina 4.7.: Mikkeli \u2013 Ristiina \u2013 Suomenniemi \u2013 Taipalsaari \u2013 Savitaipale \u2013 Lappeenranta (Linnoitus)<\/p>\n<p>Mottona: Hauskaa olla pitt\u00e4\u00e4<\/p>\n<p>Ajo on tarkoitettu museoajoneuvoik\u00e4isille, entis\u00f6idyille tai hyv\u00e4ss\u00e4 alkuper\u00e4iskunnossa oleville mobiileille ja konepy\u00f6rille. Pyrimme tekem\u00e4\u00e4n parhaamme, ett\u00e4 tapahtumasta muodostuisi j\u00e4lleen kes\u00e4n kohokohta kaikille mukana oleville.<\/p>\n<p><a title=\"\" href=\"http:\/\/yhdistykset.etela-karjala.fi\/e-kvajon\/ekva.htm\" target=\"_new\">Etel\u00e4-karjalan Vanhat Ajoneuvot ry<\/a><\/p>\n<div id='gallery-1' class='gallery galleryid-44 gallery-columns-3 gallery-size-thumbnail'><dl class='gallery-item'>\n\t\t\t<dt class='gallery-icon landscape'>\n\t\t\t\t<a href='https:\/\/kylat.ekarjala.fi\/kauriansalmi\/tapahtumat-2010\/2010_5\/'><img decoding=\"async\" width=\"150\" height=\"113\" src=\"https:\/\/kylat.ekarjala.fi\/kauriansalmi\/wp-content\/uploads\/sites\/35\/2011\/11\/2010_5.jpg\" class=\"attachment-thumbnail size-thumbnail\" alt=\"\" aria-describedby=\"gallery-1-77\" \/><\/a>\n\t\t\t<\/dt>\n\t\t\t\t<dd class='wp-caption-text gallery-caption' id='gallery-1-77'>\n\t\t\t\t Kauriansalmen kyl\u00e4yhdistyksen teltalla oli mahdollista herkkuja nautiskelemalla ja torniarvauskilpailuun osallistumalla tukea Painalluksenm\u00e4en maisematornihanketta\n\t\t\t\t<\/dd><\/dl><dl class='gallery-item'>\n\t\t\t<dt class='gallery-icon landscape'>\n\t\t\t\t<a href='https:\/\/kylat.ekarjala.fi\/kauriansalmi\/tapahtumat-2010\/2010_4\/'><img decoding=\"async\" width=\"150\" height=\"100\" src=\"https:\/\/kylat.ekarjala.fi\/kauriansalmi\/wp-content\/uploads\/sites\/35\/2011\/11\/2010_4.jpg\" class=\"attachment-thumbnail size-thumbnail\" alt=\"\" aria-describedby=\"gallery-1-78\" \/><\/a>\n\t\t\t<\/dt>\n\t\t\t\t<dd class='wp-caption-text gallery-caption' id='gallery-1-78'>\n\t\t\t\tSisu(kas) wanha kuormajuhta\n\t\t\t\t<\/dd><\/dl><dl class='gallery-item'>\n\t\t\t<dt class='gallery-icon landscape'>\n\t\t\t\t<a href='https:\/\/kylat.ekarjala.fi\/kauriansalmi\/tapahtumat-2010\/2010_3\/'><img decoding=\"async\" width=\"150\" height=\"113\" src=\"https:\/\/kylat.ekarjala.fi\/kauriansalmi\/wp-content\/uploads\/sites\/35\/2011\/11\/2010_3.jpg\" class=\"attachment-thumbnail size-thumbnail\" alt=\"\" aria-describedby=\"gallery-1-79\" \/><\/a>\n\t\t\t<\/dt>\n\t\t\t\t<dd class='wp-caption-text gallery-caption' id='gallery-1-79'>\n\t\t\t\t Linja-autossa on tunnelmaa, linja-autossa&#8230;\n\t\t\t\t<\/dd><\/dl><br style=\"clear: both\" \/><dl class='gallery-item'>\n\t\t\t<dt class='gallery-icon landscape'>\n\t\t\t\t<a href='https:\/\/kylat.ekarjala.fi\/kauriansalmi\/tapahtumat-2010\/2010_2\/'><img loading=\"lazy\" decoding=\"async\" width=\"150\" height=\"113\" src=\"https:\/\/kylat.ekarjala.fi\/kauriansalmi\/wp-content\/uploads\/sites\/35\/2011\/11\/2010_2.jpg\" class=\"attachment-thumbnail size-thumbnail\" alt=\"\" aria-describedby=\"gallery-1-80\" \/><\/a>\n\t\t\t<\/dt>\n\t\t\t\t<dd class='wp-caption-text gallery-caption' id='gallery-1-80'>\n\t\t\t\t18. Suur-Saimaan ymp\u00e4riajossa palkittu Cadillac Coupe Deville-65. Asu-ajoneuvokilpailun 3.sija, voitto 1950-1965 vuosimallien sarjassa ja kokonaiskilpailun jaettu 1. sija. Auton omistaa 4-vuotias Elina Eiskonen Suomenniemelt\u00e4. Museorekister\u00f6ity 2006. \n\t\t\t\t<\/dd><\/dl><dl class='gallery-item'>\n\t\t\t<dt class='gallery-icon landscape'>\n\t\t\t\t<a href='https:\/\/kylat.ekarjala.fi\/kauriansalmi\/tapahtumat-2010\/attachment\/2010\/'><img loading=\"lazy\" decoding=\"async\" width=\"150\" height=\"104\" src=\"https:\/\/kylat.ekarjala.fi\/kauriansalmi\/wp-content\/uploads\/sites\/35\/2011\/11\/2010.jpg\" class=\"attachment-thumbnail size-thumbnail\" alt=\"\" \/><\/a>\n\t\t\t<\/dt><\/dl>\n\t\t\t<br style='clear: both' \/>\n\t\t<\/div>\n\n<p>Rento rantailta j\u00e4rjestettiin vierasvenesatamassa 17.7.2010.<\/p>\n<p>Maisematornin viralliset avajaiset j\u00e4rjestettiin 17.9.2010.<\/p>\n<p>22.10.2010 pidettiin kes\u00e4n p\u00e4\u00e4t\u00f6ksen\u00e4 talkoolaisten kiitos-illallinen Mutterituvalla.<\/p>\n<p>Maisematornilla j\u00e4rjestettiin ensimm\u00e4ist\u00e4 kertaa Tuomaan p\u00e4iv\u00e4n jouluhartaus 21.12.2010.<\/p>\n<p>Uudensuoden vastaanotto j\u00e4rjestettiin maisematornin laavulla 31.12.2010.<\/p>\n","protected":false},"excerpt":{"rendered":"<p>14.5.2010 vietettiin Tarmo-kyl\u00e4kaupan avajaisia\u00a0Sanna Vasaran aloittaessa uutena kauppiaana\u00a0Tapiosaaressa.\u00a0\u00a0Avajaisissa kyl\u00e4yhdistys esitt\u00e4ytyi kaupan edustalla. Siin\u00e4 alettiin suunnitella torni-projektiin ryhtymist\u00e4. Siivoustalkoot pidettiin 22.5.2010 ja markkinat olivat Kauriansalmella 12.6.2010. 10.6.2010 p\u00e4\u00e4tettiin ryhty\u00e4 rakentamaan Maisematornia Painalluksen m\u00e4elle hankenimell\u00e4 K\u00e4en Painallus. Maisematornihankkeen virallinen julkistamistilaisuus pidettiin 4.7.2010 &hellip; <a href=\"https:\/\/kylat.ekarjala.fi\/kauriansalmi\/tapahtumat-2010\/\">Lue loppuun <span class=\"meta-nav\">&rarr;<\/span><\/a><\/p>\n","protected":false},"author":74,"featured_media":0,"parent":0,"menu_order":11,"comment_status":"closed","ping_status":"open","template":"","meta":{"footnotes":""},"class_list":["post-44","page","type-page","status-publish","hentry"],"_links":{"self":[{"href":"https:\/\/kylat.ekarjala.fi\/kauriansalmi\/wp-json\/wp\/v2\/pages\/44","targetHints":{"allow":["GET"]}}],"collection":[{"href":"https:\/\/kylat.ekarjala.fi\/kauriansalmi\/wp-json\/wp\/v2\/pages"}],"about":[{"href":"https:\/\/kylat.ekarjala.fi\/kauriansalmi\/wp-json\/wp\/v2\/types\/page"}],"author":[{"embeddable":true,"href":"https:\/\/kylat.ekarjala.fi\/kauriansalmi\/wp-json\/wp\/v2\/users\/74"}],"replies":[{"embeddable":true,"href":"https:\/\/kylat.ekarjala.fi\/kauriansalmi\/wp-json\/wp\/v2\/comments?post=44"}],"version-history":[{"count":8,"href":"https:\/\/kylat.ekarjala.fi\/kauriansalmi\/wp-json\/wp\/v2\/pages\/44\/revisions"}],"predecessor-version":[{"id":896,"href":"https:\/\/kylat.ekarjala.fi\/kauriansalmi\/wp-json\/wp\/v2\/pages\/44\/revisions\/896"}],"wp:attachment":[{"href":"https:\/\/kylat.ekarjala.fi\/kauriansalmi\/wp-json\/wp\/v2\/media?parent=44"}],"curies":[{"name":"wp","href":"https:\/\/api.w.org\/{rel}","templated":true}]}}