{"id":571,"date":"2012-11-16T18:52:16","date_gmt":"2012-11-16T19:22:16","guid":{"rendered":"https:\/\/kylat.ekarjala.fi\/kauriansalmi\/?page_id=571"},"modified":"2015-09-04T05:53:45","modified_gmt":"2015-09-04T06:23:45","slug":"tapahtumat-2012-2","status":"publish","type":"page","link":"https:\/\/kylat.ekarjala.fi\/kauriansalmi\/tapahtumat-2012-2\/","title":{"rendered":"Tapahtumat 2012"},"content":{"rendered":"<p>Mets\u00e4taitokilpailu Myllysillassa 21.7.2012<\/p>\n<p>Tulokset<\/p>\n<p><a href=\"https:\/\/kylat.ekarjala.fi\/kauriansalmi\/wp-content\/uploads\/sites\/35\/2012\/11\/Mets\u00e4taito-Suomenniemi-2012-tulokset-nuoret.pdf\">Mets\u00e4taito Suomenniemi 2012 tulokset, nuoret<\/a><\/p>\n<p><a href=\"https:\/\/kylat.ekarjala.fi\/kauriansalmi\/wp-content\/uploads\/sites\/35\/2012\/11\/Mets\u00e4taito-Suomenniemi-2012-tulokset-naiset.pdf\">Mets\u00e4taito Suomenniemi 2012 tulokset, naiset<\/a><\/p>\n<p><a href=\"https:\/\/kylat.ekarjala.fi\/kauriansalmi\/wp-content\/uploads\/sites\/35\/2012\/11\/Mets\u00e4taito-Suomenniemi-2012-tulokset-miehet.pdf\">Mets\u00e4taito Suomenniemi 2012 tulokset, miehet<\/a><\/p>\n<p>&nbsp;<\/p>\n<p>&nbsp;<\/p>\n<p>&nbsp;<\/p>\n<p>&nbsp;<\/p>\n","protected":false},"excerpt":{"rendered":"<p>Mets\u00e4taitokilpailu Myllysillassa 21.7.2012 Tulokset Mets\u00e4taito Suomenniemi 2012 tulokset, nuoret Mets\u00e4taito Suomenniemi 2012 tulokset, naiset Mets\u00e4taito Suomenniemi 2012 tulokset, miehet &nbsp; &nbsp; &nbsp; &nbsp;<\/p>\n","protected":false},"author":74,"featured_media":0,"parent":0,"menu_order":9,"comment_status":"closed","ping_status":"open","template":"","meta":{"footnotes":""},"class_list":["post-571","page","type-page","status-publish","hentry"],"_links":{"self":[{"href":"https:\/\/kylat.ekarjala.fi\/kauriansalmi\/wp-json\/wp\/v2\/pages\/571","targetHints":{"allow":["GET"]}}],"collection":[{"href":"https:\/\/kylat.ekarjala.fi\/kauriansalmi\/wp-json\/wp\/v2\/pages"}],"about":[{"href":"https:\/\/kylat.ekarjala.fi\/kauriansalmi\/wp-json\/wp\/v2\/types\/page"}],"author":[{"embeddable":true,"href":"https:\/\/kylat.ekarjala.fi\/kauriansalmi\/wp-json\/wp\/v2\/users\/74"}],"replies":[{"embeddable":true,"href":"https:\/\/kylat.ekarjala.fi\/kauriansalmi\/wp-json\/wp\/v2\/comments?post=571"}],"version-history":[{"count":4,"href":"https:\/\/kylat.ekarjala.fi\/kauriansalmi\/wp-json\/wp\/v2\/pages\/571\/revisions"}],"predecessor-version":[{"id":613,"href":"https:\/\/kylat.ekarjala.fi\/kauriansalmi\/wp-json\/wp\/v2\/pages\/571\/revisions\/613"}],"wp:attachment":[{"href":"https:\/\/kylat.ekarjala.fi\/kauriansalmi\/wp-json\/wp\/v2\/media?parent=571"}],"curies":[{"name":"wp","href":"https:\/\/api.w.org\/{rel}","templated":true}]}}