{"id":670,"date":"2013-08-01T18:42:36","date_gmt":"2013-08-01T19:12:36","guid":{"rendered":"https:\/\/kylat.ekarjala.fi\/kauriansalmi\/?page_id=670"},"modified":"2024-03-10T11:32:10","modified_gmt":"2024-03-10T12:02:10","slug":"metsataitoradan-tehtavakohtaiset-vastaukset","status":"publish","type":"page","link":"https:\/\/kylat.ekarjala.fi\/kauriansalmi\/metsataitorata\/metsataitoradan-tehtavakohtaiset-vastaukset\/","title":{"rendered":"Mets\u00e4taitoradan teht\u00e4v\u00e4kohtaiset vastaukset"},"content":{"rendered":"<p>Mets\u00e4taitoradan teht\u00e4v\u00e4kohtaiset vastaukset l\u00f6yd\u00e4t alla olevasta linkist\u00e4. Tosin oikeat vastaukset on jo melko lailla vanhentuneet, niit\u00e4 ei ole p\u00e4ivitetty vuoden 2018 j\u00e4lkeen, mets\u00e4h\u00e4n kasvaa ja kehittyy koko ajan! Radan teht\u00e4v\u00e4merkinn\u00e4t on kyll\u00e4 p\u00e4ivitetty 2022 ja teht\u00e4v\u00e4opasteen ovat paikoillaan. T\u00e4st\u00e4 p\u00e4\u00e4ssee jyv\u00e4lle arviointimenetelmist\u00e4.<br \/>\nToivottavasti viihdyit radalla ja mets\u00e4inen maailma avartui monimuotoisessa Suomenniemel\u00e4isess\u00e4 luontoymp\u00e4rist\u00f6ss\u00e4.<\/p>\n<p><a href=\"https:\/\/kylat.ekarjala.fi\/kauriansalmi\/wp-content\/uploads\/sites\/35\/2018\/08\/Mets\u00e4taitorata-oikeat-vastaukset-2018.pdf\">Mets\u00e4taitorata, oikeat vastaukset 2018<\/a><\/p>\n<p>Leimausteht\u00e4v\u00e4\u00e4 ei nyt ole, koska leimausalueella on tehty puunkorjuut\u00f6it\u00e4, eik\u00e4 leimattavia puita en\u00e4\u00e4 ole.<\/p>\n","protected":false},"excerpt":{"rendered":"<p>Mets\u00e4taitoradan teht\u00e4v\u00e4kohtaiset vastaukset l\u00f6yd\u00e4t alla olevasta linkist\u00e4. Tosin oikeat vastaukset on jo melko lailla vanhentuneet, niit\u00e4 ei ole p\u00e4ivitetty vuoden 2018 j\u00e4lkeen, mets\u00e4h\u00e4n kasvaa ja kehittyy koko ajan! Radan teht\u00e4v\u00e4merkinn\u00e4t on kyll\u00e4 p\u00e4ivitetty 2022 ja teht\u00e4v\u00e4opasteen ovat paikoillaan. T\u00e4st\u00e4 p\u00e4\u00e4ssee &hellip; <a href=\"https:\/\/kylat.ekarjala.fi\/kauriansalmi\/metsataitorata\/metsataitoradan-tehtavakohtaiset-vastaukset\/\">Lue loppuun <span class=\"meta-nav\">&rarr;<\/span><\/a><\/p>\n","protected":false},"author":74,"featured_media":0,"parent":655,"menu_order":0,"comment_status":"closed","ping_status":"closed","template":"","meta":{"footnotes":""},"class_list":["post-670","page","type-page","status-publish","hentry"],"_links":{"self":[{"href":"https:\/\/kylat.ekarjala.fi\/kauriansalmi\/wp-json\/wp\/v2\/pages\/670","targetHints":{"allow":["GET"]}}],"collection":[{"href":"https:\/\/kylat.ekarjala.fi\/kauriansalmi\/wp-json\/wp\/v2\/pages"}],"about":[{"href":"https:\/\/kylat.ekarjala.fi\/kauriansalmi\/wp-json\/wp\/v2\/types\/page"}],"author":[{"embeddable":true,"href":"https:\/\/kylat.ekarjala.fi\/kauriansalmi\/wp-json\/wp\/v2\/users\/74"}],"replies":[{"embeddable":true,"href":"https:\/\/kylat.ekarjala.fi\/kauriansalmi\/wp-json\/wp\/v2\/comments?post=670"}],"version-history":[{"count":14,"href":"https:\/\/kylat.ekarjala.fi\/kauriansalmi\/wp-json\/wp\/v2\/pages\/670\/revisions"}],"predecessor-version":[{"id":1637,"href":"https:\/\/kylat.ekarjala.fi\/kauriansalmi\/wp-json\/wp\/v2\/pages\/670\/revisions\/1637"}],"up":[{"embeddable":true,"href":"https:\/\/kylat.ekarjala.fi\/kauriansalmi\/wp-json\/wp\/v2\/pages\/655"}],"wp:attachment":[{"href":"https:\/\/kylat.ekarjala.fi\/kauriansalmi\/wp-json\/wp\/v2\/media?parent=670"}],"curies":[{"name":"wp","href":"https:\/\/api.w.org\/{rel}","templated":true}]}}