{"id":69,"date":"2011-11-24T10:28:13","date_gmt":"2011-11-24T10:58:13","guid":{"rendered":"https:\/\/kylat.ekarjala.fi\/kauriansalmi\/?page_id=69"},"modified":"2015-09-04T05:52:14","modified_gmt":"2015-09-04T06:22:14","slug":"tapahtumat-2007","status":"publish","type":"page","link":"https:\/\/kylat.ekarjala.fi\/kauriansalmi\/tapahtumat-2007\/","title":{"rendered":"Tapahtumat 2007"},"content":{"rendered":"<p><strong>Tuumataan ja tehd\u00e4\u00e4n yhdess\u00e4 &#8211; tapahtumia 2007<\/strong><\/p>\n<div id=\"attachment_70\" style=\"width: 298px\" class=\"wp-caption alignnone\"><a href=\"https:\/\/kylat.ekarjala.fi\/kauriansalmi\/wp-content\/uploads\/sites\/35\/2011\/11\/2007.jpg\"><img fetchpriority=\"high\" decoding=\"async\" aria-describedby=\"caption-attachment-70\" class=\"size-full wp-image-70  \" src=\"https:\/\/kylat.ekarjala.fi\/kauriansalmi\/wp-content\/uploads\/sites\/35\/2011\/11\/2007.jpg\" alt=\"\" width=\"288\" height=\"192\" \/><\/a><p id=\"caption-attachment-70\" class=\"wp-caption-text\">Tule mukaan!<\/p><\/div>\n<p>15:nnen Suur-Saimaan ymp\u00e4riajon pys\u00e4hdyspaikkana Puolmatka 1.7.! Tule ihmettelem\u00e4\u00e4n wanhojen autojen vilin\u00e4\u00e4, kun ne perinteiseen malliin pys\u00e4htyv\u00e4t p\u00e4iv\u00e4n aikana Tapiosaaressa.<\/p>\n<p>&#8230;&#8230;&#8230;&#8230;&#8230;&#8230;&#8230;&#8230;&#8230;&#8230;<\/p>\n<p>Puolmatkan markkinoilla tavataan! Kyl\u00e4yhdistyksell\u00e4 on 9.6. Puolmatkan pihalla pidett\u00e4v\u00e4ss\u00e4 vilkkaassa tapahtumassa oma Wanhojen Tawarain Kirpputori, letun- ja makkaranpaistoa sek\u00e4 arvontaa. Markkinat alkavat klo 10.<\/p>\n<p>&#8230;&#8230;&#8230;&#8230;&#8230;&#8230;&#8230;&#8230;&#8230;..<\/p>\n<p>27.5. on j\u00e4lleen reippaat kev\u00e4ttalkoot Tapiosaaressa. Tavataan Puolmatkan pihalla lauantaina klo 10! Ohjelmassa haravointia, istutuksia, aidan maalausta, makkaranpaistoa, kahvia&#8230; Illalla tanssit Puolmatkassa. Tervetuloa!<br \/>\n(Kutsu tapahtumaan sivun alareunassa.)<\/p>\n<p>&#8230;&#8230;&#8230;&#8230;&#8230;&#8230;&#8230;&#8230;&#8230;..<\/p>\n<p>Kyl\u00e4kysely on valmistunut ja kyl\u00e4l\u00e4isten n\u00e4kemykset on koottu vahvuuksien, heikkouksien, uhkien ja mahdollisuuksien SWOT-analyysiksi kev\u00e4\u00e4n 2007 aikana. Kiitos kaikille vastanneille. Kyl\u00e4suunnitelman teko jatkuu n\u00e4iden mielipiteiden pohjalta ja valmistuu suunnitelman mukaan vuoden 2007 aikana.<br \/>\n(Linkki analyysiin sivun alareunassa.)<\/p>\n<p>&#8230;&#8230;&#8230;&#8230;&#8230;&#8230;&#8230;&#8230;&#8230;..<\/p>\n<p>Kyl\u00e4yhdistyksen kev\u00e4tkokous pidet\u00e4\u00e4n 24.2.2007 Veka Shopilla. Esill\u00e4 s\u00e4\u00e4nt\u00f6jen m\u00e4\u00e4r\u00e4\u00e4mien asioiden tiimoilta mm. mielenkiintoisia suunnitelmia t\u00e4m\u00e4n vuoden toimintaa ajatellen. Luvassa vuonna 2007 mm. talkoot, aloitelaatikot, markkinat, kirpputori&#8230; Tervetuloa kaikki kyl\u00e4l\u00e4iset mukaan!(Kokousp\u00f6yt\u00e4kirjat l\u00f6ytyv\u00e4t &#8221;Kyl\u00e4yhdistys&#8221;-osiosta.)<\/p>\n<div id='gallery-1' class='gallery galleryid-69 gallery-columns-3 gallery-size-thumbnail'><dl class='gallery-item'>\n\t\t\t<dt class='gallery-icon landscape'>\n\t\t\t\t<a href='https:\/\/kylat.ekarjala.fi\/kauriansalmi\/tapahtumat-2007\/attachment\/2007\/'><img decoding=\"async\" width=\"150\" height=\"100\" src=\"https:\/\/kylat.ekarjala.fi\/kauriansalmi\/wp-content\/uploads\/sites\/35\/2011\/11\/2007.jpg\" class=\"attachment-thumbnail size-thumbnail\" alt=\"\" aria-describedby=\"gallery-1-70\" \/><\/a>\n\t\t\t<\/dt>\n\t\t\t\t<dd class='wp-caption-text gallery-caption' id='gallery-1-70'>\n\t\t\t\tTule mukaan!\n\t\t\t\t<\/dd><\/dl><dl class='gallery-item'>\n\t\t\t<dt class='gallery-icon landscape'>\n\t\t\t\t<a href='https:\/\/kylat.ekarjala.fi\/kauriansalmi\/tapahtumat-2007\/5-2\/'><img decoding=\"async\" width=\"150\" height=\"113\" src=\"https:\/\/kylat.ekarjala.fi\/kauriansalmi\/wp-content\/uploads\/sites\/35\/2011\/11\/51.jpg\" class=\"attachment-thumbnail size-thumbnail\" alt=\"\" \/><\/a>\n\t\t\t<\/dt><\/dl><dl class='gallery-item'>\n\t\t\t<dt class='gallery-icon landscape'>\n\t\t\t\t<a href='https:\/\/kylat.ekarjala.fi\/kauriansalmi\/tapahtumat-2007\/4-2\/'><img loading=\"lazy\" decoding=\"async\" width=\"150\" height=\"113\" src=\"https:\/\/kylat.ekarjala.fi\/kauriansalmi\/wp-content\/uploads\/sites\/35\/2011\/11\/41.jpg\" class=\"attachment-thumbnail size-thumbnail\" alt=\"\" aria-describedby=\"gallery-1-99\" \/><\/a>\n\t\t\t<\/dt>\n\t\t\t\t<dd class='wp-caption-text gallery-caption' id='gallery-1-99'>\n\t\t\t\tP\u00e4\u00e4dyst\u00e4 vedett\u00e4v\u00e4 s\u00e4nky on Tekla Kokkolan aitan vanhoja aarteita.\n\t\t\t\t<\/dd><\/dl><br style=\"clear: both\" \/><dl class='gallery-item'>\n\t\t\t<dt class='gallery-icon landscape'>\n\t\t\t\t<a href='https:\/\/kylat.ekarjala.fi\/kauriansalmi\/tapahtumat-2007\/3-2\/'><img loading=\"lazy\" decoding=\"async\" width=\"150\" height=\"113\" src=\"https:\/\/kylat.ekarjala.fi\/kauriansalmi\/wp-content\/uploads\/sites\/35\/2011\/11\/31.jpg\" class=\"attachment-thumbnail size-thumbnail\" alt=\"\" \/><\/a>\n\t\t\t<\/dt><\/dl><dl class='gallery-item'>\n\t\t\t<dt class='gallery-icon landscape'>\n\t\t\t\t<a href='https:\/\/kylat.ekarjala.fi\/kauriansalmi\/tapahtumat-2007\/2-2\/'><img loading=\"lazy\" decoding=\"async\" width=\"150\" height=\"113\" src=\"https:\/\/kylat.ekarjala.fi\/kauriansalmi\/wp-content\/uploads\/sites\/35\/2011\/11\/21.jpg\" class=\"attachment-thumbnail size-thumbnail\" alt=\"\" aria-describedby=\"gallery-1-101\" \/><\/a>\n\t\t\t<\/dt>\n\t\t\t\t<dd class='wp-caption-text gallery-caption' id='gallery-1-101'>\n\t\t\t\tKyl\u00e4toimikunnan pj Outi Kauria makkaranpaistossa.\n\t\t\t\t<\/dd><\/dl><dl class='gallery-item'>\n\t\t\t<dt class='gallery-icon landscape'>\n\t\t\t\t<a href='https:\/\/kylat.ekarjala.fi\/kauriansalmi\/tapahtumat-2007\/1-2\/'><img loading=\"lazy\" decoding=\"async\" width=\"150\" height=\"113\" src=\"https:\/\/kylat.ekarjala.fi\/kauriansalmi\/wp-content\/uploads\/sites\/35\/2011\/11\/13.jpg\" class=\"attachment-thumbnail size-thumbnail\" alt=\"\" aria-describedby=\"gallery-1-102\" \/><\/a>\n\t\t\t<\/dt>\n\t\t\t\t<dd class='wp-caption-text gallery-caption' id='gallery-1-102'>\n\t\t\t\tMarkkinoilla kirpputorin \u00e4\u00e4rell\u00e4 p\u00e4iv\u00e4\u00e4 paistattelivat muiden muassa Terttu Liukkonen (vas.) ja Tarja Savonen.\n\t\t\t\t<\/dd><\/dl><br style=\"clear: both\" \/>\n\t\t<\/div>\n\n","protected":false},"excerpt":{"rendered":"<p>Tuumataan ja tehd\u00e4\u00e4n yhdess\u00e4 &#8211; tapahtumia 2007 15:nnen Suur-Saimaan ymp\u00e4riajon pys\u00e4hdyspaikkana Puolmatka 1.7.! Tule ihmettelem\u00e4\u00e4n wanhojen autojen vilin\u00e4\u00e4, kun ne perinteiseen malliin pys\u00e4htyv\u00e4t p\u00e4iv\u00e4n aikana Tapiosaaressa. &#8230;&#8230;&#8230;&#8230;&#8230;&#8230;&#8230;&#8230;&#8230;&#8230; Puolmatkan markkinoilla tavataan! Kyl\u00e4yhdistyksell\u00e4 on 9.6. Puolmatkan pihalla pidett\u00e4v\u00e4ss\u00e4 vilkkaassa tapahtumassa oma Wanhojen &hellip; <a href=\"https:\/\/kylat.ekarjala.fi\/kauriansalmi\/tapahtumat-2007\/\">Lue loppuun <span class=\"meta-nav\">&rarr;<\/span><\/a><\/p>\n","protected":false},"author":74,"featured_media":0,"parent":0,"menu_order":14,"comment_status":"closed","ping_status":"open","template":"","meta":{"footnotes":""},"class_list":["post-69","page","type-page","status-publish","hentry"],"_links":{"self":[{"href":"https:\/\/kylat.ekarjala.fi\/kauriansalmi\/wp-json\/wp\/v2\/pages\/69","targetHints":{"allow":["GET"]}}],"collection":[{"href":"https:\/\/kylat.ekarjala.fi\/kauriansalmi\/wp-json\/wp\/v2\/pages"}],"about":[{"href":"https:\/\/kylat.ekarjala.fi\/kauriansalmi\/wp-json\/wp\/v2\/types\/page"}],"author":[{"embeddable":true,"href":"https:\/\/kylat.ekarjala.fi\/kauriansalmi\/wp-json\/wp\/v2\/users\/74"}],"replies":[{"embeddable":true,"href":"https:\/\/kylat.ekarjala.fi\/kauriansalmi\/wp-json\/wp\/v2\/comments?post=69"}],"version-history":[{"count":4,"href":"https:\/\/kylat.ekarjala.fi\/kauriansalmi\/wp-json\/wp\/v2\/pages\/69\/revisions"}],"predecessor-version":[{"id":894,"href":"https:\/\/kylat.ekarjala.fi\/kauriansalmi\/wp-json\/wp\/v2\/pages\/69\/revisions\/894"}],"wp:attachment":[{"href":"https:\/\/kylat.ekarjala.fi\/kauriansalmi\/wp-json\/wp\/v2\/media?parent=69"}],"curies":[{"name":"wp","href":"https:\/\/api.w.org\/{rel}","templated":true}]}}