{"id":1139,"date":"2012-09-25T12:04:14","date_gmt":"2012-09-25T10:34:14","guid":{"rendered":"https:\/\/kylat.ekarjala.fi\/kiesila\/?page_id=1139"},"modified":"2012-09-25T12:05:00","modified_gmt":"2012-09-25T10:35:00","slug":"kulkukauppiaat","status":"publish","type":"page","link":"https:\/\/kylat.ekarjala.fi\/kiesila\/tarinat-talteen\/kulkukauppiaat\/","title":{"rendered":"Kulkukauppiaat"},"content":{"rendered":"<p><strong>Kulkukauppiaat<\/strong><br \/>\nEdell\u00e4 mainittujen kauppojen lis\u00e4ksi k\u00e4vi joskus kulkukauppias. Esko Korpisalo muisti, ett\u00e4 h\u00e4nen nimens\u00e4 oli Iivari Tahvanainen ja ett\u00e4 h\u00e4n oli kotoisin Aunuksesta. Kauppiaalla oli iso matkalaukku, jossa olivat hyv\u00e4ss\u00e4 j\u00e4rjestyksess\u00e4 kaikkea mahdollista pient\u00e4 tavaraa. Kauppamies y\u00f6pyi eri taloissa kauppareittins\u00e4 varrella. Matka taittui polkupy\u00f6r\u00e4ll\u00e4 ja jalan. Toinen kaupantekij\u00e4porukka olivat ns. \u201dr\u00e4ttimiehet\u201d. He liikkuivat hevospelill\u00e4. K\u00e4rryilt\u00e4 voi ostaa esim. Kannaksella tehtyj\u00e4 saviruukkuja. Eeva muisti, ett\u00e4 Saalastin taloonkin oli ostettu iso taikinaruukku sek\u00e4 pienempi\u00e4 ruukkuja. N\u00e4m\u00e4 r\u00e4ttimiehet ker\u00e4siv\u00e4t my\u00f6s kaikki lumput ja r\u00e4tit, mit\u00e4 vaan taloista annettiin. Sit\u00e4 paitsi he ostivat is\u00e4nnilt\u00e4 hevosen harja- ja h\u00e4nt\u00e4jouhia.<\/p>\n","protected":false},"excerpt":{"rendered":"<p>Kulkukauppiaat Edell\u00e4 mainittujen kauppojen lis\u00e4ksi k\u00e4vi joskus kulkukauppias. Esko Korpisalo muisti, ett\u00e4 h\u00e4nen nimens\u00e4 oli Iivari Tahvanainen ja ett\u00e4 h\u00e4n oli kotoisin Aunuksesta. Kauppiaalla oli iso matkalaukku, jossa olivat hyv\u00e4ss\u00e4 j\u00e4rjestyksess\u00e4 kaikkea mahdollista pient\u00e4 tavaraa. Kauppamies y\u00f6pyi eri taloissa kauppareittins\u00e4 &hellip; <a href=\"https:\/\/kylat.ekarjala.fi\/kiesila\/tarinat-talteen\/kulkukauppiaat\/\">Lue loppuun <span class=\"meta-nav\">&rarr;<\/span><\/a><\/p>\n","protected":false},"author":59,"featured_media":0,"parent":721,"menu_order":0,"comment_status":"closed","ping_status":"closed","template":"","meta":{"footnotes":""},"class_list":["post-1139","page","type-page","status-publish","hentry"],"_links":{"self":[{"href":"https:\/\/kylat.ekarjala.fi\/kiesila\/wp-json\/wp\/v2\/pages\/1139","targetHints":{"allow":["GET"]}}],"collection":[{"href":"https:\/\/kylat.ekarjala.fi\/kiesila\/wp-json\/wp\/v2\/pages"}],"about":[{"href":"https:\/\/kylat.ekarjala.fi\/kiesila\/wp-json\/wp\/v2\/types\/page"}],"author":[{"embeddable":true,"href":"https:\/\/kylat.ekarjala.fi\/kiesila\/wp-json\/wp\/v2\/users\/59"}],"replies":[{"embeddable":true,"href":"https:\/\/kylat.ekarjala.fi\/kiesila\/wp-json\/wp\/v2\/comments?post=1139"}],"version-history":[{"count":4,"href":"https:\/\/kylat.ekarjala.fi\/kiesila\/wp-json\/wp\/v2\/pages\/1139\/revisions"}],"predecessor-version":[{"id":1143,"href":"https:\/\/kylat.ekarjala.fi\/kiesila\/wp-json\/wp\/v2\/pages\/1139\/revisions\/1143"}],"up":[{"embeddable":true,"href":"https:\/\/kylat.ekarjala.fi\/kiesila\/wp-json\/wp\/v2\/pages\/721"}],"wp:attachment":[{"href":"https:\/\/kylat.ekarjala.fi\/kiesila\/wp-json\/wp\/v2\/media?parent=1139"}],"curies":[{"name":"wp","href":"https:\/\/api.w.org\/{rel}","templated":true}]}}