{"id":20,"date":"2011-11-02T10:24:49","date_gmt":"2011-11-02T08:54:49","guid":{"rendered":"https:\/\/kylat.ekarjala.fi\/kiesila\/?page_id=20"},"modified":"2026-03-06T09:34:06","modified_gmt":"2026-03-06T08:04:06","slug":"kiesilan-era-ry","status":"publish","type":"page","link":"https:\/\/kylat.ekarjala.fi\/kiesila\/kiesilan-era-ry\/","title":{"rendered":"Kiesil\u00e4n Er\u00e4 ry"},"content":{"rendered":"\n<p><strong>Kiesil\u00e4n Er\u00e4 ry:n vuosikokous lauantaina 7.3.2026 klo 13:00<br>Olli Kiesil\u00e4n pihatalossa, Kiesil\u00e4nkuja 7<br>K\u00e4sitell\u00e4\u00e4n vuosikokousasiat.<br>Tervetuloa<br>Kahvitarjoilu!<\/strong><\/p>\n\n\n\n<p>_____________________________________________________________<\/p>\n\n\n\n<p><strong>Syksyn hirvijahti on p\u00e4\u00e4ttynyt.<\/strong><\/p>\n\n\n\n<figure class=\"wp-block-image size-large\"><a href=\"https:\/\/kylat.ekarjala.fi\/kiesila\/wp-content\/uploads\/sites\/30\/2025\/11\/Jahtitilanne_22-11-2025.jpg\"><img loading=\"lazy\" decoding=\"async\" width=\"1024\" height=\"444\" src=\"https:\/\/kylat.ekarjala.fi\/kiesila\/wp-content\/uploads\/sites\/30\/2025\/11\/Jahtitilanne_22-11-2025-1024x444.jpg\" alt=\"\" class=\"wp-image-6466\" srcset=\"https:\/\/kylat.ekarjala.fi\/kiesila\/wp-content\/uploads\/sites\/30\/2025\/11\/Jahtitilanne_22-11-2025-1024x444.jpg 1024w, https:\/\/kylat.ekarjala.fi\/kiesila\/wp-content\/uploads\/sites\/30\/2025\/11\/Jahtitilanne_22-11-2025-300x130.jpg 300w, https:\/\/kylat.ekarjala.fi\/kiesila\/wp-content\/uploads\/sites\/30\/2025\/11\/Jahtitilanne_22-11-2025-768x333.jpg 768w, https:\/\/kylat.ekarjala.fi\/kiesila\/wp-content\/uploads\/sites\/30\/2025\/11\/Jahtitilanne_22-11-2025.jpg 1246w\" sizes=\"auto, (max-width: 1024px) 100vw, 1024px\" \/><\/a><\/figure>\n\n\n\n<p><strong>Vuosikokouksen 2025 p\u00e4\u00e4t\u00f6ksi\u00e4:<\/strong><\/p>\n\n\n\n<p>J\u00e4senmaksu 2025 on 50 euroa. Maksu tilille FI98 5415 0020 0406 38, Viite: 1012<\/p>\n\n\n\n<p>Johtokunta 2025:<br>Puheenjohtaja Ville Ruottinen, s-posti ville.ruottinen@edusampo.fi puh. 050 447 1011, Varapuheenjohtaja Heikki Kiesil\u00e4, s-posti heikki.kiesila@gmail.com, puh 050 551 3483<br>sihteeri Antti Lahtinen, rahastonhoitaja Heikki Kiesil\u00e4.<br>Muut johtokunnan j\u00e4senet: Hannu Kokkonen, Henri Bj\u00f6rn ja Iikka H\u00e4kkinen.<\/p>\n\n\n\n<p>Johtokunta toimii majatoimikuntana sek\u00e4 Mauri Hyv\u00e4rinen.<br>Suurpetoyhdyshenkil\u00f6t:<br>Hannu Kokkonen p. 041 455 7289, varalla Markus Syrj\u00e4l\u00e4inen p. 040 5518197<br>Olli Kiesil\u00e4, puh. 0400 258839, SRVA yhdyshenkil\u00f6 RHY:n suuntaan.<br>__________________________________________________________<\/p>\n\n\n\n<figure class=\"wp-block-image size-large is-resized\"><a href=\"https:\/\/kylat.ekarjala.fi\/kiesila\/wp-content\/uploads\/sites\/30\/2024\/11\/Jahtitilanne_24-11-2024.jpg\"><img loading=\"lazy\" decoding=\"async\" width=\"1024\" height=\"524\" src=\"https:\/\/kylat.ekarjala.fi\/kiesila\/wp-content\/uploads\/sites\/30\/2024\/11\/Jahtitilanne_24-11-2024-1024x524.jpg\" alt=\"\" class=\"wp-image-6364\" style=\"width:728px;height:auto\" srcset=\"https:\/\/kylat.ekarjala.fi\/kiesila\/wp-content\/uploads\/sites\/30\/2024\/11\/Jahtitilanne_24-11-2024-1024x524.jpg 1024w, https:\/\/kylat.ekarjala.fi\/kiesila\/wp-content\/uploads\/sites\/30\/2024\/11\/Jahtitilanne_24-11-2024-300x153.jpg 300w, https:\/\/kylat.ekarjala.fi\/kiesila\/wp-content\/uploads\/sites\/30\/2024\/11\/Jahtitilanne_24-11-2024-768x393.jpg 768w, https:\/\/kylat.ekarjala.fi\/kiesila\/wp-content\/uploads\/sites\/30\/2024\/11\/Jahtitilanne_24-11-2024.jpg 1251w\" sizes=\"auto, (max-width: 1024px) 100vw, 1024px\" \/><\/a><\/figure>\n\n\n\n<p><br>_______________________________________________________<\/p>\n\n\n\n<p>Vuosikokouksen 2024 p\u00e4\u00e4t\u00f6ksi\u00e4:<\/p>\n\n\n\n<p><strong>J\u00e4senmaksu 2024 on 50 euroa. Maksu tilille FI98 5415 0020 0406 38, Viite: 1012<\/strong><\/p>\n\n\n\n<p>Johtokunta 2024:<br>Puheenjohtaja Ville Ruottinen, s-posti ville.ruottinen@edusampo.fi puh. 050 447 1011, Varapuheenjohtaja Heikki Kiesil\u00e4, s-posti heikki.kiesila@gmail.com, puh 050 551 3483<br>sihteeri Antti Lahtinen, rahastonhoitaja Heikki Kiesil\u00e4.<br>Muut johtokunnan j\u00e4senet: Juho Heikka, Henri Bj\u00f6rn ja Hannu Kokkonen.<\/p>\n\n\n\n<p>Johtokunta toimii majatoimikuntana.<\/p>\n\n\n\n<p>Suurpetoyhdyshenkil\u00f6t:<br>Hannu Kokkonen p. 041 455 7289, varalla Markus Syrj\u00e4l\u00e4inen p. 040 5518197<\/p>\n\n\n\n<p><strong> <\/strong><\/p>\n\n\n\n<hr class=\"wp-block-separator has-alpha-channel-opacity\" \/>\n\n\n\n<figure class=\"wp-block-image size-large\"><a href=\"https:\/\/kylat.ekarjala.fi\/kiesila\/wp-content\/uploads\/sites\/30\/2024\/01\/Jahtitilanne_2-12-2023.jpg\"><img loading=\"lazy\" decoding=\"async\" width=\"1024\" height=\"511\" src=\"https:\/\/kylat.ekarjala.fi\/kiesila\/wp-content\/uploads\/sites\/30\/2024\/01\/Jahtitilanne_2-12-2023-1024x511.jpg\" alt=\"\" class=\"wp-image-6207\" srcset=\"https:\/\/kylat.ekarjala.fi\/kiesila\/wp-content\/uploads\/sites\/30\/2024\/01\/Jahtitilanne_2-12-2023-1024x511.jpg 1024w, https:\/\/kylat.ekarjala.fi\/kiesila\/wp-content\/uploads\/sites\/30\/2024\/01\/Jahtitilanne_2-12-2023-300x150.jpg 300w, https:\/\/kylat.ekarjala.fi\/kiesila\/wp-content\/uploads\/sites\/30\/2024\/01\/Jahtitilanne_2-12-2023-768x383.jpg 768w, https:\/\/kylat.ekarjala.fi\/kiesila\/wp-content\/uploads\/sites\/30\/2024\/01\/Jahtitilanne_2-12-2023.jpg 1243w\" sizes=\"auto, (max-width: 1024px) 100vw, 1024px\" \/><\/a><\/figure>\n\n\n\n<p>_________________________________________________<\/p>\n\n\n\n<p><strong>Hirvijahdin valmistelua majalla la 7.10. klo 8 alkaen.<\/strong><br>Varsinainen hirvijahti alkaa lauantaina 14.10 klo 8:00 Majalta<\/p>\n\n\n\n<p>__________________________________________________<\/p>\n\n\n\n<p><strong>Kes\u00e4kokous sunnuntaina 6.8.  klo 13:00 Ollin pihatalossa<\/strong><br>K\u00e4sitell\u00e4\u00e4n s\u00e4\u00e4nt\u00f6m\u00e4\u00e4r\u00e4iset kokousasiat. <br>Tervetuloa!<br>____________________________________________________<\/p>\n\n\n\n<p><strong>Kev\u00e4\u00e4n talkoop\u00e4iv\u00e4t 13.5. ja 20.5.<\/strong> <br>J\u00e4senmaksu 2023 on 50 euroa. Maksu tilille FI98 5415 0020 0406 38, Viite: 1012<br>______________________________________________<\/p>\n\n\n\n<p>Vuosikokous sunnuntaina 19.2.2023 klo 12:00 Ollin pihatalolla.<br>___________________________________________________<\/p>\n\n\n\n<p>Riistakolmiolaskenta 19.2.2023. peruttu lumisateen takia! <\/p>\n\n\n\n<p>____________________________________________________<\/p>\n\n\n<p><strong>Hirvijahti\u00a0 2022 on p\u00e4\u00e4ttynyt!<br \/><\/strong><\/p>\n<p><a href=\"https:\/\/kylat.ekarjala.fi\/kiesila\/wp-content\/uploads\/sites\/30\/2022\/12\/Jahtitilanne_6-12-2022.jpg\"><img loading=\"lazy\" decoding=\"async\" class=\"alignnone size-large wp-image-5670\" src=\"https:\/\/kylat.ekarjala.fi\/kiesila\/wp-content\/uploads\/sites\/30\/2022\/12\/Jahtitilanne_6-12-2022-1024x595.jpg\" alt=\"\" width=\"640\" height=\"372\" srcset=\"https:\/\/kylat.ekarjala.fi\/kiesila\/wp-content\/uploads\/sites\/30\/2022\/12\/Jahtitilanne_6-12-2022-1024x595.jpg 1024w, https:\/\/kylat.ekarjala.fi\/kiesila\/wp-content\/uploads\/sites\/30\/2022\/12\/Jahtitilanne_6-12-2022-300x174.jpg 300w, https:\/\/kylat.ekarjala.fi\/kiesila\/wp-content\/uploads\/sites\/30\/2022\/12\/Jahtitilanne_6-12-2022-768x446.jpg 768w, https:\/\/kylat.ekarjala.fi\/kiesila\/wp-content\/uploads\/sites\/30\/2022\/12\/Jahtitilanne_6-12-2022.jpg 1243w\" sizes=\"auto, (max-width: 640px) 100vw, 640px\" \/><\/a><\/p>\n<p>_______________________________________________________<\/p>\n<p style=\"text-align: left\">Vuosikokouksen 2023 p\u00e4\u00e4t\u00f6ksi\u00e4:<\/p>\n<p><strong>J\u00e4senmaksu 2023 on 50 euroa. Maksu tilille FI98 5415 0020 0406 38, Viite: 1012<\/strong><\/p>\n<p>Johtokunta 2023:<br \/>Puheenjohtaja Ville Ruottinen, s-posti ville.ruottinen@edusampo.fi puh. 050 447 1011, Varapuheenjohtaja Heikki Kiesil\u00e4, s-posti heikki.kiesila@gmail.com, puh 050 551 3483<br \/>sihteeri Antti Lahtinen, rahastonhoitaja Heikki Kiesil\u00e4.<br \/>Muut johtokunnan j\u00e4senet: Juho Heikka, Henri Bj\u00f6rn ja Hannu Kokkonen.<\/p>\n<p>Johtokunta toimii majatoimikuntana. <\/p>\n<p>Suurpetoyhdyshenkil\u00f6t:<br \/>Hannu Kokkonen p. 041 455 7289, varalla Markus Syrj\u00e4l\u00e4inen p. 040 5518197<br \/>&#8212;&#8212;&#8212;&#8212;&#8212;&#8212;&#8212;&#8212;&#8212;&#8212;&#8212;&#8212;&#8212;&#8212;&#8212;&#8212;&#8212;&#8212;&#8212;&#8212;&#8212;&#8212;&#8212;&#8212;&#8212;&#8212;&#8212;&#8212;&#8212;&#8212;&#8212;&#8212;<\/p>\n<p><a href=\"https:\/\/kylat.ekarjala.fi\/kiesila\/wp-content\/uploads\/sites\/30\/2022\/03\/Jahtitilanne_28-11-2021-page-001.jpg\"><img loading=\"lazy\" decoding=\"async\" class=\"alignleft size-large wp-image-5373\" src=\"https:\/\/kylat.ekarjala.fi\/kiesila\/wp-content\/uploads\/sites\/30\/2022\/03\/Jahtitilanne_28-11-2021-page-001-1024x573.jpg\" alt=\"\" width=\"640\" height=\"358\" srcset=\"https:\/\/kylat.ekarjala.fi\/kiesila\/wp-content\/uploads\/sites\/30\/2022\/03\/Jahtitilanne_28-11-2021-page-001-1024x573.jpg 1024w, https:\/\/kylat.ekarjala.fi\/kiesila\/wp-content\/uploads\/sites\/30\/2022\/03\/Jahtitilanne_28-11-2021-page-001-300x168.jpg 300w, https:\/\/kylat.ekarjala.fi\/kiesila\/wp-content\/uploads\/sites\/30\/2022\/03\/Jahtitilanne_28-11-2021-page-001-768x430.jpg 768w, https:\/\/kylat.ekarjala.fi\/kiesila\/wp-content\/uploads\/sites\/30\/2022\/03\/Jahtitilanne_28-11-2021-page-001.jpg 1297w\" sizes=\"auto, (max-width: 640px) 100vw, 640px\" \/><\/a><\/p>\n<p>_________________________________________________________<\/p>\n<p style=\"text-align: center;padding-left: 40px\"><strong><a href=\"https:\/\/kylat.ekarjala.fi\/kiesila\/wp-content\/uploads\/sites\/30\/2020\/12\/Lopputilanne-scaled.jpeg\"><img loading=\"lazy\" decoding=\"async\" class=\"wp-image-4910 alignleft\" src=\"https:\/\/kylat.ekarjala.fi\/kiesila\/wp-content\/uploads\/sites\/30\/2020\/12\/Lopputilanne-1024x568.jpeg\" alt=\"\" width=\"634\" height=\"351\" srcset=\"https:\/\/kylat.ekarjala.fi\/kiesila\/wp-content\/uploads\/sites\/30\/2020\/12\/Lopputilanne-1024x568.jpeg 1024w, https:\/\/kylat.ekarjala.fi\/kiesila\/wp-content\/uploads\/sites\/30\/2020\/12\/Lopputilanne-300x167.jpeg 300w, https:\/\/kylat.ekarjala.fi\/kiesila\/wp-content\/uploads\/sites\/30\/2020\/12\/Lopputilanne-768x426.jpeg 768w, https:\/\/kylat.ekarjala.fi\/kiesila\/wp-content\/uploads\/sites\/30\/2020\/12\/Lopputilanne-1536x853.jpeg 1536w, https:\/\/kylat.ekarjala.fi\/kiesila\/wp-content\/uploads\/sites\/30\/2020\/12\/Lopputilanne-2048x1137.jpeg 2048w\" sizes=\"auto, (max-width: 634px) 100vw, 634px\" \/><\/a><\/strong><\/p>\n<p>_____________________________________________<\/p>\n<p style=\"text-align: center\"><a href=\"https:\/\/kylat.ekarjala.fi\/kiesila\/wp-content\/uploads\/sites\/30\/2022\/12\/loppu-scaled.jpeg\"><img loading=\"lazy\" decoding=\"async\" class=\"alignnone size-large wp-image-5693\" src=\"https:\/\/kylat.ekarjala.fi\/kiesila\/wp-content\/uploads\/sites\/30\/2022\/12\/loppu-1024x647.jpeg\" alt=\"\" width=\"640\" height=\"404\" srcset=\"https:\/\/kylat.ekarjala.fi\/kiesila\/wp-content\/uploads\/sites\/30\/2022\/12\/loppu-1024x647.jpeg 1024w, https:\/\/kylat.ekarjala.fi\/kiesila\/wp-content\/uploads\/sites\/30\/2022\/12\/loppu-300x190.jpeg 300w, https:\/\/kylat.ekarjala.fi\/kiesila\/wp-content\/uploads\/sites\/30\/2022\/12\/loppu-768x485.jpeg 768w, https:\/\/kylat.ekarjala.fi\/kiesila\/wp-content\/uploads\/sites\/30\/2022\/12\/loppu-1536x971.jpeg 1536w, https:\/\/kylat.ekarjala.fi\/kiesila\/wp-content\/uploads\/sites\/30\/2022\/12\/loppu-2048x1295.jpeg 2048w\" sizes=\"auto, (max-width: 640px) 100vw, 640px\" \/><\/a><\/p>\n<p>________________________________________________________<\/p>\n<\/p>\n<p><strong>Hirvijahti alkoi\u00a0 13.10. ja p\u00e4\u00e4ttyi 8.12.2018<br \/><\/strong><\/p>\n<p><a href=\"https:\/\/kylat.ekarjala.fi\/kiesila\/wp-content\/uploads\/sites\/30\/2018\/12\/8-12.jpeg\"><img loading=\"lazy\" decoding=\"async\" class=\"alignleft wp-image-4329 size-large\" src=\"https:\/\/kylat.ekarjala.fi\/kiesila\/wp-content\/uploads\/sites\/30\/2018\/12\/8-12-1024x651.jpeg\" alt=\"\" width=\"640\" height=\"407\" srcset=\"https:\/\/kylat.ekarjala.fi\/kiesila\/wp-content\/uploads\/sites\/30\/2018\/12\/8-12-1024x651.jpeg 1024w, https:\/\/kylat.ekarjala.fi\/kiesila\/wp-content\/uploads\/sites\/30\/2018\/12\/8-12-300x191.jpeg 300w, https:\/\/kylat.ekarjala.fi\/kiesila\/wp-content\/uploads\/sites\/30\/2018\/12\/8-12-768x488.jpeg 768w\" sizes=\"auto, (max-width: 640px) 100vw, 640px\" \/><\/a><br \/>_____________________________________________________________<\/p>\n<p>Hy\u00f6hl\u00e4n nuolukiven hirvi\u00e4 2018:<\/p>\n<p><a href=\"https:\/\/kylat.ekarjala.fi\/kiesila\/wp-content\/uploads\/sites\/30\/2018\/07\/2_7_2018.jpg\"><img loading=\"lazy\" decoding=\"async\" class=\"alignleft size-medium wp-image-4117\" src=\"https:\/\/kylat.ekarjala.fi\/kiesila\/wp-content\/uploads\/sites\/30\/2018\/07\/2_7_2018-300x225.jpg\" alt=\"\" width=\"300\" height=\"225\" srcset=\"https:\/\/kylat.ekarjala.fi\/kiesila\/wp-content\/uploads\/sites\/30\/2018\/07\/2_7_2018-300x225.jpg 300w, https:\/\/kylat.ekarjala.fi\/kiesila\/wp-content\/uploads\/sites\/30\/2018\/07\/2_7_2018-768x576.jpg 768w, https:\/\/kylat.ekarjala.fi\/kiesila\/wp-content\/uploads\/sites\/30\/2018\/07\/2_7_2018-1024x768.jpg 1024w, https:\/\/kylat.ekarjala.fi\/kiesila\/wp-content\/uploads\/sites\/30\/2018\/07\/2_7_2018.jpg 1280w\" sizes=\"auto, (max-width: 300px) 100vw, 300px\" \/><\/a> <a href=\"https:\/\/kylat.ekarjala.fi\/kiesila\/wp-content\/uploads\/sites\/30\/2018\/07\/6_7_2018.jpg\"><img loading=\"lazy\" decoding=\"async\" class=\"alignleft size-medium wp-image-4118\" src=\"https:\/\/kylat.ekarjala.fi\/kiesila\/wp-content\/uploads\/sites\/30\/2018\/07\/6_7_2018-300x225.jpg\" alt=\"\" width=\"300\" height=\"225\" srcset=\"https:\/\/kylat.ekarjala.fi\/kiesila\/wp-content\/uploads\/sites\/30\/2018\/07\/6_7_2018-300x225.jpg 300w, https:\/\/kylat.ekarjala.fi\/kiesila\/wp-content\/uploads\/sites\/30\/2018\/07\/6_7_2018-768x576.jpg 768w, https:\/\/kylat.ekarjala.fi\/kiesila\/wp-content\/uploads\/sites\/30\/2018\/07\/6_7_2018-1024x768.jpg 1024w, https:\/\/kylat.ekarjala.fi\/kiesila\/wp-content\/uploads\/sites\/30\/2018\/07\/6_7_2018.jpg 1280w\" sizes=\"auto, (max-width: 300px) 100vw, 300px\" \/><\/a><\/p>\n<p><a href=\"https:\/\/kylat.ekarjala.fi\/kiesila\/wp-content\/uploads\/sites\/30\/2018\/07\/Ema_kaksivasaa.jpg\"><img loading=\"lazy\" decoding=\"async\" class=\"alignleft size-medium wp-image-4149\" src=\"https:\/\/kylat.ekarjala.fi\/kiesila\/wp-content\/uploads\/sites\/30\/2018\/07\/Ema_kaksivasaa-300x225.jpg\" alt=\"\" width=\"300\" height=\"225\" srcset=\"https:\/\/kylat.ekarjala.fi\/kiesila\/wp-content\/uploads\/sites\/30\/2018\/07\/Ema_kaksivasaa-300x225.jpg 300w, https:\/\/kylat.ekarjala.fi\/kiesila\/wp-content\/uploads\/sites\/30\/2018\/07\/Ema_kaksivasaa-768x576.jpg 768w, https:\/\/kylat.ekarjala.fi\/kiesila\/wp-content\/uploads\/sites\/30\/2018\/07\/Ema_kaksivasaa-1024x768.jpg 1024w, https:\/\/kylat.ekarjala.fi\/kiesila\/wp-content\/uploads\/sites\/30\/2018\/07\/Ema_kaksivasaa.jpg 1280w\" sizes=\"auto, (max-width: 300px) 100vw, 300px\" \/><\/a><\/p>\n<p>___________________________________________________________<\/p>\n<p><strong>Hirvijahti\u00a0 2017<br \/><\/strong><\/p>\n<p><a href=\"https:\/\/kylat.ekarjala.fi\/kiesila\/wp-content\/uploads\/sites\/30\/2011\/11\/jahti-2.jpeg\"><img loading=\"lazy\" decoding=\"async\" class=\"alignleft size-large wp-image-3957\" src=\"https:\/\/kylat.ekarjala.fi\/kiesila\/wp-content\/uploads\/sites\/30\/2011\/11\/jahti-2-1024x479.jpeg\" alt=\"\" width=\"640\" height=\"299\" srcset=\"https:\/\/kylat.ekarjala.fi\/kiesila\/wp-content\/uploads\/sites\/30\/2011\/11\/jahti-2-1024x479.jpeg 1024w, https:\/\/kylat.ekarjala.fi\/kiesila\/wp-content\/uploads\/sites\/30\/2011\/11\/jahti-2-300x140.jpeg 300w, https:\/\/kylat.ekarjala.fi\/kiesila\/wp-content\/uploads\/sites\/30\/2011\/11\/jahti-2-768x359.jpeg 768w\" sizes=\"auto, (max-width: 640px) 100vw, 640px\" \/><\/a><\/p>\n<p><a href=\"https:\/\/kylat.ekarjala.fi\/kiesila\/wp-content\/uploads\/sites\/30\/2011\/11\/PICT0693.jpg\"><img loading=\"lazy\" decoding=\"async\" class=\"alignleft wp-image-3799\" src=\"https:\/\/kylat.ekarjala.fi\/kiesila\/wp-content\/uploads\/sites\/30\/2011\/11\/PICT0693-300x225.jpg\" alt=\"\" width=\"417\" height=\"313\" srcset=\"https:\/\/kylat.ekarjala.fi\/kiesila\/wp-content\/uploads\/sites\/30\/2011\/11\/PICT0693-300x225.jpg 300w, https:\/\/kylat.ekarjala.fi\/kiesila\/wp-content\/uploads\/sites\/30\/2011\/11\/PICT0693-768x576.jpg 768w, https:\/\/kylat.ekarjala.fi\/kiesila\/wp-content\/uploads\/sites\/30\/2011\/11\/PICT0693-1024x768.jpg 1024w, https:\/\/kylat.ekarjala.fi\/kiesila\/wp-content\/uploads\/sites\/30\/2011\/11\/PICT0693.jpg 1280w\" sizes=\"auto, (max-width: 417px) 100vw, 417px\" \/><\/a><\/p>\n<p style=\"text-align: left\">___________________________________________________<\/p>\n<p style=\"text-align: left\"><strong> Peuroja 18.2.2016 ja possuja 21.2.2016:<br \/><\/strong><\/p>\n<p style=\"text-align: left\"><a href=\"https:\/\/kylat.ekarjala.fi\/kiesila\/kiesilan-era-ry\/18_02_2016\/\" rel=\"attachment wp-att-3108\"><img loading=\"lazy\" decoding=\"async\" class=\"alignleft size-medium wp-image-3108\" src=\"https:\/\/kylat.ekarjala.fi\/kiesila\/wp-content\/uploads\/sites\/30\/2011\/11\/18_02_2016-300x225.jpg\" alt=\"18_02_2016\" width=\"300\" height=\"225\" srcset=\"https:\/\/kylat.ekarjala.fi\/kiesila\/wp-content\/uploads\/sites\/30\/2011\/11\/18_02_2016-300x225.jpg 300w, https:\/\/kylat.ekarjala.fi\/kiesila\/wp-content\/uploads\/sites\/30\/2011\/11\/18_02_2016-768x576.jpg 768w, https:\/\/kylat.ekarjala.fi\/kiesila\/wp-content\/uploads\/sites\/30\/2011\/11\/18_02_2016-1024x768.jpg 1024w\" sizes=\"auto, (max-width: 300px) 100vw, 300px\" \/><\/a><a href=\"https:\/\/kylat.ekarjala.fi\/kiesila\/kiesilan-era-ry\/21_02_2016\/\" rel=\"attachment wp-att-3109\"><img loading=\"lazy\" decoding=\"async\" class=\"alignleft size-medium wp-image-3109\" src=\"https:\/\/kylat.ekarjala.fi\/kiesila\/wp-content\/uploads\/sites\/30\/2011\/11\/21_02_2016-300x225.jpg\" alt=\"21_02_2016\" width=\"300\" height=\"225\" srcset=\"https:\/\/kylat.ekarjala.fi\/kiesila\/wp-content\/uploads\/sites\/30\/2011\/11\/21_02_2016-300x225.jpg 300w, https:\/\/kylat.ekarjala.fi\/kiesila\/wp-content\/uploads\/sites\/30\/2011\/11\/21_02_2016.jpg 640w\" sizes=\"auto, (max-width: 300px) 100vw, 300px\" \/><\/a><\/p>\n<p style=\"text-align: left\"><strong> ______________________________________________<br \/><\/strong><\/p>\n<p style=\"text-align: left\"><strong><br \/>Mets\u00e4stysvideoita:<br \/>http:\/\/www.videoita.fi\/<br \/><\/strong><\/p>\n<p style=\"text-align: left\">________________________________________________________<br \/><strong>Majan siivous- ja kunnostustalkoot\u00a0\u00a0 23.5.2016<br \/><\/strong><\/p>\n<p style=\"text-align: left\"><a href=\"https:\/\/kylat.ekarjala.fi\/kiesila\/wp-content\/uploads\/sites\/30\/2011\/11\/Ampumatorneja.jpg\"><img loading=\"lazy\" decoding=\"async\" class=\"alignleft size-medium wp-image-2656\" src=\"https:\/\/kylat.ekarjala.fi\/kiesila\/wp-content\/uploads\/sites\/30\/2011\/11\/Ampumatorneja-300x163.jpg\" alt=\"OLYMPUS DIGITAL CAMERA\" width=\"300\" height=\"163\" srcset=\"https:\/\/kylat.ekarjala.fi\/kiesila\/wp-content\/uploads\/sites\/30\/2011\/11\/Ampumatorneja-300x163.jpg 300w, https:\/\/kylat.ekarjala.fi\/kiesila\/wp-content\/uploads\/sites\/30\/2011\/11\/Ampumatorneja-1024x557.jpg 1024w\" sizes=\"auto, (max-width: 300px) 100vw, 300px\" \/><\/a><\/p>\n<p style=\"text-align: left\">Ampumatornit paikoilleen ja siivousta sek\u00e4 kalusteet sis\u00e4\u00e4n.<strong><br \/><\/strong><\/p>\n<p style=\"text-align: left\">______________________________________________________<\/p>\n<p style=\"text-align: left\">Kiesil\u00e4n Er\u00e4 ry on on perustettu 1963. J\u00e4seni\u00e4 on 44. Mets\u00e4stysalueita hirviel\u00e4inten mets\u00e4stykseen on noin 5600 hehtaaria ja muuhun mets\u00e4stykseen noin 5000 hehtaaria.<\/p>\n<p style=\"text-align: left\">\n\n\n<p><\/p>\n","protected":false},"excerpt":{"rendered":"<p>Kiesil\u00e4n Er\u00e4 ry:n vuosikokous lauantaina 7.3.2026 klo 13:00Olli Kiesil\u00e4n pihatalossa, Kiesil\u00e4nkuja 7K\u00e4sitell\u00e4\u00e4n vuosikokousasiat.TervetuloaKahvitarjoilu! _____________________________________________________________ Syksyn hirvijahti on p\u00e4\u00e4ttynyt. Vuosikokouksen 2025 p\u00e4\u00e4t\u00f6ksi\u00e4: J\u00e4senmaksu 2025 on 50 euroa. Maksu tilille FI98 5415 0020 0406 38, Viite: 1012 Johtokunta 2025:Puheenjohtaja Ville Ruottinen, s-posti &hellip; <a href=\"https:\/\/kylat.ekarjala.fi\/kiesila\/kiesilan-era-ry\/\">Lue loppuun <span class=\"meta-nav\">&rarr;<\/span><\/a><\/p>\n","protected":false},"author":59,"featured_media":0,"parent":0,"menu_order":0,"comment_status":"closed","ping_status":"closed","template":"","meta":{"footnotes":""},"class_list":["post-20","page","type-page","status-publish","hentry"],"_links":{"self":[{"href":"https:\/\/kylat.ekarjala.fi\/kiesila\/wp-json\/wp\/v2\/pages\/20","targetHints":{"allow":["GET"]}}],"collection":[{"href":"https:\/\/kylat.ekarjala.fi\/kiesila\/wp-json\/wp\/v2\/pages"}],"about":[{"href":"https:\/\/kylat.ekarjala.fi\/kiesila\/wp-json\/wp\/v2\/types\/page"}],"author":[{"embeddable":true,"href":"https:\/\/kylat.ekarjala.fi\/kiesila\/wp-json\/wp\/v2\/users\/59"}],"replies":[{"embeddable":true,"href":"https:\/\/kylat.ekarjala.fi\/kiesila\/wp-json\/wp\/v2\/comments?post=20"}],"version-history":[{"count":20,"href":"https:\/\/kylat.ekarjala.fi\/kiesila\/wp-json\/wp\/v2\/pages\/20\/revisions"}],"predecessor-version":[{"id":6491,"href":"https:\/\/kylat.ekarjala.fi\/kiesila\/wp-json\/wp\/v2\/pages\/20\/revisions\/6491"}],"wp:attachment":[{"href":"https:\/\/kylat.ekarjala.fi\/kiesila\/wp-json\/wp\/v2\/media?parent=20"}],"curies":[{"name":"wp","href":"https:\/\/api.w.org\/{rel}","templated":true}]}}