{"id":301,"date":"2011-12-14T11:45:37","date_gmt":"2011-12-14T10:15:37","guid":{"rendered":"https:\/\/kylat.ekarjala.fi\/kiesila\/?page_id=301"},"modified":"2012-04-27T15:45:34","modified_gmt":"2012-04-27T14:15:34","slug":"historiaa-2009","status":"publish","type":"page","link":"https:\/\/kylat.ekarjala.fi\/kiesila\/kiesilan-era-ry\/historiaa-2009\/","title":{"rendered":"Historiaa 2009"},"content":{"rendered":"<p><strong>Vuosikokous 2009<\/strong><br \/>\nOtteita kokousp\u00f6yt\u00e4kirjasta :<\/p>\n<p>Johtokuntaan toimintavuodelle 2009 valittiin edelleen Heikki Kiesil\u00e4, Heikki Salla, Hannu Kokkonen, Ville Ruottinen, Timo Saalasti ja Ossi H\u00e4m\u00e4l\u00e4inen. Tilintarkastajiksi valittiin Tuula Saalasti ja Sauli Bj\u00f6rn. Varatilintarkastajiksi valittiin Juhani Olla ja Mauri Hyv\u00e4rineni.<br \/>\nJ\u00e4sen- ja liittym\u00e4maksujen vahvistaminen.<br \/>\nJ\u00e4senmaksuksi vuodelle 2009 vahvistettiin 30 \u20ac, vierasmaksu 5\u20ac\/pv\u00e4 (j\u00e4nis), liittymismaksu 400\u20ac, nuorisoj\u00e4sen 200 \u20ac (15-18v) ja vuosikortti 84\u20ac. J\u00e4senmaksu maksettava seuran tilille\u00a0 416510-52030 huhtikuun loppuun menness\u00e4.<br \/>\nKilpailutoimikuntaan vuodelle 2009 valittiin uudelleen Timo Saalasti, Aatto Hongisto, Risto Kiesil\u00e4, Olli Kiesil\u00e4, Yrj\u00f6 Saalasti, Hannu Kokkonen ja Simo Kaikkonen.<br \/>\nPilkkikilpailut pidet\u00e4\u00e4n pitk\u00e4perjantaina, jos j\u00e4\u00e4tilanne sallii. Ossi H\u00e4m\u00e4l\u00e4inen ja Aatto Hongisto toimivat suurpetoyhdyshenkil\u00f6in\u00e4.<br \/>\nMuita kokouksessa esill\u00e4 olleita asioita:<br \/>\nSeura on mukana Suomenniemen yhteisluvassa hirvenmets\u00e4styksess\u00e4, samoin suurpetomets\u00e4styksess\u00e4.<br \/>\n______________________________________________________________<\/p>\n<p><strong>Pilkkikisat Lahnaveden j\u00e4\u00e4ll\u00e4 p\u00e4\u00e4si\u00e4isen\u00e4 10.4.2009<\/strong><\/p>\n<div id=\"attachment_583\" style=\"width: 490px\" class=\"wp-caption alignleft\"><a href=\"https:\/\/kylat.ekarjala.fi\/kiesila\/wp-content\/uploads\/sites\/30\/2011\/12\/Pilkkikisat_2009.jpg\"><img loading=\"lazy\" decoding=\"async\" aria-describedby=\"caption-attachment-583\" class=\"size-full wp-image-583\" src=\"https:\/\/kylat.ekarjala.fi\/kiesila\/wp-content\/uploads\/sites\/30\/2011\/12\/Pilkkikisat_2009.jpg\" alt=\"\" width=\"480\" height=\"360\" \/><\/a><p id=\"caption-attachment-583\" class=\"wp-caption-text\">Pilkki 2009<\/p><\/div>\n<p>&nbsp;<\/p>\n<p>&nbsp;<\/p>\n<p>&nbsp;<\/p>\n<p>&nbsp;<\/p>\n<p>&nbsp;<\/p>\n<p>&nbsp;<\/p>\n<p>&nbsp;<\/p>\n<p>&nbsp;<\/p>\n<p>&nbsp;<\/p>\n<p>&nbsp;<\/p>\n<p>Osanottajia 59<\/p>\n<p>P\u00e4\u00e4palkinto, suurin ahven 268 g<br \/>\nMauno Laari<br \/>\nTulokset:<br \/>\n<a href=\"https:\/\/kylat.ekarjala.fi\/kiesila\/wp-content\/uploads\/sites\/30\/2011\/12\/Pilkkitulokset_10_4_2009.pdf\">Pilkkitulokset_10_4_2009<\/a><\/p>\n<p>_________________________________________________________________<\/p>\n<p><strong>Syksyn 2009 hirvijahti:<\/strong><\/p>\n<p>Lupia on yhteens\u00e4 nelj\u00e4toista, seitsem\u00e4n aikuista ja seitsem\u00e4n vasaa. Aikuinen voidaan korvata my\u00f6s kahdella vasalla.<br \/>\nHirvijahti alkoi\u00a0 lauantaina 17.10. ja saalista tuli heti ensimm\u00e4isen\u00e4 jahtip\u00e4iv\u00e4n, kaksi aikuista ja kolme vasaa.<br \/>\nSunnuntaina 18.10. saalis oli yksi aikuinen ja yksi vasa.<br \/>\nLauntaina 24.10. saalis 10 piikkinen uronhirvi, apujana Juho Pylkk\u00f6\u00a0 ja yksi vasa.<br \/>\nSunnuntain 25.10. saalis oli yksi vasa.<br \/>\nLauntaina 31.10. eik\u00e4 sunnuntaina 1.11. saalista. Samoin 7.11. ei saalista!<br \/>\nSunnuntaina 8.11. saalis oli kolme vasaa. J\u00e4ljell\u00e4 on siis viel\u00e4 kaksi aikuista.<br \/>\nLauantaina 14.11. saalis oli yksi aikuinen ja sunnuntaina samoin, joten vuoden 2009 hirvijahti on p\u00e4\u00e4ttynyt.<\/p>\n","protected":false},"excerpt":{"rendered":"<p>Vuosikokous 2009 Otteita kokousp\u00f6yt\u00e4kirjasta : Johtokuntaan toimintavuodelle 2009 valittiin edelleen Heikki Kiesil\u00e4, Heikki Salla, Hannu Kokkonen, Ville Ruottinen, Timo Saalasti ja Ossi H\u00e4m\u00e4l\u00e4inen. Tilintarkastajiksi valittiin Tuula Saalasti ja Sauli Bj\u00f6rn. Varatilintarkastajiksi valittiin Juhani Olla ja Mauri Hyv\u00e4rineni. J\u00e4sen- ja liittym\u00e4maksujen &hellip; <a href=\"https:\/\/kylat.ekarjala.fi\/kiesila\/kiesilan-era-ry\/historiaa-2009\/\">Lue loppuun <span class=\"meta-nav\">&rarr;<\/span><\/a><\/p>\n","protected":false},"author":59,"featured_media":0,"parent":20,"menu_order":0,"comment_status":"closed","ping_status":"closed","template":"","meta":{"footnotes":""},"class_list":["post-301","page","type-page","status-publish","hentry"],"_links":{"self":[{"href":"https:\/\/kylat.ekarjala.fi\/kiesila\/wp-json\/wp\/v2\/pages\/301","targetHints":{"allow":["GET"]}}],"collection":[{"href":"https:\/\/kylat.ekarjala.fi\/kiesila\/wp-json\/wp\/v2\/pages"}],"about":[{"href":"https:\/\/kylat.ekarjala.fi\/kiesila\/wp-json\/wp\/v2\/types\/page"}],"author":[{"embeddable":true,"href":"https:\/\/kylat.ekarjala.fi\/kiesila\/wp-json\/wp\/v2\/users\/59"}],"replies":[{"embeddable":true,"href":"https:\/\/kylat.ekarjala.fi\/kiesila\/wp-json\/wp\/v2\/comments?post=301"}],"version-history":[{"count":10,"href":"https:\/\/kylat.ekarjala.fi\/kiesila\/wp-json\/wp\/v2\/pages\/301\/revisions"}],"predecessor-version":[{"id":303,"href":"https:\/\/kylat.ekarjala.fi\/kiesila\/wp-json\/wp\/v2\/pages\/301\/revisions\/303"}],"up":[{"embeddable":true,"href":"https:\/\/kylat.ekarjala.fi\/kiesila\/wp-json\/wp\/v2\/pages\/20"}],"wp:attachment":[{"href":"https:\/\/kylat.ekarjala.fi\/kiesila\/wp-json\/wp\/v2\/media?parent=301"}],"curies":[{"name":"wp","href":"https:\/\/api.w.org\/{rel}","templated":true}]}}