{"id":6,"date":"2011-10-27T18:48:55","date_gmt":"2011-10-27T17:18:55","guid":{"rendered":"https:\/\/kylat.ekarjala.fi\/kiesila\/?page_id=6"},"modified":"2024-04-05T15:19:41","modified_gmt":"2024-04-05T13:49:41","slug":"kylayhdistys","status":"publish","type":"page","link":"https:\/\/kylat.ekarjala.fi\/kiesila\/kylayhdistys\/","title":{"rendered":"Kyl\u00e4yhdistys"},"content":{"rendered":"\n<p>Kyl\u00e4yhdistyksen yhteystiedot:<br>\nKiesil\u00e4-Pajulahti-Kakkolan kyl\u00e4yhdistys ry<br>\nKiesil\u00e4nkuja 6, 52830 Suomenniemi<br>\nY-tunnus: 2525333-8<br>\nS\u00e4hk\u00f6posti kiesila@gmail.com<\/p>\n\n\n\n<p>Kyl\u00e4yhdistys on perustettu marraskuussa 2004 ja rekister\u00f6ity 2005. Yhdistyksen toiminta-alueeseen kuuluu entinen Kakkolan koulupiiri Suomenniemen etel\u00e4osassa eli Kiesil\u00e4n, Pajulahden ja Kakkolan kyl\u00e4t.<\/p>\n\n\n\n<p>Yhdistyksen j\u00e4seni\u00e4 ovat kaikki alueen vakituiset ja kes\u00e4asukkaat.<\/p>\n\n\n\n<p>Yhdistyksen tavoitteena on hyvinvoinnin ja el\u00e4m\u00e4nlaadun lis\u00e4\u00e4minen kylien alueella.<\/p>\n\n\n\n<p>Kyl\u00e4yhdistyksen kotisivut julkaistiin&nbsp; jolukuussa 2005 ja uudet sivut joulukussa 2011.<br>\nKyl\u00e4sivuilla kaikkein ajankohtaisin on etusivulla.<\/p>\n\n\n\n<p>Palautusta sivuista s\u00e4hk\u00f6posti osoitteeseen <strong>kiesila@gmail.com<\/strong><br> ___________________________________________________________<br> <strong>Kyl\u00e4yhdistyksen hallituksen kokoonpano 2024<\/strong>:<br> Minna Kiesil\u00e4 puheenjohtaja, puh. 050 557 1472, minna.kiesila@gmail.com<br> Anna-Mari Tani, varapuheenjohtaja<br> Outi Ruottinen, sihteeri <br> Jari Kiesil\u00e4, rahastonhoitaja<br> Heikki Kiesil\u00e4<\/p>\n\n\n\n<p>S\u00e4hk\u00f6posti kiesila@gmail.com<\/p>\n\n\n\n<p>Kyl\u00e4yhdistyksen s\u00e4\u00e4nn\u00f6t: <a href=\"https:\/\/kylat.ekarjala.fi\/kiesila\/wp-content\/uploads\/sites\/30\/2011\/11\/Kyl%C3%A4yhdistyksens%C3%A4%C3%A4nn%C3%B6t.pdf\">Kyl\u00e4yhdistyksens\u00e4\u00e4nn\u00f6t<\/a><\/p>\n","protected":false},"excerpt":{"rendered":"<p>Kyl\u00e4yhdistyksen yhteystiedot: Kiesil\u00e4-Pajulahti-Kakkolan kyl\u00e4yhdistys ry Kiesil\u00e4nkuja 6, 52830 Suomenniemi Y-tunnus: 2525333-8 S\u00e4hk\u00f6posti kiesila@gmail.com Kyl\u00e4yhdistys on perustettu marraskuussa 2004 ja rekister\u00f6ity 2005. Yhdistyksen toiminta-alueeseen kuuluu entinen Kakkolan koulupiiri Suomenniemen etel\u00e4osassa eli Kiesil\u00e4n, Pajulahden ja Kakkolan kyl\u00e4t. Yhdistyksen j\u00e4seni\u00e4 ovat kaikki alueen &hellip; <a href=\"https:\/\/kylat.ekarjala.fi\/kiesila\/kylayhdistys\/\">Lue loppuun <span class=\"meta-nav\">&rarr;<\/span><\/a><\/p>\n","protected":false},"author":59,"featured_media":0,"parent":0,"menu_order":0,"comment_status":"closed","ping_status":"closed","template":"","meta":{"footnotes":""},"class_list":["post-6","page","type-page","status-publish","hentry"],"_links":{"self":[{"href":"https:\/\/kylat.ekarjala.fi\/kiesila\/wp-json\/wp\/v2\/pages\/6","targetHints":{"allow":["GET"]}}],"collection":[{"href":"https:\/\/kylat.ekarjala.fi\/kiesila\/wp-json\/wp\/v2\/pages"}],"about":[{"href":"https:\/\/kylat.ekarjala.fi\/kiesila\/wp-json\/wp\/v2\/types\/page"}],"author":[{"embeddable":true,"href":"https:\/\/kylat.ekarjala.fi\/kiesila\/wp-json\/wp\/v2\/users\/59"}],"replies":[{"embeddable":true,"href":"https:\/\/kylat.ekarjala.fi\/kiesila\/wp-json\/wp\/v2\/comments?post=6"}],"version-history":[{"count":20,"href":"https:\/\/kylat.ekarjala.fi\/kiesila\/wp-json\/wp\/v2\/pages\/6\/revisions"}],"predecessor-version":[{"id":6222,"href":"https:\/\/kylat.ekarjala.fi\/kiesila\/wp-json\/wp\/v2\/pages\/6\/revisions\/6222"}],"wp:attachment":[{"href":"https:\/\/kylat.ekarjala.fi\/kiesila\/wp-json\/wp\/v2\/media?parent=6"}],"curies":[{"name":"wp","href":"https:\/\/api.w.org\/{rel}","templated":true}]}}