{"id":67,"date":"2011-11-03T16:25:39","date_gmt":"2011-11-03T14:55:39","guid":{"rendered":"https:\/\/kylat.ekarjala.fi\/kiesila\/?page_id=67"},"modified":"2021-06-21T20:10:43","modified_gmt":"2021-06-21T18:40:43","slug":"ryopasaarentie","status":"publish","type":"page","link":"https:\/\/kylat.ekarjala.fi\/kiesila\/tiehoitokunnat\/ryopasaarentie\/","title":{"rendered":"Ry\u00f6p\u00e4saarentie"},"content":{"rendered":"<p><strong>Ry\u00f6p\u00e4saaren yksityistien tiehoitokunta<\/strong><\/p>\n<p>Linkki vuoden 2021 vuosikokouksen p\u00f6yt\u00e4kirjaan:<br \/>\n<a href=\"https:\/\/kylat.ekarjala.fi\/kiesila\/wp-content\/uploads\/sites\/30\/2021\/06\/Pk2021.pdf\">Pk2021<\/a><\/p>\n<p>________________________________________________________<\/p>\n","protected":false},"excerpt":{"rendered":"<p>Ry\u00f6p\u00e4saaren yksityistien tiehoitokunta Linkki vuoden 2021 vuosikokouksen p\u00f6yt\u00e4kirjaan: Pk2021 ________________________________________________________<\/p>\n","protected":false},"author":59,"featured_media":0,"parent":61,"menu_order":0,"comment_status":"closed","ping_status":"closed","template":"","meta":{"footnotes":""},"class_list":["post-67","page","type-page","status-publish","hentry"],"_links":{"self":[{"href":"https:\/\/kylat.ekarjala.fi\/kiesila\/wp-json\/wp\/v2\/pages\/67","targetHints":{"allow":["GET"]}}],"collection":[{"href":"https:\/\/kylat.ekarjala.fi\/kiesila\/wp-json\/wp\/v2\/pages"}],"about":[{"href":"https:\/\/kylat.ekarjala.fi\/kiesila\/wp-json\/wp\/v2\/types\/page"}],"author":[{"embeddable":true,"href":"https:\/\/kylat.ekarjala.fi\/kiesila\/wp-json\/wp\/v2\/users\/59"}],"replies":[{"embeddable":true,"href":"https:\/\/kylat.ekarjala.fi\/kiesila\/wp-json\/wp\/v2\/comments?post=67"}],"version-history":[{"count":11,"href":"https:\/\/kylat.ekarjala.fi\/kiesila\/wp-json\/wp\/v2\/pages\/67\/revisions"}],"predecessor-version":[{"id":5013,"href":"https:\/\/kylat.ekarjala.fi\/kiesila\/wp-json\/wp\/v2\/pages\/67\/revisions\/5013"}],"up":[{"embeddable":true,"href":"https:\/\/kylat.ekarjala.fi\/kiesila\/wp-json\/wp\/v2\/pages\/61"}],"wp:attachment":[{"href":"https:\/\/kylat.ekarjala.fi\/kiesila\/wp-json\/wp\/v2\/media?parent=67"}],"curies":[{"name":"wp","href":"https:\/\/api.w.org\/{rel}","templated":true}]}}