{"id":746,"date":"2012-03-26T11:42:56","date_gmt":"2012-03-26T10:12:56","guid":{"rendered":"https:\/\/kylat.ekarjala.fi\/kiesila\/?page_id=746"},"modified":"2012-09-25T11:50:43","modified_gmt":"2012-09-25T10:20:43","slug":"suomenniemen-osuuskauppa-pajulahden-sivumyymala","status":"publish","type":"page","link":"https:\/\/kylat.ekarjala.fi\/kiesila\/tarinat-talteen\/suomenniemen-osuuskauppa-pajulahden-sivumyymala\/","title":{"rendered":"Suomenniemen Osuuskauppa, Pajulahden sivumyym\u00e4l\u00e4"},"content":{"rendered":"<div id=\"attachment_767\" style=\"width: 577px\" class=\"wp-caption alignleft\"><a href=\"https:\/\/kylat.ekarjala.fi\/kiesila\/wp-content\/uploads\/sites\/30\/2012\/03\/Lauri_Rantti_1896-1954.jpg\"><img loading=\"lazy\" decoding=\"async\" aria-describedby=\"caption-attachment-767\" class=\"size-full wp-image-767\" src=\"https:\/\/kylat.ekarjala.fi\/kiesila\/wp-content\/uploads\/sites\/30\/2012\/03\/Lauri_Rantti_1896-1954.jpg\" alt=\" \" width=\"567\" height=\"656\" \/><\/a><p id=\"caption-attachment-767\" class=\"wp-caption-text\">Lauri_Rantti_1896-1954, kaupanhoitaja<\/p><\/div>\n<p>Suomennimen Osuuskauppa, Pajulahden sivumyym\u00e4l\u00e4<br \/>\n-perustettu 1930 luvulla.<br \/>\n-kaupanhoitajina mm. Lauri Rantti, Mauno Villikka, Veijo Kesti<br \/>\n-loppui 1970 luvulla. Viimeinen myym\u00e4l\u00e4nhoitaja oli Arvo Saalasti<br \/>\n__________________________________________________________<br \/>\n<strong>Juttelua Eeva Korpisalon kanssa\u00a0 27.9.2011.<\/strong> Mukana oli my\u00f6s Esko Korpisalo.<br \/>\nPuhuimme kaupanteosta. Juttuseurana ja muistiinpanojen tekij\u00e4n\u00e4 toimi Pirjo Lindberg.<\/p>\n<p><strong>Osuuskauppa<\/strong><br \/>\nPajulahdessa oli Osuuskauppa, sielt\u00e4 ostettiin erilaisia maataloustarvikkeita, esim. lannoitteita. Eeva muisti myym\u00e4l\u00e4nhoitaja Lauri Rantin. H\u00e4n oli tosi tarkka ja vaativa, vastuun tunteva mies. Kerrotaan, ett\u00e4 h\u00e4n s\u00e4ilytti y\u00f6aikaan kassalipasta s\u00e4ngyn alla olevassa vetolaatikossa. H\u00e4nen tarkkuutensa ulottui my\u00f6s kaupan siistin\u00e4 pit\u00e4miseen. Apulaisena ollut Laila Saalasti (Himanen) oli valittanut, ettei tunne kelpaavansa mihink\u00e4\u00e4n. Hyllyj\u00e4 piti olla alinomaa pyyhkim\u00e4ss\u00e4. T\u00e4m\u00e4 kauppias vei kyl\u00e4n toisen opettajattaren, Agnes Sallan (ent. Saxlin), vihille.<br \/>\nLauri Rantin j\u00e4lkeen tuli Osuuskaupan hoitajaksi Veijo Kesti. H\u00e4nen j\u00e4lkeens\u00e4 Arvo Saalasti. P\u00e4ivi\u00f6 kertoi lapsena k\u00e4yneens\u00e4 Osuuskaupassa uimakouluun menness\u00e4\u00e4n. Sielt\u00e4 ostettiin makkaraa rantanuotiolla paistamista varten ja limonadia.<\/p>\n<p>&nbsp;<\/p>\n<p>&nbsp;<\/p>\n<p>&nbsp;<\/p>\n","protected":false},"excerpt":{"rendered":"<p>Suomennimen Osuuskauppa, Pajulahden sivumyym\u00e4l\u00e4 -perustettu 1930 luvulla. -kaupanhoitajina mm. Lauri Rantti, Mauno Villikka, Veijo Kesti -loppui 1970 luvulla. Viimeinen myym\u00e4l\u00e4nhoitaja oli Arvo Saalasti __________________________________________________________ Juttelua Eeva Korpisalon kanssa\u00a0 27.9.2011. Mukana oli my\u00f6s Esko Korpisalo. Puhuimme kaupanteosta. Juttuseurana ja muistiinpanojen tekij\u00e4n\u00e4 &hellip; <a href=\"https:\/\/kylat.ekarjala.fi\/kiesila\/tarinat-talteen\/suomenniemen-osuuskauppa-pajulahden-sivumyymala\/\">Lue loppuun <span class=\"meta-nav\">&rarr;<\/span><\/a><\/p>\n","protected":false},"author":59,"featured_media":0,"parent":721,"menu_order":0,"comment_status":"closed","ping_status":"closed","template":"","meta":{"footnotes":""},"class_list":["post-746","page","type-page","status-publish","hentry"],"_links":{"self":[{"href":"https:\/\/kylat.ekarjala.fi\/kiesila\/wp-json\/wp\/v2\/pages\/746","targetHints":{"allow":["GET"]}}],"collection":[{"href":"https:\/\/kylat.ekarjala.fi\/kiesila\/wp-json\/wp\/v2\/pages"}],"about":[{"href":"https:\/\/kylat.ekarjala.fi\/kiesila\/wp-json\/wp\/v2\/types\/page"}],"author":[{"embeddable":true,"href":"https:\/\/kylat.ekarjala.fi\/kiesila\/wp-json\/wp\/v2\/users\/59"}],"replies":[{"embeddable":true,"href":"https:\/\/kylat.ekarjala.fi\/kiesila\/wp-json\/wp\/v2\/comments?post=746"}],"version-history":[{"count":7,"href":"https:\/\/kylat.ekarjala.fi\/kiesila\/wp-json\/wp\/v2\/pages\/746\/revisions"}],"predecessor-version":[{"id":768,"href":"https:\/\/kylat.ekarjala.fi\/kiesila\/wp-json\/wp\/v2\/pages\/746\/revisions\/768"}],"up":[{"embeddable":true,"href":"https:\/\/kylat.ekarjala.fi\/kiesila\/wp-json\/wp\/v2\/pages\/721"}],"wp:attachment":[{"href":"https:\/\/kylat.ekarjala.fi\/kiesila\/wp-json\/wp\/v2\/media?parent=746"}],"curies":[{"name":"wp","href":"https:\/\/api.w.org\/{rel}","templated":true}]}}