{"id":41,"date":"2012-10-25T08:47:05","date_gmt":"2012-10-25T08:47:05","guid":{"rendered":"https:\/\/kylat.ekarjala.fi\/kirjavalakesusmaa\/?page_id=41"},"modified":"2013-06-18T08:46:53","modified_gmt":"2013-06-18T05:46:53","slug":"yhteystiedot","status":"publish","type":"page","link":"https:\/\/kylat.ekarjala.fi\/kirjavalakesusmaa\/yhteystiedot\/","title":{"rendered":"Yhteystiedot"},"content":{"rendered":"<p>Olkaa aktiivisia ja l\u00e4hett\u00e4k\u00e4\u00e4 aineistoa sivuille siirrett\u00e4v\u00e4ksi.Kehitet\u00e4\u00e4n yhdess\u00e4 sivujemme sis\u00e4lt\u00f6\u00e4. L\u00e4het\u00e4 my\u00f6s ideoita kyl\u00e4yhdistyksen toiminnan kehitt\u00e4miseksi.<\/p>\n<p>Sivuston yll\u00e4pito: Jaana Lampinen, kyl\u00e4yhdistyksen pj.\u00a0p. 050-5381888 <a href=\"mailto:1888jaana.lampinen@maisemaretkeily.com\">jaana.lampinen@maisemaretkeily.com<\/a><\/p>\n<p>Kyl\u00e4yhdistyksen hallitus vuonna 2013:<\/p>\n<p>Jaana Lampinen, puheenjohtaja p. 050-5381888<\/p>\n<p>Helena Virolainen, sihteeri p. 050-3795383<\/p>\n<p>Kirmo Wil\u00e9n, varapuheenjohtaja ja rahastonhoitaja, p. 0400-701453<\/p>\n<p>Maire Haakana, p. 050-5881641<\/p>\n<p>Virpi Laamanen, p. 045-6517779<\/p>\n<p>Heikki Paajanen, p. 045-1270246<\/p>\n<p>Ossi Pekonen, p. 0400-917833<\/p>\n","protected":false},"excerpt":{"rendered":"<p>Olkaa aktiivisia ja l\u00e4hett\u00e4k\u00e4\u00e4 aineistoa sivuille siirrett\u00e4v\u00e4ksi.Kehitet\u00e4\u00e4n yhdess\u00e4 sivujemme sis\u00e4lt\u00f6\u00e4. L\u00e4het\u00e4 my\u00f6s ideoita kyl\u00e4yhdistyksen toiminnan kehitt\u00e4miseksi. Sivuston yll\u00e4pito: Jaana Lampinen, kyl\u00e4yhdistyksen pj.\u00a0p. 050-5381888 jaana.lampinen@maisemaretkeily.com Kyl\u00e4yhdistyksen hallitus vuonna 2013: Jaana Lampinen, puheenjohtaja p. 050-5381888 Helena Virolainen, sihteeri p. 050-3795383 Kirmo Wil\u00e9n, &hellip; <a href=\"https:\/\/kylat.ekarjala.fi\/kirjavalakesusmaa\/yhteystiedot\/\">Lue loppuun <span class=\"meta-nav\">&rarr;<\/span><\/a><\/p>\n","protected":false},"author":135,"featured_media":0,"parent":0,"menu_order":0,"comment_status":"open","ping_status":"closed","template":"","meta":{"footnotes":""},"class_list":["post-41","page","type-page","status-publish","hentry"],"_links":{"self":[{"href":"https:\/\/kylat.ekarjala.fi\/kirjavalakesusmaa\/wp-json\/wp\/v2\/pages\/41","targetHints":{"allow":["GET"]}}],"collection":[{"href":"https:\/\/kylat.ekarjala.fi\/kirjavalakesusmaa\/wp-json\/wp\/v2\/pages"}],"about":[{"href":"https:\/\/kylat.ekarjala.fi\/kirjavalakesusmaa\/wp-json\/wp\/v2\/types\/page"}],"author":[{"embeddable":true,"href":"https:\/\/kylat.ekarjala.fi\/kirjavalakesusmaa\/wp-json\/wp\/v2\/users\/135"}],"replies":[{"embeddable":true,"href":"https:\/\/kylat.ekarjala.fi\/kirjavalakesusmaa\/wp-json\/wp\/v2\/comments?post=41"}],"version-history":[{"count":7,"href":"https:\/\/kylat.ekarjala.fi\/kirjavalakesusmaa\/wp-json\/wp\/v2\/pages\/41\/revisions"}],"predecessor-version":[{"id":86,"href":"https:\/\/kylat.ekarjala.fi\/kirjavalakesusmaa\/wp-json\/wp\/v2\/pages\/41\/revisions\/86"}],"wp:attachment":[{"href":"https:\/\/kylat.ekarjala.fi\/kirjavalakesusmaa\/wp-json\/wp\/v2\/media?parent=41"}],"curies":[{"name":"wp","href":"https:\/\/api.w.org\/{rel}","templated":true}]}}