{"id":116,"date":"2011-10-12T12:14:18","date_gmt":"2011-10-12T09:44:18","guid":{"rendered":"https:\/\/kylat.ekarjala.fi\/korkea-aho\/?page_id=116"},"modified":"2017-01-28T10:05:21","modified_gmt":"2017-01-28T08:35:21","slug":"koulu","status":"publish","type":"page","link":"https:\/\/kylat.ekarjala.fi\/korkea-aho\/koulu\/","title":{"rendered":"Koulu"},"content":{"rendered":"<p style=\"text-align: center\"><a href=\"https:\/\/kylat.ekarjala.fi\/korkea-aho\/wp-content\/uploads\/sites\/16\/2011\/10\/Koulun-nettisivujen-kansi.png\"><img loading=\"lazy\" decoding=\"async\" class=\"alignleft size-medium wp-image-857\" src=\"https:\/\/kylat.ekarjala.fi\/korkea-aho\/wp-content\/uploads\/sites\/16\/2011\/10\/Koulun-nettisivujen-kansi-213x300.png\" alt=\"Koulun nettisivujen kansi\" width=\"213\" height=\"300\" srcset=\"https:\/\/kylat.ekarjala.fi\/korkea-aho\/wp-content\/uploads\/sites\/16\/2011\/10\/Koulun-nettisivujen-kansi-213x300.png 213w, https:\/\/kylat.ekarjala.fi\/korkea-aho\/wp-content\/uploads\/sites\/16\/2011\/10\/Koulun-nettisivujen-kansi-728x1024.png 728w, https:\/\/kylat.ekarjala.fi\/korkea-aho\/wp-content\/uploads\/sites\/16\/2011\/10\/Koulun-nettisivujen-kansi.png 876w\" sizes=\"auto, (max-width: 213px) 100vw, 213px\" \/><\/a><\/p>\n<p style=\"text-align: left\"><em>Korkea-ahossa asuu paljon lapsiperheit\u00e4. Vajaan 300 hengen kyl\u00e4st\u00e4 l\u00f6ytyy t\u00e4m\u00e4n p\u00e4iv\u00e4n harvinaisuus eli kehittyv\u00e4 ja vire\u00e4 kyl\u00e4koulu. Koulussa on noin 40\u00a0oppilasta, yhdysluokissa opiskellen (1 \u2013 2, 3 \u2013 4 \u00a0ja \u00a0 \u00a0 \u00a0 \u00a05 \u2013 6). Henkil\u00f6kuntaan kuuluvat kolme opettajaa, koulunk\u00e4yntiavustaja sek\u00e4 palveluvastaava.\u00a0<\/em><\/p>\n<p style=\"text-align: left\"><em>Lis\u00e4ksi koulussa toimii oppilashuoltoryhm\u00e4, johon kuuluu rehtori, erityisopettaja, koulukuraattori, koulupsykologi sek\u00e4 kouluterveydenhoitaja. Mukaan kutsutaan my\u00f6s asiantuntijoita ja oppilasedustaja. Ryhm\u00e4n tavoitteena on luoda oppilaalle turvallinen ja terve oppimisymp\u00e4rist\u00f6, suojata h\u00e4nen mielenterveytt\u00e4\u00e4n ja ehk\u00e4ist\u00e4 syrj\u00e4ytymist\u00e4 sek\u00e4 edist\u00e4\u00e4 ty\u00f6yhteis\u00f6n hyvinvointia.<\/em><\/p>\n<p style=\"text-align: left\"><a href=\"https:\/\/kylat.ekarjala.fi\/korkea-aho\/wp-content\/uploads\/sites\/16\/2011\/10\/Koulu2.jpg\"><img loading=\"lazy\" decoding=\"async\" class=\"wp-image-81 alignright\" src=\"https:\/\/kylat.ekarjala.fi\/korkea-aho\/wp-content\/uploads\/sites\/16\/2011\/10\/Koulu2.jpg\" alt=\"Koulu t\u00e4ytti 100 vuotta v. 2009\" width=\"230\" height=\"173\" \/><\/a><\/p>\n<p style=\"text-align: left\"><em>Nykyinen koulu on rakennettu v. 1948 ja todettu terveeksi ja turvalliseksi kouluksi. Koulu sijaitsee aivan kyl\u00e4n keskell\u00e4, luonnon ja hyvien liikunta-aktiviteettien \u00e4\u00e4rell\u00e4. Luontoa k\u00e4ytet\u00e4\u00e4n paljon opiskeluun liikuntapaikkana, tutkimuskohteena j<\/em><em>a materiaalien l\u00e4hteen\u00e4.<\/em><\/p>\n<p align=\"center\"><span style=\"color: #0000ff\"><b>KUN HALUAT KOULULTA KIIREETT\u00d6MYYTT\u00c4, PUHDASTA SIS\u00c4ILMAA, LUONNON L\u00c4HEISYYTT\u00c4, LAADUKASTA OPETUSTA JA LAPSEN HUOMIOONOTTAMISTA, ON PIENI KORKEA-AHON KOULU JUURI SOPIVA!<\/b><\/span><\/p>\n<p style=\"text-align: center\"><strong><span style=\"color: #008080\">T E R V E T U L O A \u00a0K O R K E A &#8211; A H O N \u00a0K O U L U U N !<\/span><\/strong><\/p>\n<p style=\"text-align: center\" align=\"right\"><strong>\u00a0 \u00a0 \u00a0 \u00a0 \u00a0 Korkea-ahon koulu<\/strong>\u00a0Korkea-ahontie 737 \u00a054300 Lappeenranta \u00a0 \u00a0 \u00a0 \u00a0 \u00a0 \u00a0 \u00a0 \u00a0 p. 0400 375\u00a0713<\/p>\n<p style=\"text-align: center\"><strong>Lis\u00e4\u00e4 tarinoita ja kuvia koulusta t\u00e4m\u00e4n sivun alaotsikoiden alla \ud83d\ude42<\/strong><\/p>\n","protected":false},"excerpt":{"rendered":"<p>Korkea-ahossa asuu paljon lapsiperheit\u00e4. Vajaan 300 hengen kyl\u00e4st\u00e4 l\u00f6ytyy t\u00e4m\u00e4n p\u00e4iv\u00e4n harvinaisuus eli kehittyv\u00e4 ja vire\u00e4 kyl\u00e4koulu. Koulussa on noin 40\u00a0oppilasta, yhdysluokissa opiskellen (1 \u2013 2, 3 \u2013 4 \u00a0ja \u00a0 \u00a0 \u00a0 \u00a05 \u2013 6). Henkil\u00f6kuntaan kuuluvat kolme opettajaa, &hellip; <a href=\"https:\/\/kylat.ekarjala.fi\/korkea-aho\/koulu\/\">Continue reading <span class=\"meta-nav\">&rarr;<\/span><\/a><\/p>\n","protected":false},"author":25,"featured_media":0,"parent":0,"menu_order":0,"comment_status":"closed","ping_status":"closed","template":"","meta":{"footnotes":""},"class_list":["post-116","page","type-page","status-publish","hentry"],"_links":{"self":[{"href":"https:\/\/kylat.ekarjala.fi\/korkea-aho\/wp-json\/wp\/v2\/pages\/116","targetHints":{"allow":["GET"]}}],"collection":[{"href":"https:\/\/kylat.ekarjala.fi\/korkea-aho\/wp-json\/wp\/v2\/pages"}],"about":[{"href":"https:\/\/kylat.ekarjala.fi\/korkea-aho\/wp-json\/wp\/v2\/types\/page"}],"author":[{"embeddable":true,"href":"https:\/\/kylat.ekarjala.fi\/korkea-aho\/wp-json\/wp\/v2\/users\/25"}],"replies":[{"embeddable":true,"href":"https:\/\/kylat.ekarjala.fi\/korkea-aho\/wp-json\/wp\/v2\/comments?post=116"}],"version-history":[{"count":37,"href":"https:\/\/kylat.ekarjala.fi\/korkea-aho\/wp-json\/wp\/v2\/pages\/116\/revisions"}],"predecessor-version":[{"id":1190,"href":"https:\/\/kylat.ekarjala.fi\/korkea-aho\/wp-json\/wp\/v2\/pages\/116\/revisions\/1190"}],"wp:attachment":[{"href":"https:\/\/kylat.ekarjala.fi\/korkea-aho\/wp-json\/wp\/v2\/media?parent=116"}],"curies":[{"name":"wp","href":"https:\/\/api.w.org\/{rel}","templated":true}]}}