{"id":467,"date":"2012-05-23T15:35:14","date_gmt":"2012-05-23T14:05:14","guid":{"rendered":"https:\/\/kylat.ekarjala.fi\/korkea-aho\/?page_id=467"},"modified":"2020-11-11T06:40:10","modified_gmt":"2020-11-11T05:10:10","slug":"toimintasuunnitelma","status":"publish","type":"page","link":"https:\/\/kylat.ekarjala.fi\/korkea-aho\/yhdistykset\/vanhempaintoimikunta\/toimintasuunnitelma\/","title":{"rendered":"Toimintasuunnitelma"},"content":{"rendered":"<p><strong>SYYSLUKUKAUSI 2020<\/strong><\/p>\n<ul>\n<li>Koronapandemien vuoksi emme voi j\u00e4rjest\u00e4\u00e4 tapahtumia.<\/li>\n<li>Pid\u00e4mme Vilma\u00b4s-kirpparilla myyntipaikkaa, jonne voi lahjoittaa pieni\u00e4 m\u00e4\u00e4ri\u00e4 myyt\u00e4v\u00e4\u00e4 tavaraa. Tavarat voi tuoda suoraan kirpparille.<\/li>\n<\/ul>\n<ul>\n<li style=\"text-align: left\">\n<h5><span style=\"color: #993366\"><a style=\"color: #993366\" href=\"https:\/\/kylat.ekarjala.fi\/korkea-aho\/yhdistykset\/vanhempaintoimikunta\/\">Etusivu<\/a><\/span><\/h5>\n<\/li>\n<li style=\"text-align: left\">\n<h5><span style=\"color: #993366\"><a style=\"color: #993366\" href=\"https:\/\/kylat.ekarjala.fi\/korkea-aho\/yhdistykset\/vanhempaintoimikunta\/jasenet\/\">J\u00e4senet<\/a><\/span><\/h5>\n<\/li>\n<li style=\"text-align: left\">\n<h5><span style=\"color: #993366\"><a style=\"color: #993366\" href=\"https:\/\/kylat.ekarjala.fi\/korkea-aho\/yhdistykset\/vanhempaintoimikunta\/menneita-tapahtumia\/\">Menneit\u00e4 tapahtumia<\/a><\/span><\/h5>\n<\/li>\n<\/ul>\n","protected":false},"excerpt":{"rendered":"<p>SYYSLUKUKAUSI 2020 Koronapandemien vuoksi emme voi j\u00e4rjest\u00e4\u00e4 tapahtumia. Pid\u00e4mme Vilma\u00b4s-kirpparilla myyntipaikkaa, jonne voi lahjoittaa pieni\u00e4 m\u00e4\u00e4ri\u00e4 myyt\u00e4v\u00e4\u00e4 tavaraa. Tavarat voi tuoda suoraan kirpparille. Etusivu J\u00e4senet Menneit\u00e4 tapahtumia<\/p>\n","protected":false},"author":115,"featured_media":0,"parent":442,"menu_order":2,"comment_status":"open","ping_status":"open","template":"","meta":{"footnotes":""},"class_list":["post-467","page","type-page","status-publish","hentry"],"_links":{"self":[{"href":"https:\/\/kylat.ekarjala.fi\/korkea-aho\/wp-json\/wp\/v2\/pages\/467","targetHints":{"allow":["GET"]}}],"collection":[{"href":"https:\/\/kylat.ekarjala.fi\/korkea-aho\/wp-json\/wp\/v2\/pages"}],"about":[{"href":"https:\/\/kylat.ekarjala.fi\/korkea-aho\/wp-json\/wp\/v2\/types\/page"}],"author":[{"embeddable":true,"href":"https:\/\/kylat.ekarjala.fi\/korkea-aho\/wp-json\/wp\/v2\/users\/115"}],"replies":[{"embeddable":true,"href":"https:\/\/kylat.ekarjala.fi\/korkea-aho\/wp-json\/wp\/v2\/comments?post=467"}],"version-history":[{"count":20,"href":"https:\/\/kylat.ekarjala.fi\/korkea-aho\/wp-json\/wp\/v2\/pages\/467\/revisions"}],"predecessor-version":[{"id":1326,"href":"https:\/\/kylat.ekarjala.fi\/korkea-aho\/wp-json\/wp\/v2\/pages\/467\/revisions\/1326"}],"up":[{"embeddable":true,"href":"https:\/\/kylat.ekarjala.fi\/korkea-aho\/wp-json\/wp\/v2\/pages\/442"}],"wp:attachment":[{"href":"https:\/\/kylat.ekarjala.fi\/korkea-aho\/wp-json\/wp\/v2\/media?parent=467"}],"curies":[{"name":"wp","href":"https:\/\/api.w.org\/{rel}","templated":true}]}}