{"id":2280,"date":"2021-12-14T11:59:59","date_gmt":"2021-12-14T09:59:59","guid":{"rendered":"https:\/\/kylat.ekarjala.fi\/kuivasensaari\/?page_id=2280"},"modified":"2026-03-17T16:17:38","modified_gmt":"2026-03-17T14:17:38","slug":"paatokset","status":"publish","type":"page","link":"https:\/\/kylat.ekarjala.fi\/kuivasensaari\/paatokset\/","title":{"rendered":"P\u00e4\u00e4t\u00f6kset"},"content":{"rendered":"\t\t<div data-elementor-type=\"wp-page\" data-elementor-id=\"2280\" class=\"elementor elementor-2280\" data-elementor-post-type=\"page\">\n\t\t\t\t\t\t<section class=\"elementor-section elementor-top-section elementor-element elementor-element-b827f67 elementor-section-boxed elementor-section-height-default elementor-section-height-default\" data-id=\"b827f67\" data-element_type=\"section\" data-e-type=\"section\" data-settings=\"{&quot;background_background&quot;:&quot;classic&quot;}\">\n\t\t\t\t\t\t\t<div class=\"elementor-background-overlay\"><\/div>\n\t\t\t\t\t\t\t<div class=\"elementor-container elementor-column-gap-default\">\n\t\t\t\t\t<div class=\"elementor-column elementor-col-33 elementor-top-column elementor-element elementor-element-ca037db\" data-id=\"ca037db\" data-element_type=\"column\" data-e-type=\"column\">\n\t\t\t<div class=\"elementor-widget-wrap\">\n\t\t\t\t\t\t\t<\/div>\n\t\t<\/div>\n\t\t\t\t<div class=\"elementor-column elementor-col-33 elementor-top-column elementor-element elementor-element-1cf2d2d\" data-id=\"1cf2d2d\" data-element_type=\"column\" data-e-type=\"column\">\n\t\t\t<div class=\"elementor-widget-wrap elementor-element-populated\">\n\t\t\t\t\t\t<div class=\"elementor-element elementor-element-8b7420b animated-slow elementor-invisible elementor-widget elementor-widget-heading\" data-id=\"8b7420b\" data-element_type=\"widget\" data-e-type=\"widget\" data-settings=\"{&quot;_animation&quot;:&quot;fadeIn&quot;}\" data-widget_type=\"heading.default\">\n\t\t\t\t<div class=\"elementor-widget-container\">\n\t\t\t\t\t<h1 class=\"elementor-heading-title elementor-size-default\">P\u00e4\u00e4t\u00f6kset<\/h1>\t\t\t\t<\/div>\n\t\t\t\t<\/div>\n\t\t\t\t\t<\/div>\n\t\t<\/div>\n\t\t\t\t<div class=\"elementor-column elementor-col-33 elementor-top-column elementor-element elementor-element-f58398c\" data-id=\"f58398c\" data-element_type=\"column\" data-e-type=\"column\">\n\t\t\t<div class=\"elementor-widget-wrap\">\n\t\t\t\t\t\t\t<\/div>\n\t\t<\/div>\n\t\t\t\t\t<\/div>\n\t\t<\/section>\n\t\t\t\t<section class=\"elementor-section elementor-top-section elementor-element elementor-element-e231737 elementor-section-boxed elementor-section-height-default elementor-section-height-default\" data-id=\"e231737\" data-element_type=\"section\" data-e-type=\"section\">\n\t\t\t\t\t\t<div class=\"elementor-container elementor-column-gap-default\">\n\t\t\t\t\t<div class=\"elementor-column elementor-col-100 elementor-top-column elementor-element elementor-element-ca59e50\" data-id=\"ca59e50\" data-element_type=\"column\" data-e-type=\"column\">\n\t\t\t<div class=\"elementor-widget-wrap elementor-element-populated\">\n\t\t\t\t\t\t<div class=\"elementor-element elementor-element-6fd0168 elementor-widget elementor-widget-heading\" data-id=\"6fd0168\" data-element_type=\"widget\" data-e-type=\"widget\" data-widget_type=\"heading.default\">\n\t\t\t\t<div class=\"elementor-widget-container\">\n\t\t\t\t\t<h2 class=\"elementor-heading-title elementor-size-default\">Yhdistyksen p\u00e4\u00e4t\u00f6kset<\/h2>\t\t\t\t<\/div>\n\t\t\t\t<\/div>\n\t\t\t\t\t<\/div>\n\t\t<\/div>\n\t\t\t\t\t<\/div>\n\t\t<\/section>\n\t\t\t\t<section class=\"elementor-section elementor-top-section elementor-element elementor-element-277f35a elementor-section-boxed elementor-section-height-default elementor-section-height-default\" data-id=\"277f35a\" data-element_type=\"section\" data-e-type=\"section\">\n\t\t\t\t\t\t<div class=\"elementor-container elementor-column-gap-default\">\n\t\t\t\t\t<div class=\"elementor-column elementor-col-100 elementor-top-column elementor-element elementor-element-c58af0a\" data-id=\"c58af0a\" data-element_type=\"column\" data-e-type=\"column\">\n\t\t\t<div class=\"elementor-widget-wrap elementor-element-populated\">\n\t\t\t\t\t\t<div class=\"elementor-element elementor-element-b7cb147 elementor-widget elementor-widget-text-editor\" data-id=\"b7cb147\" data-element_type=\"widget\" data-e-type=\"widget\" data-widget_type=\"text-editor.default\">\n\t\t\t\t<div class=\"elementor-widget-container\">\n\t\t\t\t\t\t\t\t\t<p style=\"text-align: center;\">Alla listattuna yhdistyksen tekemi\u00e4 p\u00e4\u00e4t\u00f6ksi\u00e4 kuukausittain. Klikkaamalla alla olevia linkkej\u00e4 saat p\u00e4\u00e4t\u00f6kset auki.<\/p>\t\t\t\t\t\t\t\t<\/div>\n\t\t\t\t<\/div>\n\t\t\t\t\t<\/div>\n\t\t<\/div>\n\t\t\t\t\t<\/div>\n\t\t<\/section>\n\t\t\t\t<section class=\"elementor-section elementor-top-section elementor-element elementor-element-5522755 elementor-section-boxed elementor-section-height-default elementor-section-height-default\" data-id=\"5522755\" data-element_type=\"section\" data-e-type=\"section\">\n\t\t\t\t\t\t<div class=\"elementor-container elementor-column-gap-default\">\n\t\t\t\t\t<div class=\"elementor-column elementor-col-100 elementor-top-column elementor-element elementor-element-af237d6\" data-id=\"af237d6\" data-element_type=\"column\" data-e-type=\"column\">\n\t\t\t<div class=\"elementor-widget-wrap elementor-element-populated\">\n\t\t\t\t\t\t<section class=\"elementor-section elementor-inner-section elementor-element elementor-element-e8a44aa elementor-section-boxed elementor-section-height-default elementor-section-height-default\" data-id=\"e8a44aa\" data-element_type=\"section\" data-e-type=\"section\">\n\t\t\t\t\t\t<div class=\"elementor-container elementor-column-gap-default\">\n\t\t\t\t\t<div class=\"elementor-column elementor-col-33 elementor-inner-column elementor-element elementor-element-2aa269c\" data-id=\"2aa269c\" data-element_type=\"column\" data-e-type=\"column\">\n\t\t\t<div class=\"elementor-widget-wrap elementor-element-populated\">\n\t\t\t\t\t\t<div class=\"elementor-element elementor-element-0d653dc elementor-widget elementor-widget-text-editor\" data-id=\"0d653dc\" data-element_type=\"widget\" data-e-type=\"widget\" data-widget_type=\"text-editor.default\">\n\t\t\t\t<div class=\"elementor-widget-container\">\n\t\t\t\t\t\t\t\t\t<p><strong>Vuosi 2026<\/strong><\/p><p><a href=\"https:\/\/kylat.ekarjala.fi\/kuivasensaari\/wp-content\/uploads\/sites\/11\/2026\/02\/tammikuu_paatokset_2026.pdf\" target=\"_blank\" rel=\"noopener\">Tammikuun p\u00e4\u00e4t\u00f6kset<\/a><br \/><a href=\"https:\/\/kylat.ekarjala.fi\/kuivasensaari\/wp-content\/uploads\/sites\/11\/2026\/02\/helmikuu_paatokset_2026.pdf\" target=\"_blank\" rel=\"noopener\">Helmikuun p\u00e4\u00e4t\u00f6kset<\/a><br \/><a href=\"https:\/\/kylat.ekarjala.fi\/kuivasensaari\/wp-content\/uploads\/sites\/11\/2026\/03\/maaliskuu_paatokset_2026.pdf\" target=\"_blank\" rel=\"noopener\">Maaliskuun p\u00e4\u00e4t\u00f6kset<\/a><\/p>\t\t\t\t\t\t\t\t<\/div>\n\t\t\t\t<\/div>\n\t\t\t\t\t<\/div>\n\t\t<\/div>\n\t\t\t\t<div class=\"elementor-column elementor-col-33 elementor-inner-column elementor-element elementor-element-10b0e8a\" data-id=\"10b0e8a\" data-element_type=\"column\" data-e-type=\"column\">\n\t\t\t<div class=\"elementor-widget-wrap elementor-element-populated\">\n\t\t\t\t\t\t<div class=\"elementor-element elementor-element-9d72279 elementor-widget elementor-widget-text-editor\" data-id=\"9d72279\" data-element_type=\"widget\" data-e-type=\"widget\" data-widget_type=\"text-editor.default\">\n\t\t\t\t<div class=\"elementor-widget-container\">\n\t\t\t\t\t\t\t\t\t<p><strong>Vuosi 2025<\/strong><\/p><p><a href=\"https:\/\/kylat.ekarjala.fi\/kuivasensaari\/wp-content\/uploads\/sites\/11\/2025\/02\/paatokset_tammikuu_2025.pdf\" target=\"_blank\" rel=\"noopener\">Tammikuun p\u00e4\u00e4t\u00f6kset<\/a><br \/><a href=\"https:\/\/kylat.ekarjala.fi\/kuivasensaari\/wp-content\/uploads\/sites\/11\/2025\/07\/helmikuu_paatokset_2025.pdf\" target=\"_blank\" rel=\"noopener\">Helmikuun p\u00e4\u00e4t\u00f6kset<\/a><br \/><a href=\"https:\/\/kylat.ekarjala.fi\/kuivasensaari\/wp-content\/uploads\/sites\/11\/2025\/07\/maaliskuu_paatokset_2025.pdf\" target=\"_blank\" rel=\"noopener\">Maaliskuun p\u00e4\u00e4t\u00f6kset 1<\/a><br \/><a href=\"https:\/\/kylat.ekarjala.fi\/kuivasensaari\/wp-content\/uploads\/sites\/11\/2025\/07\/maaliskuu_paatokset_2_2025.pdf\" target=\"_blank\" rel=\"noopener\">Maaliskuun p\u00e4\u00e4t\u00f6kset 2<\/a><br \/><a href=\"https:\/\/kylat.ekarjala.fi\/kuivasensaari\/wp-content\/uploads\/sites\/11\/2025\/07\/huhtikuu_paatokset_2025.pdf\" target=\"_blank\" rel=\"noopener\">Huhtikuun p\u00e4\u00e4t\u00f6kset<\/a><br \/><a href=\"https:\/\/kylat.ekarjala.fi\/kuivasensaari\/wp-content\/uploads\/sites\/11\/2025\/07\/toukokuu_paatokset_2025.pdf\" target=\"_blank\" rel=\"noopener\">Toukokuun p\u00e4\u00e4t\u00f6kset<\/a><br \/><a href=\"https:\/\/kylat.ekarjala.fi\/kuivasensaari\/wp-content\/uploads\/sites\/11\/2025\/09\/KESAKUUN-2025-KOKOUKSEN-PAATOSASIOITA-KOTISIVUILLE.pdf\" target=\"_blank\" rel=\"noopener\">Kes\u00e4kuun p\u00e4\u00e4t\u00f6kset 1<\/a><br \/><a href=\"https:\/\/kylat.ekarjala.fi\/kuivasensaari\/wp-content\/uploads\/sites\/11\/2025\/09\/KESAKUUN-2025-2.-KOKOUKSEN-PAATOSASIOITA-KOTISIVUILLE.pdf\" target=\"_blank\" rel=\"noopener\">Kes\u00e4kuun p\u00e4\u00e4t\u00f6kset 2<\/a><br \/><a href=\"https:\/\/kylat.ekarjala.fi\/kuivasensaari\/wp-content\/uploads\/sites\/11\/2025\/09\/HEINAKUUN-2025-KOKOUKSEN-PAATOSASIOITA-KOTISIVUILLE.pdf\" target=\"_blank\" rel=\"noopener\">Hein\u00e4kuun p\u00e4\u00e4t\u00f6kset<\/a><br \/><a href=\"https:\/\/kylat.ekarjala.fi\/kuivasensaari\/wp-content\/uploads\/sites\/11\/2025\/10\/elokuu_paatokset_2025.pdf\" target=\"_blank\" rel=\"noopener\">Elokuun p\u00e4\u00e4t\u00f6kset<\/a><br \/><a href=\"https:\/\/kylat.ekarjala.fi\/kuivasensaari\/wp-content\/uploads\/sites\/11\/2025\/12\/lokakuu_2025_paatokset.pdf\" target=\"_blank\" rel=\"noopener\">Lokakuun p\u00e4\u00e4t\u00f6kset<\/a><br \/><a href=\"https:\/\/kylat.ekarjala.fi\/kuivasensaari\/wp-content\/uploads\/sites\/11\/2025\/12\/marraskuu_2025_paatokset.pdf\" target=\"_blank\" rel=\"noopener\">Marraskuun p\u00e4\u00e4t\u00f6kset<\/a><\/p>\t\t\t\t\t\t\t\t<\/div>\n\t\t\t\t<\/div>\n\t\t\t\t\t<\/div>\n\t\t<\/div>\n\t\t\t\t<div class=\"elementor-column elementor-col-33 elementor-inner-column elementor-element elementor-element-568b392\" data-id=\"568b392\" data-element_type=\"column\" data-e-type=\"column\">\n\t\t\t<div class=\"elementor-widget-wrap elementor-element-populated\">\n\t\t\t\t\t\t<div class=\"elementor-element elementor-element-a25670a elementor-widget elementor-widget-text-editor\" data-id=\"a25670a\" data-element_type=\"widget\" data-e-type=\"widget\" data-widget_type=\"text-editor.default\">\n\t\t\t\t<div class=\"elementor-widget-container\">\n\t\t\t\t\t\t\t\t\t<p><strong>Vuosi 2024<\/strong><\/p><p><a href=\"https:\/\/kylat.ekarjala.fi\/kuivasensaari\/wp-content\/uploads\/sites\/11\/2024\/02\/Tammikuun_paatokset.pdf\" target=\"_blank\" rel=\"noopener\">Tammikuun p\u00e4\u00e4t\u00f6kset<\/a><br \/><a href=\"https:\/\/kylat.ekarjala.fi\/kuivasensaari\/wp-content\/uploads\/sites\/11\/2024\/03\/HELMIKUUN-2024-KOKOUKSEN-PAATOSASIOITA-KOTISIVUILLE.pdf\" target=\"_blank\" rel=\"noopener\">Helmikuun p\u00e4\u00e4t\u00f6kset<\/a><br \/><a href=\"https:\/\/kylat.ekarjala.fi\/kuivasensaari\/wp-content\/uploads\/sites\/11\/2024\/08\/MAALISKUUN-2024-KOKOUKSEN-PAATOSASIOITA-KOTISIVUILLE.pdf\" target=\"_blank\" rel=\"noopener\">Maaliskuun p\u00e4\u00e4t\u00f6kset<\/a><br \/><a href=\"https:\/\/kylat.ekarjala.fi\/kuivasensaari\/wp-content\/uploads\/sites\/11\/2024\/08\/HUHTIKUUN-2024-KOKOUKSEN-PAATOSASIOITA-KOTISIVUILLE.pdf\" target=\"_blank\" rel=\"noopener\">Huhtikuun p\u00e4\u00e4t\u00f6kset<\/a><br \/><a href=\"https:\/\/kylat.ekarjala.fi\/kuivasensaari\/wp-content\/uploads\/sites\/11\/2024\/08\/TOUKOKUUN-2024-KOKOUKSEN-PAATOSASIOITA-KOTISIVUILLE.pdf\" target=\"_blank\" rel=\"noopener\">Toukokuun p\u00e4\u00e4t\u00f6kset<\/a><br \/><a href=\"https:\/\/kylat.ekarjala.fi\/kuivasensaari\/wp-content\/uploads\/sites\/11\/2024\/08\/KESAKUUN-2024-KOKOUKSEN-PAATOSASIOITA-KOTISIVUILLE.pdf\" target=\"_blank\" rel=\"noopener\">Kes\u00e4kuun p\u00e4\u00e4t\u00f6kset<\/a><br \/><a href=\"https:\/\/kylat.ekarjala.fi\/kuivasensaari\/wp-content\/uploads\/sites\/11\/2024\/08\/HEINAKUUN-2024-KOKOUKSEN-PAATOSASIOITA-KOTISIVUILLE.pdf\" target=\"_blank\" rel=\"noopener\">Hein\u00e4kuun p\u00e4\u00e4t\u00f6kset<\/a><br \/><a href=\"https:\/\/kylat.ekarjala.fi\/kuivasensaari\/wp-content\/uploads\/sites\/11\/2024\/10\/ELOKUUN-2024-KOKOUKSEN-PAATOSASIOITA-KOTISIVUILLE.pdf\" target=\"_blank\" rel=\"noopener\">Elokuun p\u00e4\u00e4t\u00f6kset<\/a><br \/><a href=\"https:\/\/kylat.ekarjala.fi\/kuivasensaari\/wp-content\/uploads\/sites\/11\/2024\/12\/SYYSKUUN-2024-KOKOUKSEN-PAATOSASIOITA-KOTISIVUILLE.pdf\" target=\"_blank\" rel=\"noopener\">Syyskuun p\u00e4\u00e4t\u00f6kset<\/a><br \/><a href=\"https:\/\/kylat.ekarjala.fi\/kuivasensaari\/wp-content\/uploads\/sites\/11\/2024\/12\/LOKAKUUN-2024-KOKOUKSEN-PAATOSASIOITA-KOTISIVUILLE.pdf\" target=\"_blank\" rel=\"noopener\">Lokakuun p\u00e4\u00e4t\u00f6kset<\/a><br \/><a href=\"https:\/\/kylat.ekarjala.fi\/kuivasensaari\/wp-content\/uploads\/sites\/11\/2025\/02\/MARRASKUUN-2024-KOKOUKSEN-PAATOSASIOITA-KOTISIVUILLE.pdf\" target=\"_blank\" rel=\"noopener\">Marraskuun p\u00e4\u00e4t\u00f6kset<\/a><\/p>\t\t\t\t\t\t\t\t<\/div>\n\t\t\t\t<\/div>\n\t\t\t\t\t<\/div>\n\t\t<\/div>\n\t\t\t\t\t<\/div>\n\t\t<\/section>\n\t\t\t\t\t<\/div>\n\t\t<\/div>\n\t\t\t\t\t<\/div>\n\t\t<\/section>\n\t\t\t\t<section class=\"elementor-section elementor-top-section elementor-element elementor-element-fe3e516 elementor-section-boxed elementor-section-height-default elementor-section-height-default\" data-id=\"fe3e516\" data-element_type=\"section\" data-e-type=\"section\">\n\t\t\t\t\t\t<div class=\"elementor-container elementor-column-gap-default\">\n\t\t\t\t\t<div class=\"elementor-column elementor-col-100 elementor-top-column elementor-element elementor-element-4390e9d\" data-id=\"4390e9d\" data-element_type=\"column\" data-e-type=\"column\">\n\t\t\t<div class=\"elementor-widget-wrap elementor-element-populated\">\n\t\t\t\t\t\t<div class=\"elementor-element elementor-element-0a53ac6 elementor-widget elementor-widget-spacer\" data-id=\"0a53ac6\" data-element_type=\"widget\" data-e-type=\"widget\" data-widget_type=\"spacer.default\">\n\t\t\t\t<div class=\"elementor-widget-container\">\n\t\t\t\t\t\t\t<div class=\"elementor-spacer\">\n\t\t\t<div class=\"elementor-spacer-inner\"><\/div>\n\t\t<\/div>\n\t\t\t\t\t\t<\/div>\n\t\t\t\t<\/div>\n\t\t\t\t\t<\/div>\n\t\t<\/div>\n\t\t\t\t\t<\/div>\n\t\t<\/section>\n\t\t\t\t<\/div>\n\t\t","protected":false},"excerpt":{"rendered":"<p>P\u00e4\u00e4t\u00f6kset Yhdistyksen p\u00e4\u00e4t\u00f6kset Alla listattuna yhdistyksen tekemi\u00e4 p\u00e4\u00e4t\u00f6ksi\u00e4 kuukausittain. Klikkaamalla alla olevia linkkej\u00e4 saat p\u00e4\u00e4t\u00f6kset auki. Vuosi 2026 Tammikuun p\u00e4\u00e4t\u00f6ksetHelmikuun p\u00e4\u00e4t\u00f6ksetMaaliskuun p\u00e4\u00e4t\u00f6kset Vuosi 2025 Tammikuun p\u00e4\u00e4t\u00f6ksetHelmikuun p\u00e4\u00e4t\u00f6ksetMaaliskuun p\u00e4\u00e4t\u00f6kset 1Maaliskuun p\u00e4\u00e4t\u00f6kset 2Huhtikuun p\u00e4\u00e4t\u00f6ksetToukokuun p\u00e4\u00e4t\u00f6ksetKes\u00e4kuun p\u00e4\u00e4t\u00f6kset 1Kes\u00e4kuun p\u00e4\u00e4t\u00f6kset 2Hein\u00e4kuun p\u00e4\u00e4t\u00f6ksetElokuun p\u00e4\u00e4t\u00f6ksetLokakuun p\u00e4\u00e4t\u00f6ksetMarraskuun p\u00e4\u00e4t\u00f6kset Vuosi 2024 Tammikuun p\u00e4\u00e4t\u00f6ksetHelmikuun p\u00e4\u00e4t\u00f6ksetMaaliskuun p\u00e4\u00e4t\u00f6ksetHuhtikuun p\u00e4\u00e4t\u00f6ksetToukokuun p\u00e4\u00e4t\u00f6ksetKes\u00e4kuun p\u00e4\u00e4t\u00f6ksetHein\u00e4kuun p\u00e4\u00e4t\u00f6ksetElokuun p\u00e4\u00e4t\u00f6ksetSyyskuun p\u00e4\u00e4t\u00f6ksetLokakuun p\u00e4\u00e4t\u00f6ksetMarraskuun p\u00e4\u00e4t\u00f6kset<\/p>\n","protected":false},"author":175,"featured_media":0,"parent":0,"menu_order":0,"comment_status":"closed","ping_status":"closed","template":"","meta":{"site-sidebar-layout":"no-sidebar","site-content-layout":"page-builder","ast-site-content-layout":"default","site-content-style":"default","site-sidebar-style":"default","ast-global-header-display":"","ast-banner-title-visibility":"","ast-main-header-display":"","ast-hfb-above-header-display":"","ast-hfb-below-header-display":"","ast-hfb-mobile-header-display":"","site-post-title":"disabled","ast-breadcrumbs-content":"","ast-featured-img":"disabled","footer-sml-layout":"","ast-disable-related-posts":"","theme-transparent-header-meta":"","adv-header-id-meta":"","stick-header-meta":"","header-above-stick-meta":"","header-main-stick-meta":"","header-below-stick-meta":"","astra-migrate-meta-layouts":"default","ast-page-background-enabled":"default","ast-page-background-meta":{"desktop":{"background-color":"","background-image":"","background-repeat":"repeat","background-position":"center center","background-size":"auto","background-attachment":"scroll","background-type":"","background-media":"","overlay-type":"","overlay-color":"","overlay-opacity":"","overlay-gradient":""},"tablet":{"background-color":"","background-image":"","background-repeat":"repeat","background-position":"center center","background-size":"auto","background-attachment":"scroll","background-type":"","background-media":"","overlay-type":"","overlay-color":"","overlay-opacity":"","overlay-gradient":""},"mobile":{"background-color":"","background-image":"","background-repeat":"repeat","background-position":"center center","background-size":"auto","background-attachment":"scroll","background-type":"","background-media":"","overlay-type":"","overlay-color":"","overlay-opacity":"","overlay-gradient":""}},"ast-content-background-meta":{"desktop":{"background-color":"var(--ast-global-color-5)","background-image":"","background-repeat":"repeat","background-position":"center center","background-size":"auto","background-attachment":"scroll","background-type":"","background-media":"","overlay-type":"","overlay-color":"","overlay-opacity":"","overlay-gradient":""},"tablet":{"background-color":"var(--ast-global-color-5)","background-image":"","background-repeat":"repeat","background-position":"center center","background-size":"auto","background-attachment":"scroll","background-type":"","background-media":"","overlay-type":"","overlay-color":"","overlay-opacity":"","overlay-gradient":""},"mobile":{"background-color":"var(--ast-global-color-5)","background-image":"","background-repeat":"repeat","background-position":"center center","background-size":"auto","background-attachment":"scroll","background-type":"","background-media":"","overlay-type":"","overlay-color":"","overlay-opacity":"","overlay-gradient":""}},"footnotes":""},"class_list":["post-2280","page","type-page","status-publish","hentry"],"_links":{"self":[{"href":"https:\/\/kylat.ekarjala.fi\/kuivasensaari\/wp-json\/wp\/v2\/pages\/2280","targetHints":{"allow":["GET"]}}],"collection":[{"href":"https:\/\/kylat.ekarjala.fi\/kuivasensaari\/wp-json\/wp\/v2\/pages"}],"about":[{"href":"https:\/\/kylat.ekarjala.fi\/kuivasensaari\/wp-json\/wp\/v2\/types\/page"}],"author":[{"embeddable":true,"href":"https:\/\/kylat.ekarjala.fi\/kuivasensaari\/wp-json\/wp\/v2\/users\/175"}],"replies":[{"embeddable":true,"href":"https:\/\/kylat.ekarjala.fi\/kuivasensaari\/wp-json\/wp\/v2\/comments?post=2280"}],"version-history":[{"count":20,"href":"https:\/\/kylat.ekarjala.fi\/kuivasensaari\/wp-json\/wp\/v2\/pages\/2280\/revisions"}],"predecessor-version":[{"id":3458,"href":"https:\/\/kylat.ekarjala.fi\/kuivasensaari\/wp-json\/wp\/v2\/pages\/2280\/revisions\/3458"}],"wp:attachment":[{"href":"https:\/\/kylat.ekarjala.fi\/kuivasensaari\/wp-json\/wp\/v2\/media?parent=2280"}],"curies":[{"name":"wp","href":"https:\/\/api.w.org\/{rel}","templated":true}]}}