{"id":27,"date":"2012-01-13T11:47:21","date_gmt":"2012-01-13T11:47:21","guid":{"rendered":"https:\/\/kylat.ekarjala.fi\/kumpu\/?page_id=27"},"modified":"2016-05-31T10:59:32","modified_gmt":"2016-05-31T10:59:32","slug":"hallitus","status":"publish","type":"page","link":"https:\/\/kylat.ekarjala.fi\/kumpu\/kylayhdistys\/hallitus\/","title":{"rendered":"Hallitus"},"content":{"rendered":"<p><strong>Kyl\u00e4yhdityksen hallitus 2016 <\/strong><\/p>\n<p>Puheenjohtaja:\u00a0Rauno Airas puh. 0400-604646 s:posti <a href=\"mailto:rauno.airas@gmail.com\">rauno.airas@gmail.com<\/a><br \/>\nSihteeri: Tuula Ketolainen, puh. 050-3067815<\/p>\n<p>vpj. Suppola Jouni<br \/>\nTiitta Anne<br \/>\nBerg Jorma<br \/>\nLokkila Erja<br \/>\nHalonen Kirsi<br \/>\nP\u00e4\u00e4kk\u00f6nen Risto<\/p>\n","protected":false},"excerpt":{"rendered":"<p>Kyl\u00e4yhdityksen hallitus 2016 Puheenjohtaja:\u00a0Rauno Airas puh. 0400-604646 s:posti rauno.airas@gmail.com Sihteeri: Tuula Ketolainen, puh. 050-3067815 vpj. Suppola Jouni Tiitta Anne Berg Jorma Lokkila Erja Halonen Kirsi P\u00e4\u00e4kk\u00f6nen Risto<\/p>\n","protected":false},"author":106,"featured_media":0,"parent":22,"menu_order":0,"comment_status":"closed","ping_status":"closed","template":"","meta":{"footnotes":""},"class_list":["post-27","page","type-page","status-publish","hentry"],"_links":{"self":[{"href":"https:\/\/kylat.ekarjala.fi\/kumpu\/wp-json\/wp\/v2\/pages\/27","targetHints":{"allow":["GET"]}}],"collection":[{"href":"https:\/\/kylat.ekarjala.fi\/kumpu\/wp-json\/wp\/v2\/pages"}],"about":[{"href":"https:\/\/kylat.ekarjala.fi\/kumpu\/wp-json\/wp\/v2\/types\/page"}],"author":[{"embeddable":true,"href":"https:\/\/kylat.ekarjala.fi\/kumpu\/wp-json\/wp\/v2\/users\/106"}],"replies":[{"embeddable":true,"href":"https:\/\/kylat.ekarjala.fi\/kumpu\/wp-json\/wp\/v2\/comments?post=27"}],"version-history":[{"count":7,"href":"https:\/\/kylat.ekarjala.fi\/kumpu\/wp-json\/wp\/v2\/pages\/27\/revisions"}],"predecessor-version":[{"id":173,"href":"https:\/\/kylat.ekarjala.fi\/kumpu\/wp-json\/wp\/v2\/pages\/27\/revisions\/173"}],"up":[{"embeddable":true,"href":"https:\/\/kylat.ekarjala.fi\/kumpu\/wp-json\/wp\/v2\/pages\/22"}],"wp:attachment":[{"href":"https:\/\/kylat.ekarjala.fi\/kumpu\/wp-json\/wp\/v2\/media?parent=27"}],"curies":[{"name":"wp","href":"https:\/\/api.w.org\/{rel}","templated":true}]}}