{"id":333,"date":"2014-03-27T06:51:59","date_gmt":"2014-03-27T05:21:59","guid":{"rendered":"https:\/\/kylat.ekarjala.fi\/kuukanniemi\/?page_id=333"},"modified":"2017-08-16T14:40:05","modified_gmt":"2017-08-16T13:10:05","slug":"luontopolku-kuukanniemessa","status":"publish","type":"page","link":"https:\/\/kylat.ekarjala.fi\/kuukanniemi\/harrastukset\/luontopolku-kuukanniemessa\/","title":{"rendered":"Luontopolku Kuukanniemess\u00e4"},"content":{"rendered":"<p>Kuukanniemess\u00e4, Raija ja Ossi Tuuliaisen s\u00e4\u00e4ti\u00f6n mailla, on n. 1,3km mittainen luontopolku. Polulle p\u00e4\u00e4see k\u00e4tevimmin polkupy\u00f6r\u00e4ll\u00e4, sill\u00e4 alueella ei ole parkkipaikkaa. Oiva retkeilykohde lapsiperheille. Polun ulkopuolella liikkumista tulisi kuitenkin v\u00e4ltt\u00e4\u00e4, jotta luonnonsuojelualue s\u00e4ilyisi seuraavillekin yht\u00e4 koskemattoman n\u00e4k\u00f6isen\u00e4.<\/p>\n<p>Alueella on Kohinm\u00e4en luonnonsuojelualueen laavu, jossa on tulipaikka. \u00a0Tulenteko on sallittu ainoastaan tulipaikalla! Tuothan roskat tullessasi pois luonnosta kotiroskikseen. Huolehdi, ett\u00e4 tuli on sammunut laavulta l\u00e4htiess\u00e4si.<\/p>\n<p>Viereisest\u00e4 linkist\u00e4 voit katsella ja tulostaa opaskartan luontopolulle. <a href=\"https:\/\/kylat.ekarjala.fi\/kuukanniemi\/wp-content\/uploads\/sites\/25\/2014\/03\/Luontopolku.pdf\">Katsele ja Tulosta Kartta Luontopolulle T\u00c4ST\u00c4<\/a><\/p>\n<p><a href=\"https:\/\/kylat.ekarjala.fi\/kuukanniemi\/wp-content\/uploads\/sites\/25\/2014\/03\/Kartta-luontopolusta.jpg\"><img loading=\"lazy\" decoding=\"async\" class=\"alignnone wp-image-338\" src=\"https:\/\/kylat.ekarjala.fi\/kuukanniemi\/wp-content\/uploads\/sites\/25\/2014\/03\/Kartta-luontopolusta.jpg\" alt=\"Luontopolku\" width=\"449\" height=\"290\" srcset=\"https:\/\/kylat.ekarjala.fi\/kuukanniemi\/wp-content\/uploads\/sites\/25\/2014\/03\/Kartta-luontopolusta.jpg 1308w, https:\/\/kylat.ekarjala.fi\/kuukanniemi\/wp-content\/uploads\/sites\/25\/2014\/03\/Kartta-luontopolusta-300x193.jpg 300w, https:\/\/kylat.ekarjala.fi\/kuukanniemi\/wp-content\/uploads\/sites\/25\/2014\/03\/Kartta-luontopolusta-1024x661.jpg 1024w\" sizes=\"auto, (max-width: 449px) 100vw, 449px\" \/><\/a><\/p>\n<p><a href=\"https:\/\/kylat.ekarjala.fi\/kuukanniemi\/wp-content\/uploads\/sites\/25\/2014\/03\/luontopolulle2.jpg\"><img loading=\"lazy\" decoding=\"async\" class=\"alignnone wp-image-339\" src=\"https:\/\/kylat.ekarjala.fi\/kuukanniemi\/wp-content\/uploads\/sites\/25\/2014\/03\/luontopolulle2.jpg\" alt=\"luontopolulle2\" width=\"447\" height=\"223\" \/><\/a><\/p>\n<p>Suomen luonnonsuojeluliiton\u00a0 sivuilla voit tutustua my\u00f6s &#8221;Tarinoita mets\u00e4st\u00e4 opetusmateriaaliin&#8221;, k\u00e4y tutustumassa!<\/p>\n<p><a href=\"http:\/\/www.sll.fi\/mita-me-teemme\/ymparistokasvatus\/tarinoita-metsasta\">http:\/\/www.sll.fi\/mita-me-teemme\/ymparistokasvatus\/tarinoita-metsasta<\/a><\/p>\n<p>T: Kuukanniemen Vanhempainyhdistys ry<\/p>\n","protected":false},"excerpt":{"rendered":"<p>Kuukanniemess\u00e4, Raija ja Ossi Tuuliaisen s\u00e4\u00e4ti\u00f6n mailla, on n. 1,3km mittainen luontopolku. Polulle p\u00e4\u00e4see k\u00e4tevimmin polkupy\u00f6r\u00e4ll\u00e4, sill\u00e4 alueella ei ole parkkipaikkaa. Oiva retkeilykohde lapsiperheille. Polun ulkopuolella liikkumista tulisi kuitenkin v\u00e4ltt\u00e4\u00e4, jotta luonnonsuojelualue s\u00e4ilyisi seuraavillekin yht\u00e4 koskemattoman n\u00e4k\u00f6isen\u00e4. Alueella on Kohinm\u00e4en &hellip; <a href=\"https:\/\/kylat.ekarjala.fi\/kuukanniemi\/harrastukset\/luontopolku-kuukanniemessa\/\">Lue loppuun <span class=\"meta-nav\">&rarr;<\/span><\/a><\/p>\n","protected":false},"author":44,"featured_media":0,"parent":20,"menu_order":0,"comment_status":"closed","ping_status":"closed","template":"","meta":{"footnotes":""},"class_list":["post-333","page","type-page","status-publish","hentry"],"_links":{"self":[{"href":"https:\/\/kylat.ekarjala.fi\/kuukanniemi\/wp-json\/wp\/v2\/pages\/333","targetHints":{"allow":["GET"]}}],"collection":[{"href":"https:\/\/kylat.ekarjala.fi\/kuukanniemi\/wp-json\/wp\/v2\/pages"}],"about":[{"href":"https:\/\/kylat.ekarjala.fi\/kuukanniemi\/wp-json\/wp\/v2\/types\/page"}],"author":[{"embeddable":true,"href":"https:\/\/kylat.ekarjala.fi\/kuukanniemi\/wp-json\/wp\/v2\/users\/44"}],"replies":[{"embeddable":true,"href":"https:\/\/kylat.ekarjala.fi\/kuukanniemi\/wp-json\/wp\/v2\/comments?post=333"}],"version-history":[{"count":11,"href":"https:\/\/kylat.ekarjala.fi\/kuukanniemi\/wp-json\/wp\/v2\/pages\/333\/revisions"}],"predecessor-version":[{"id":436,"href":"https:\/\/kylat.ekarjala.fi\/kuukanniemi\/wp-json\/wp\/v2\/pages\/333\/revisions\/436"}],"up":[{"embeddable":true,"href":"https:\/\/kylat.ekarjala.fi\/kuukanniemi\/wp-json\/wp\/v2\/pages\/20"}],"wp:attachment":[{"href":"https:\/\/kylat.ekarjala.fi\/kuukanniemi\/wp-json\/wp\/v2\/media?parent=333"}],"curies":[{"name":"wp","href":"https:\/\/api.w.org\/{rel}","templated":true}]}}