{"id":349,"date":"2014-08-11T12:19:09","date_gmt":"2014-08-11T10:49:09","guid":{"rendered":"https:\/\/kylat.ekarjala.fi\/kuukanniemi\/?page_id=349"},"modified":"2022-06-17T14:07:29","modified_gmt":"2022-06-17T12:37:29","slug":"liikunta-kuukanniemessa","status":"publish","type":"page","link":"https:\/\/kylat.ekarjala.fi\/kuukanniemi\/harrastukset\/liikunta-kuukanniemessa\/","title":{"rendered":"Liikunta Kuukanniemess\u00e4"},"content":{"rendered":"<p><strong>J\u00e4\u00e4kiekko:<\/strong>\u00a0Kaukalo sijaitsee aivan Kuukanniemen koulun l\u00e4heisyydess\u00e4. Talvella kaukalo palvelee luistelijoita ja pelaajia ja kes\u00e4ll\u00e4 kaukalossa on tenniskentt\u00e4. Kaukalon viereen hiekkakent\u00e4lle on s\u00e4iden salliessa tehty my\u00f6s luistelukentt\u00e4. <img decoding=\"async\" title=\"gallery link=&quot;file&quot; columns=&quot;2&quot;\" src=\"https:\/\/kylat.ekarjala.fi\/kuukanniemi\/wp-includes\/js\/tinymce\/plugins\/wpgallery\/img\/t.gif\" alt=\"\" \/><\/p>\n<p><strong>Frisbeegolf:<\/strong> Koulun pohjoispuolelta l\u00e4htee 9-v\u00e4yl\u00e4inen helpohko Frisbeegolfrata. Osa v\u00e4ylist\u00e4 kulkee kosteikon yli, eik\u00e4 kiekkojen katoamisen vuoksi n\u00e4it\u00e4 v\u00e4yli\u00e4 suositella aivan pienille. Opastintauluja ei viel\u00e4 (kes\u00e4kuu 2022) ole, mutta ratakartta l\u00f6ytyy osoitteesta frisbeegolfradat.fi<\/p>\n<p><strong>Hiihto,\u00a0<\/strong> <strong>valaistu latu ja pururata:<\/strong> Raikulitien varressa heti Kuukanniemeen tullessa sijaitsee vasemmalla n. 1,5 kilometri\u00e4 pitk\u00e4 valaistu pururata ja talvella valaistu latu. Talvella latua on pidennetty kilometrill\u00e4, joten 2,5 kilometrin matkan saa kerran kierretty\u00e4\u00e4n koko lenkin.<\/p>\n<p><strong>Kansanhiihtoladut:<\/strong> Kuukanniemen lenkki on n. 10 km ja Hyv\u00e4ril\u00e4n lenkki n. 4 km. Kuukanniemen lenkilt\u00e4 p\u00e4\u00e4see my\u00f6s K\u00e4pyl\u00e4n ja Vainikkalan kansanhiihtoladuille.<\/p>\n<p><strong>Jalkapallo ja Salibandy KoPan junioritoiminta:<\/strong> KoPan juniorien harjoitusajat ja paikat l\u00f6yd\u00e4t <a href=\"https:\/\/sites.google.com\/site\/kopajunioritry\/home\">KoPa Juniorit<\/a> omilta sivuilta<\/p>\n\n\n<p><\/p>\n","protected":false},"excerpt":{"rendered":"<p>J\u00e4\u00e4kiekko:\u00a0Kaukalo sijaitsee aivan Kuukanniemen koulun l\u00e4heisyydess\u00e4. Talvella kaukalo palvelee luistelijoita ja pelaajia ja kes\u00e4ll\u00e4 kaukalossa on tenniskentt\u00e4. Kaukalon viereen hiekkakent\u00e4lle on s\u00e4iden salliessa tehty my\u00f6s luistelukentt\u00e4. Frisbeegolf: Koulun pohjoispuolelta l\u00e4htee 9-v\u00e4yl\u00e4inen helpohko Frisbeegolfrata. Osa v\u00e4ylist\u00e4 kulkee kosteikon yli, eik\u00e4 kiekkojen &hellip; <a href=\"https:\/\/kylat.ekarjala.fi\/kuukanniemi\/harrastukset\/liikunta-kuukanniemessa\/\">Lue loppuun <span class=\"meta-nav\">&rarr;<\/span><\/a><\/p>\n","protected":false},"author":44,"featured_media":0,"parent":20,"menu_order":0,"comment_status":"closed","ping_status":"closed","template":"","meta":{"footnotes":""},"class_list":["post-349","page","type-page","status-publish","hentry"],"_links":{"self":[{"href":"https:\/\/kylat.ekarjala.fi\/kuukanniemi\/wp-json\/wp\/v2\/pages\/349","targetHints":{"allow":["GET"]}}],"collection":[{"href":"https:\/\/kylat.ekarjala.fi\/kuukanniemi\/wp-json\/wp\/v2\/pages"}],"about":[{"href":"https:\/\/kylat.ekarjala.fi\/kuukanniemi\/wp-json\/wp\/v2\/types\/page"}],"author":[{"embeddable":true,"href":"https:\/\/kylat.ekarjala.fi\/kuukanniemi\/wp-json\/wp\/v2\/users\/44"}],"replies":[{"embeddable":true,"href":"https:\/\/kylat.ekarjala.fi\/kuukanniemi\/wp-json\/wp\/v2\/comments?post=349"}],"version-history":[{"count":5,"href":"https:\/\/kylat.ekarjala.fi\/kuukanniemi\/wp-json\/wp\/v2\/pages\/349\/revisions"}],"predecessor-version":[{"id":454,"href":"https:\/\/kylat.ekarjala.fi\/kuukanniemi\/wp-json\/wp\/v2\/pages\/349\/revisions\/454"}],"up":[{"embeddable":true,"href":"https:\/\/kylat.ekarjala.fi\/kuukanniemi\/wp-json\/wp\/v2\/pages\/20"}],"wp:attachment":[{"href":"https:\/\/kylat.ekarjala.fi\/kuukanniemi\/wp-json\/wp\/v2\/media?parent=349"}],"curies":[{"name":"wp","href":"https:\/\/api.w.org\/{rel}","templated":true}]}}