{"id":410,"date":"2016-03-09T19:38:48","date_gmt":"2016-03-09T18:08:48","guid":{"rendered":"https:\/\/kylat.ekarjala.fi\/kuukanniemi\/?page_id=410"},"modified":"2022-06-16T15:51:43","modified_gmt":"2022-06-16T14:21:43","slug":"rahankerays","status":"publish","type":"page","link":"https:\/\/kylat.ekarjala.fi\/kuukanniemi\/vanhempainyhdistys\/rahankerays\/","title":{"rendered":"Rahanker\u00e4ys"},"content":{"rendered":"<p><b><span style=\"font-size: medium\">RAHANKER\u00c4YS KUUKANNIEMEN KOULUN OPPILAIDEN HYV\u00c4KSI: Lopullinen ker\u00e4yssumma 16 333,85 euroa!<br \/>\n<\/span><\/b><\/p>\n<p>Kuukanniemen koulu valmistui kes\u00e4ll\u00e4 2017. Uuden koulun rakentamisty\u00f6n my\u00f6t\u00e4 vanhempainyhdistys organisoi rahanker\u00e4yksen. Rahanker\u00e4ys jatkui 28.2.2018 asti ja ker\u00e4tyt varat lahjoitettiin 23.4.2018 Lemin kunnalle Kuukanniemen koulun oppilaiden hyv\u00e4ksi.<\/p>\n<p>Suuret kiitokset osallistumisestasi!<\/p>\n<p>-Kuukanniemen vanhempainyhdistys<b><\/b><\/p>\n<p>Ker\u00e4ysaika: 22.1.2016 &#8211; 28.2.2018<\/p>\n","protected":false},"excerpt":{"rendered":"<p>RAHANKER\u00c4YS KUUKANNIEMEN KOULUN OPPILAIDEN HYV\u00c4KSI: Lopullinen ker\u00e4yssumma 16 333,85 euroa! Kuukanniemen koulu valmistui kes\u00e4ll\u00e4 2017. Uuden koulun rakentamisty\u00f6n my\u00f6t\u00e4 vanhempainyhdistys organisoi rahanker\u00e4yksen. Rahanker\u00e4ys jatkui 28.2.2018 asti ja ker\u00e4tyt varat lahjoitettiin 23.4.2018 Lemin kunnalle Kuukanniemen koulun oppilaiden hyv\u00e4ksi. Suuret kiitokset osallistumisestasi! &hellip; <a href=\"https:\/\/kylat.ekarjala.fi\/kuukanniemi\/vanhempainyhdistys\/rahankerays\/\">Lue loppuun <span class=\"meta-nav\">&rarr;<\/span><\/a><\/p>\n","protected":false},"author":45,"featured_media":0,"parent":22,"menu_order":0,"comment_status":"closed","ping_status":"closed","template":"","meta":{"footnotes":""},"class_list":["post-410","page","type-page","status-publish","hentry"],"_links":{"self":[{"href":"https:\/\/kylat.ekarjala.fi\/kuukanniemi\/wp-json\/wp\/v2\/pages\/410","targetHints":{"allow":["GET"]}}],"collection":[{"href":"https:\/\/kylat.ekarjala.fi\/kuukanniemi\/wp-json\/wp\/v2\/pages"}],"about":[{"href":"https:\/\/kylat.ekarjala.fi\/kuukanniemi\/wp-json\/wp\/v2\/types\/page"}],"author":[{"embeddable":true,"href":"https:\/\/kylat.ekarjala.fi\/kuukanniemi\/wp-json\/wp\/v2\/users\/45"}],"replies":[{"embeddable":true,"href":"https:\/\/kylat.ekarjala.fi\/kuukanniemi\/wp-json\/wp\/v2\/comments?post=410"}],"version-history":[{"count":5,"href":"https:\/\/kylat.ekarjala.fi\/kuukanniemi\/wp-json\/wp\/v2\/pages\/410\/revisions"}],"predecessor-version":[{"id":449,"href":"https:\/\/kylat.ekarjala.fi\/kuukanniemi\/wp-json\/wp\/v2\/pages\/410\/revisions\/449"}],"up":[{"embeddable":true,"href":"https:\/\/kylat.ekarjala.fi\/kuukanniemi\/wp-json\/wp\/v2\/pages\/22"}],"wp:attachment":[{"href":"https:\/\/kylat.ekarjala.fi\/kuukanniemi\/wp-json\/wp\/v2\/media?parent=410"}],"curies":[{"name":"wp","href":"https:\/\/api.w.org\/{rel}","templated":true}]}}