{"id":67,"date":"2011-09-26T11:16:47","date_gmt":"2011-09-26T11:16:47","guid":{"rendered":"https:\/\/kylat.ekarjala.fi\/kuukanniemi\/?page_id=67"},"modified":"2017-08-16T14:30:32","modified_gmt":"2017-08-16T13:00:32","slug":"jaseneksi","status":"publish","type":"page","link":"https:\/\/kylat.ekarjala.fi\/kuukanniemi\/vanhempainyhdistys\/jaseneksi\/","title":{"rendered":"J\u00e4seneksi"},"content":{"rendered":"<p><strong>Kuukanniemen vanhempainyhdistykseen liittyminen<\/strong><br \/>\nKuukanniemen vanhempainyhdistykseen voivat liitty\u00e4 Kuukanniemess\u00e4 ja l\u00e4hiymp\u00e4rist\u00f6ss\u00e4 asuvien lasten ja nuorten vanhemmat tai muut huoltajat.<\/p>\n<p>Liitty\u00e4 voit esim. s\u00e4hk\u00f6postilla\u00a0Salme Muurikalle(smuurikka@gmail.com). Ilmoita viestiss\u00e4si:<\/p>\n<ul>\n<li>Aihe\/subject: Liittyminen vanh.yhdistykseen<\/li>\n<li>Nimesi<\/li>\n<li>Osoitteesi<\/li>\n<li>s\u00e4hk\u00f6postiosoite (kokousp\u00f6yt\u00e4kirjat, tiedottaminen jne. hoidetaan p\u00e4\u00e4asiassa s\u00e4hk\u00f6postilla)<\/li>\n<li>puhelinnumerosi<\/li>\n<li>syntym\u00e4aikasi<\/li>\n<\/ul>\n<p>J\u00e4sentietomuutos<br \/>\nMik\u00e4li yhteystietosi ovat muuttuneet voit ilmoittaa muuttuneet tiedot j\u00e4senasioiden hoitajalle (Salme). H\u00e4nelt\u00e4 voit pyyt\u00e4\u00e4 my\u00f6s lis\u00e4tietoa Kuukanniemen vanhempainyhdistyksest\u00e4.<\/p>\n<p><a href=\"http:\/\/smuurikka@gmail.com\">L\u00e4het\u00e4 meille s\u00e4hk\u00f6postia t\u00e4st\u00e4<\/a><\/p>\n","protected":false},"excerpt":{"rendered":"<p>Kuukanniemen vanhempainyhdistykseen liittyminen Kuukanniemen vanhempainyhdistykseen voivat liitty\u00e4 Kuukanniemess\u00e4 ja l\u00e4hiymp\u00e4rist\u00f6ss\u00e4 asuvien lasten ja nuorten vanhemmat tai muut huoltajat. Liitty\u00e4 voit esim. s\u00e4hk\u00f6postilla\u00a0Salme Muurikalle(smuurikka@gmail.com). Ilmoita viestiss\u00e4si: Aihe\/subject: Liittyminen vanh.yhdistykseen Nimesi Osoitteesi s\u00e4hk\u00f6postiosoite (kokousp\u00f6yt\u00e4kirjat, tiedottaminen jne. hoidetaan p\u00e4\u00e4asiassa s\u00e4hk\u00f6postilla) puhelinnumerosi syntym\u00e4aikasi J\u00e4sentietomuutos &hellip; <a href=\"https:\/\/kylat.ekarjala.fi\/kuukanniemi\/vanhempainyhdistys\/jaseneksi\/\">Lue loppuun <span class=\"meta-nav\">&rarr;<\/span><\/a><\/p>\n","protected":false},"author":44,"featured_media":0,"parent":22,"menu_order":0,"comment_status":"closed","ping_status":"open","template":"","meta":{"footnotes":""},"class_list":["post-67","page","type-page","status-publish","hentry"],"_links":{"self":[{"href":"https:\/\/kylat.ekarjala.fi\/kuukanniemi\/wp-json\/wp\/v2\/pages\/67","targetHints":{"allow":["GET"]}}],"collection":[{"href":"https:\/\/kylat.ekarjala.fi\/kuukanniemi\/wp-json\/wp\/v2\/pages"}],"about":[{"href":"https:\/\/kylat.ekarjala.fi\/kuukanniemi\/wp-json\/wp\/v2\/types\/page"}],"author":[{"embeddable":true,"href":"https:\/\/kylat.ekarjala.fi\/kuukanniemi\/wp-json\/wp\/v2\/users\/44"}],"replies":[{"embeddable":true,"href":"https:\/\/kylat.ekarjala.fi\/kuukanniemi\/wp-json\/wp\/v2\/comments?post=67"}],"version-history":[{"count":8,"href":"https:\/\/kylat.ekarjala.fi\/kuukanniemi\/wp-json\/wp\/v2\/pages\/67\/revisions"}],"predecessor-version":[{"id":431,"href":"https:\/\/kylat.ekarjala.fi\/kuukanniemi\/wp-json\/wp\/v2\/pages\/67\/revisions\/431"}],"up":[{"embeddable":true,"href":"https:\/\/kylat.ekarjala.fi\/kuukanniemi\/wp-json\/wp\/v2\/pages\/22"}],"wp:attachment":[{"href":"https:\/\/kylat.ekarjala.fi\/kuukanniemi\/wp-json\/wp\/v2\/media?parent=67"}],"curies":[{"name":"wp","href":"https:\/\/api.w.org\/{rel}","templated":true}]}}