{"id":541,"date":"2018-11-27T09:17:08","date_gmt":"2018-11-27T07:17:08","guid":{"rendered":"https:\/\/kylat.ekarjala.fi\/kuusimaki-kourula-lavola\/about\/"},"modified":"2025-12-16T11:42:56","modified_gmt":"2025-12-16T09:42:56","slug":"yhdistys","status":"publish","type":"page","link":"https:\/\/kylat.ekarjala.fi\/kuusimaki-kourula-lavola\/yhdistys\/","title":{"rendered":"Yhdistys"},"content":{"rendered":"\t\t<div data-elementor-type=\"wp-post\" data-elementor-id=\"541\" class=\"elementor elementor-541\" data-elementor-post-type=\"page\">\n\t\t\t\t\t\t<section class=\"elementor-section elementor-top-section elementor-element elementor-element-d7d8b56 elementor-section-boxed elementor-section-height-default elementor-section-height-default\" data-id=\"d7d8b56\" data-element_type=\"section\" data-e-type=\"section\" data-settings=\"{&quot;background_background&quot;:&quot;classic&quot;}\">\n\t\t\t\t\t\t\t<div class=\"elementor-background-overlay\"><\/div>\n\t\t\t\t\t\t\t<div class=\"elementor-container elementor-column-gap-default\">\n\t\t\t\t\t<div class=\"elementor-column elementor-col-100 elementor-top-column elementor-element elementor-element-fd69444\" data-id=\"fd69444\" data-element_type=\"column\" data-e-type=\"column\">\n\t\t\t<div class=\"elementor-widget-wrap elementor-element-populated\">\n\t\t\t\t\t\t<div class=\"elementor-element elementor-element-abcc2f2 elementor-widget elementor-widget-heading\" data-id=\"abcc2f2\" data-element_type=\"widget\" data-e-type=\"widget\" data-widget_type=\"heading.default\">\n\t\t\t\t<div class=\"elementor-widget-container\">\n\t\t\t\t\t<h1 class=\"elementor-heading-title elementor-size-default\">Yhdistys<\/h1>\t\t\t\t<\/div>\n\t\t\t\t<\/div>\n\t\t\t\t\t<\/div>\n\t\t<\/div>\n\t\t\t\t\t<\/div>\n\t\t<\/section>\n\t\t\t\t<section class=\"elementor-section elementor-top-section elementor-element elementor-element-30929a6 elementor-section-boxed elementor-section-height-default elementor-section-height-default\" data-id=\"30929a6\" data-element_type=\"section\" data-e-type=\"section\">\n\t\t\t\t\t\t<div class=\"elementor-container elementor-column-gap-default\">\n\t\t\t\t\t<div class=\"elementor-column elementor-col-100 elementor-top-column elementor-element elementor-element-4c00f45\" data-id=\"4c00f45\" data-element_type=\"column\" data-e-type=\"column\">\n\t\t\t<div class=\"elementor-widget-wrap elementor-element-populated\">\n\t\t\t\t\t\t<div class=\"elementor-element elementor-element-d826266 elementor-widget elementor-widget-spacer\" data-id=\"d826266\" data-element_type=\"widget\" data-e-type=\"widget\" data-widget_type=\"spacer.default\">\n\t\t\t\t<div class=\"elementor-widget-container\">\n\t\t\t\t\t\t\t<div class=\"elementor-spacer\">\n\t\t\t<div class=\"elementor-spacer-inner\"><\/div>\n\t\t<\/div>\n\t\t\t\t\t\t<\/div>\n\t\t\t\t<\/div>\n\t\t\t\t<div class=\"elementor-element elementor-element-f92a579 elementor-widget elementor-widget-heading\" data-id=\"f92a579\" data-element_type=\"widget\" data-e-type=\"widget\" data-widget_type=\"heading.default\">\n\t\t\t\t<div class=\"elementor-widget-container\">\n\t\t\t\t\t<h4 class=\"elementor-heading-title elementor-size-default\">Yhdistyksen toiminnan tarkoitus<\/h4>\t\t\t\t<\/div>\n\t\t\t\t<\/div>\n\t\t\t\t<div class=\"elementor-element elementor-element-1f082eb elementor-widget elementor-widget-text-editor\" data-id=\"1f082eb\" data-element_type=\"widget\" data-e-type=\"widget\" data-widget_type=\"text-editor.default\">\n\t\t\t\t<div class=\"elementor-widget-container\">\n\t\t\t\t\t\t\t\t\t<p>Yhdistyksen toiminnan tarkoitus<br \/>S\u00e4\u00e4nt\u00f6jens\u00e4 2 \u00a7:n mukaan yhdistyksen tarkoituksena on<br \/>\u2022 toimialueen kaikinpuolinen kehitt\u00e4minen paikallisten erityispiirteiden pohjalta,<br \/>\u2022 elinymp\u00e4rist\u00f6n laadun parantaminen ja ihmisten viihtyvyyden lis\u00e4\u00e4minen,<br \/>\u2022 paikallistietouden lis\u00e4\u00e4minen, aluehengen yll\u00e4pit\u00e4minen ja omatoimisuuden voimistaminen sek\u00e4 kaupunginosakulttuurien vaaliminen ja edist\u00e4minen.<\/p>\t\t\t\t\t\t\t\t<\/div>\n\t\t\t\t<\/div>\n\t\t\t\t<div class=\"elementor-element elementor-element-e6ae0f5 elementor-widget elementor-widget-text-editor\" data-id=\"e6ae0f5\" data-element_type=\"widget\" data-e-type=\"widget\" data-widget_type=\"text-editor.default\">\n\t\t\t\t<div class=\"elementor-widget-container\">\n\t\t\t\t\t\t\t\t\t<p>Yhdistys j\u00e4rjest\u00e4\u00e4 erilaisia asukkaille suunnattuja tapahtumia toiminta-alueellaan edist\u00e4\u00e4kseen, kuten esimerkiksi luentoja ja liikuntaa sek\u00e4 lastentapahtumia. Suosittuja ovat my\u00f6s senioreiden vapaamuotoiset juttutuokiot. <br \/>Yhdistys antaa lausuntoja Lappeenrannan kaupungin kehitt\u00e4mishankkeista ja tekee aloitteita elinymp\u00e4rist\u00f6n parantamiseksi. <br \/>Tarpeen mukaan yhdistys tekee yhteisty\u00f6t\u00e4 alueen yritt\u00e4jien ja muiden yhdistysten kanssa, sek\u00e4 osallistuu Lappeenrannan kaupungin L\u00e4ntisen alueraadin toimintaan. <br \/>Toiminta j\u00e4rjestet\u00e4\u00e4n vapaaehtoistoimintana.<\/p>\t\t\t\t\t\t\t\t<\/div>\n\t\t\t\t<\/div>\n\t\t\t\t<div class=\"elementor-element elementor-element-7fcb0f5 elementor-widget elementor-widget-heading\" data-id=\"7fcb0f5\" data-element_type=\"widget\" data-e-type=\"widget\" data-widget_type=\"heading.default\">\n\t\t\t\t<div class=\"elementor-widget-container\">\n\t\t\t\t\t<h4 class=\"elementor-heading-title elementor-size-default\">S\u00e4\u00e4nn\u00f6t<\/h4>\t\t\t\t<\/div>\n\t\t\t\t<\/div>\n\t\t\t\t<div class=\"elementor-element elementor-element-8c68c2c elementor-widget elementor-widget-text-editor\" data-id=\"8c68c2c\" data-element_type=\"widget\" data-e-type=\"widget\" data-widget_type=\"text-editor.default\">\n\t\t\t\t<div class=\"elementor-widget-container\">\n\t\t\t\t\t\t\t\t\t<p>Lue yhdistyksen s\u00e4\u00e4nn\u00f6t t\u00e4st\u00e4. <a href=\"https:\/\/kylat.ekarjala.fi\/kuusimaki-kourula-lavola\/wp-content\/uploads\/sites\/89\/2025\/12\/KKL-asukasyhdistys-saannot-19.12.2024.pdf\">KKL asukasyhdistys &#8211; s\u00e4\u00e4nn\u00f6t 19.12.2024<\/a><\/p>\t\t\t\t\t\t\t\t<\/div>\n\t\t\t\t<\/div>\n\t\t\t\t<div class=\"elementor-element elementor-element-38f75d5 elementor-widget elementor-widget-spacer\" data-id=\"38f75d5\" data-element_type=\"widget\" data-e-type=\"widget\" data-widget_type=\"spacer.default\">\n\t\t\t\t<div class=\"elementor-widget-container\">\n\t\t\t\t\t\t\t<div class=\"elementor-spacer\">\n\t\t\t<div class=\"elementor-spacer-inner\"><\/div>\n\t\t<\/div>\n\t\t\t\t\t\t<\/div>\n\t\t\t\t<\/div>\n\t\t\t\t\t<\/div>\n\t\t<\/div>\n\t\t\t\t\t<\/div>\n\t\t<\/section>\n\t\t\t\t<section class=\"elementor-section elementor-top-section elementor-element elementor-element-f50e723 elementor-section-boxed elementor-section-height-default elementor-section-height-default\" data-id=\"f50e723\" data-element_type=\"section\" data-e-type=\"section\">\n\t\t\t\t\t\t<div class=\"elementor-container elementor-column-gap-default\">\n\t\t\t\t\t<div class=\"elementor-column elementor-col-100 elementor-top-column elementor-element elementor-element-0f6edf3\" data-id=\"0f6edf3\" data-element_type=\"column\" data-e-type=\"column\">\n\t\t\t<div class=\"elementor-widget-wrap elementor-element-populated\">\n\t\t\t\t\t\t<section class=\"elementor-section elementor-inner-section elementor-element elementor-element-eb00833 elementor-section-boxed elementor-section-height-default elementor-section-height-default\" data-id=\"eb00833\" data-element_type=\"section\" data-e-type=\"section\">\n\t\t\t\t\t\t<div class=\"elementor-container elementor-column-gap-default\">\n\t\t\t\t\t<div class=\"elementor-column elementor-col-50 elementor-inner-column elementor-element elementor-element-6387543\" data-id=\"6387543\" data-element_type=\"column\" data-e-type=\"column\">\n\t\t\t<div class=\"elementor-widget-wrap\">\n\t\t\t\t\t\t\t<\/div>\n\t\t<\/div>\n\t\t\t\t<div class=\"elementor-column elementor-col-50 elementor-inner-column elementor-element elementor-element-b3792b5\" data-id=\"b3792b5\" data-element_type=\"column\" data-e-type=\"column\">\n\t\t\t<div class=\"elementor-widget-wrap elementor-element-populated\">\n\t\t\t\t\t\t<div class=\"elementor-element elementor-element-c0a30a3 elementor-widget elementor-widget-image\" data-id=\"c0a30a3\" data-element_type=\"widget\" data-e-type=\"widget\" data-widget_type=\"image.default\">\n\t\t\t\t<div class=\"elementor-widget-container\">\n\t\t\t\t\t\t\t\t\t\t\t\t\t\t\t<img decoding=\"async\" src=\"https:\/\/kylat.ekarjala.fi\/kuusimaki-kourula-lavola\/wp-content\/uploads\/sites\/89\/2020\/01\/hiking-v1.jpg\" title=\"\" alt=\"\" loading=\"lazy\" \/>\t\t\t\t\t\t\t\t\t\t\t\t\t\t\t<\/div>\n\t\t\t\t<\/div>\n\t\t\t\t\t<\/div>\n\t\t<\/div>\n\t\t\t\t\t<\/div>\n\t\t<\/section>\n\t\t\t\t\t<\/div>\n\t\t<\/div>\n\t\t\t\t\t<\/div>\n\t\t<\/section>\n\t\t\t\t<section class=\"elementor-section elementor-top-section elementor-element elementor-element-ee6d81b elementor-section-boxed elementor-section-height-default elementor-section-height-default\" data-id=\"ee6d81b\" data-element_type=\"section\" data-e-type=\"section\">\n\t\t\t\t\t\t<div class=\"elementor-container elementor-column-gap-default\">\n\t\t\t\t\t<div class=\"elementor-column elementor-col-100 elementor-top-column elementor-element elementor-element-da1386c\" data-id=\"da1386c\" data-element_type=\"column\" data-e-type=\"column\">\n\t\t\t<div class=\"elementor-widget-wrap elementor-element-populated\">\n\t\t\t\t\t\t\t<\/div>\n\t\t<\/div>\n\t\t\t\t\t<\/div>\n\t\t<\/section>\n\t\t\t\t<\/div>\n\t\t","protected":false},"excerpt":{"rendered":"<p>Yhdistys Yhdistyksen toiminnan tarkoitus Yhdistyksen toiminnan tarkoitusS\u00e4\u00e4nt\u00f6jens\u00e4 2 \u00a7:n mukaan yhdistyksen tarkoituksena on\u2022 toimialueen kaikinpuolinen kehitt\u00e4minen paikallisten erityispiirteiden pohjalta,\u2022 elinymp\u00e4rist\u00f6n laadun parantaminen ja ihmisten viihtyvyyden lis\u00e4\u00e4minen,\u2022 paikallistietouden lis\u00e4\u00e4minen, aluehengen yll\u00e4pit\u00e4minen ja omatoimisuuden voimistaminen sek\u00e4 kaupunginosakulttuurien vaaliminen ja edist\u00e4minen. Yhdistys j\u00e4rjest\u00e4\u00e4 erilaisia asukkaille suunnattuja tapahtumia toiminta-alueellaan edist\u00e4\u00e4kseen, kuten esimerkiksi luentoja ja liikuntaa sek\u00e4 lastentapahtumia. Suosittuja ovat [&hellip;]<\/p>\n","protected":false},"author":175,"featured_media":0,"parent":0,"menu_order":0,"comment_status":"closed","ping_status":"closed","template":"","meta":{"_uag_custom_page_level_css":"","site-sidebar-layout":"no-sidebar","site-content-layout":"page-builder","ast-site-content-layout":"default","site-content-style":"default","site-sidebar-style":"default","ast-global-header-display":"","ast-banner-title-visibility":"","ast-main-header-display":"","ast-hfb-above-header-display":"","ast-hfb-below-header-display":"","ast-hfb-mobile-header-display":"","site-post-title":"disabled","ast-breadcrumbs-content":"","ast-featured-img":"disabled","footer-sml-layout":"","ast-disable-related-posts":"","theme-transparent-header-meta":"enabled","adv-header-id-meta":"","stick-header-meta":"","header-above-stick-meta":"","header-main-stick-meta":"","header-below-stick-meta":"","astra-migrate-meta-layouts":"default","ast-page-background-enabled":"default","ast-page-background-meta":{"desktop":{"background-color":"","background-image":"","background-repeat":"repeat","background-position":"center center","background-size":"auto","background-attachment":"scroll","background-type":"","background-media":"","overlay-type":"","overlay-color":"","overlay-opacity":"","overlay-gradient":""},"tablet":{"background-color":"","background-image":"","background-repeat":"repeat","background-position":"center center","background-size":"auto","background-attachment":"scroll","background-type":"","background-media":"","overlay-type":"","overlay-color":"","overlay-opacity":"","overlay-gradient":""},"mobile":{"background-color":"","background-image":"","background-repeat":"repeat","background-position":"center center","background-size":"auto","background-attachment":"scroll","background-type":"","background-media":"","overlay-type":"","overlay-color":"","overlay-opacity":"","overlay-gradient":""}},"ast-content-background-meta":{"desktop":{"background-color":"var(--ast-global-color-5)","background-image":"","background-repeat":"repeat","background-position":"center center","background-size":"auto","background-attachment":"scroll","background-type":"","background-media":"","overlay-type":"","overlay-color":"","overlay-opacity":"","overlay-gradient":""},"tablet":{"background-color":"var(--ast-global-color-5)","background-image":"","background-repeat":"repeat","background-position":"center center","background-size":"auto","background-attachment":"scroll","background-type":"","background-media":"","overlay-type":"","overlay-color":"","overlay-opacity":"","overlay-gradient":""},"mobile":{"background-color":"var(--ast-global-color-5)","background-image":"","background-repeat":"repeat","background-position":"center center","background-size":"auto","background-attachment":"scroll","background-type":"","background-media":"","overlay-type":"","overlay-color":"","overlay-opacity":"","overlay-gradient":""}},"footnotes":""},"class_list":["post-541","page","type-page","status-publish","hentry"],"uagb_featured_image_src":{"full":false,"thumbnail":false,"medium":false,"medium_large":false,"large":false,"1536x1536":false,"2048x2048":false},"uagb_author_info":{"display_name":"ekkylat","author_link":"https:\/\/kylat.ekarjala.fi\/kuusimaki-kourula-lavola\/author\/ekkylat\/"},"uagb_comment_info":0,"uagb_excerpt":"Yhdistys Yhdistyksen toiminnan tarkoitus Yhdistyksen toiminnan tarkoitusS\u00e4\u00e4nt\u00f6jens\u00e4 2 \u00a7:n mukaan yhdistyksen tarkoituksena on\u2022 toimialueen kaikinpuolinen kehitt\u00e4minen paikallisten erityispiirteiden pohjalta,\u2022 elinymp\u00e4rist\u00f6n laadun parantaminen ja ihmisten viihtyvyyden lis\u00e4\u00e4minen,\u2022 paikallistietouden lis\u00e4\u00e4minen, aluehengen yll\u00e4pit\u00e4minen ja omatoimisuuden voimistaminen sek\u00e4 kaupunginosakulttuurien vaaliminen ja edist\u00e4minen. Yhdistys j\u00e4rjest\u00e4\u00e4 erilaisia asukkaille suunnattuja tapahtumia toiminta-alueellaan edist\u00e4\u00e4kseen, kuten esimerkiksi luentoja ja liikuntaa sek\u00e4 lastentapahtumia. Suosittuja ovat&hellip;","_links":{"self":[{"href":"https:\/\/kylat.ekarjala.fi\/kuusimaki-kourula-lavola\/wp-json\/wp\/v2\/pages\/541","targetHints":{"allow":["GET"]}}],"collection":[{"href":"https:\/\/kylat.ekarjala.fi\/kuusimaki-kourula-lavola\/wp-json\/wp\/v2\/pages"}],"about":[{"href":"https:\/\/kylat.ekarjala.fi\/kuusimaki-kourula-lavola\/wp-json\/wp\/v2\/types\/page"}],"author":[{"embeddable":true,"href":"https:\/\/kylat.ekarjala.fi\/kuusimaki-kourula-lavola\/wp-json\/wp\/v2\/users\/175"}],"replies":[{"embeddable":true,"href":"https:\/\/kylat.ekarjala.fi\/kuusimaki-kourula-lavola\/wp-json\/wp\/v2\/comments?post=541"}],"version-history":[{"count":20,"href":"https:\/\/kylat.ekarjala.fi\/kuusimaki-kourula-lavola\/wp-json\/wp\/v2\/pages\/541\/revisions"}],"predecessor-version":[{"id":1103,"href":"https:\/\/kylat.ekarjala.fi\/kuusimaki-kourula-lavola\/wp-json\/wp\/v2\/pages\/541\/revisions\/1103"}],"wp:attachment":[{"href":"https:\/\/kylat.ekarjala.fi\/kuusimaki-kourula-lavola\/wp-json\/wp\/v2\/media?parent=541"}],"curies":[{"name":"wp","href":"https:\/\/api.w.org\/{rel}","templated":true}]}}