{"id":13,"date":"2014-12-09T10:01:20","date_gmt":"2014-12-09T08:01:20","guid":{"rendered":"https:\/\/kylat.ekarjala.fi\/leminkylat\/?page_id=13"},"modified":"2014-12-09T10:01:20","modified_gmt":"2014-12-09T08:01:20","slug":"keskisenpaa","status":"publish","type":"page","link":"https:\/\/kylat.ekarjala.fi\/leminkylat\/keskisenpaa\/","title":{"rendered":"Keskisenp\u00e4\u00e4"},"content":{"rendered":"<p><a href=\"https:\/\/kylat.ekarjala.fi\/leminkylat\/wp-content\/uploads\/sites\/80\/2014\/12\/keskisenpaa2.jpg\"><img loading=\"lazy\" decoding=\"async\" class=\"size-thumbnail wp-image-14 alignright\" src=\"https:\/\/kylat.ekarjala.fi\/leminkylat\/wp-content\/uploads\/sites\/80\/2014\/12\/keskisenpaa2-150x150.jpg\" alt=\"keskisenpaa2\" width=\"150\" height=\"150\" \/><\/a> Keskisenp\u00e4\u00e4n kyl\u00e4 sijaitsee viitisen kilometri\u00e4 Lemin kirkonkyl\u00e4lt\u00e4 Lappeenrannan suuntaan. Lappeenrantaan matkaa on 19 km. Kyl\u00e4\u00e4 ymp\u00e4r\u00f6i kolme j\u00e4rve\u00e4: Syntym\u00e4inen, Keskinen ja Kotaj\u00e4rvi, joten kalaan ja vesille p\u00e4\u00e4see helposti. Kev\u00e4inen Keskisenp\u00e4\u00e4 tunnetaan kauniisti kukkivista omenatarhoistaan.<\/p>\n<p>50 asukkaan kyl\u00e4ss\u00e4 on j\u00e4rvien ansiosta runsaasti kes\u00e4asukkaita. Kerran viikossa p\u00e4\u00e4see joukkotaksilla kirkonkyl\u00e4\u00e4n, jossa sijaitsevat l\u00e4himm\u00e4t palvelut: koulu, kirjasto, p\u00e4iv\u00e4hoito, terveyskeskus, kaupat, apteekki, posti ja kirkko.<\/p>\n<p><img loading=\"lazy\" decoding=\"async\" class=\"size-thumbnail wp-image-15 alignright\" src=\"https:\/\/kylat.ekarjala.fi\/leminkylat\/wp-content\/uploads\/sites\/80\/2014\/12\/keskisenpaa-150x150.jpg\" alt=\"keskisenpaa\" width=\"150\" height=\"150\" \/>Perinteisen maatalouden lis\u00e4ksi kyl\u00e4ss\u00e4 harjoitetaan marjojen, perunan ja omenan viljely\u00e4. Tilaleipomosta saa mukaansa maistuvat leivonnaiset ja my\u00f6s maataloustuotteita voi ostaa suoraan tilalta. Keskisenp\u00e4\u00e4n maisemissa saattaa n\u00e4hd\u00e4 hevosia ja lampaita. Kyl\u00e4ss\u00e4 toimii lis\u00e4ksi asennusliike ja kaivuri- ja tiekarhu-urakoitsija.<\/p>\n<p>Kyl\u00e4l\u00e4isten kokoontumispaikkana on komea kyl\u00e4kota, sek\u00e4 maatalouskonemuseo toimii my\u00f6s kodan tuntumassa kyl\u00e4toimikunnan yll\u00e4pit\u00e4m\u00e4n\u00e4.<\/p>\n<p>Syntym\u00e4isenj\u00e4rven rannoilla on useita n\u00e4kemisen arvoisia paikkoja. Hannapata on Kierniemess\u00e4 sijaitseva hiidenkirnu. Synnyinvuori on j\u00e4rven pohjoispuolella sijaitseva vuori, jonka erikoista lippaa p\u00e4\u00e4see ihailemaan vain vesitse.<\/p>\n","protected":false},"excerpt":{"rendered":"<p>Keskisenp\u00e4\u00e4n kyl\u00e4 sijaitsee viitisen kilometri\u00e4 Lemin kirkonkyl\u00e4lt\u00e4 Lappeenrannan suuntaan. Lappeenrantaan matkaa on 19 km. Kyl\u00e4\u00e4 ymp\u00e4r\u00f6i kolme j\u00e4rve\u00e4: Syntym\u00e4inen, Keskinen ja Kotaj\u00e4rvi, joten kalaan ja vesille p\u00e4\u00e4see helposti. Kev\u00e4inen Keskisenp\u00e4\u00e4 tunnetaan kauniisti kukkivista omenatarhoistaan. 50 asukkaan kyl\u00e4ss\u00e4 on j\u00e4rvien ansiosta &hellip; <a href=\"https:\/\/kylat.ekarjala.fi\/leminkylat\/keskisenpaa\/\">Lue loppuun <span class=\"meta-nav\">&rarr;<\/span><\/a><\/p>\n","protected":false},"author":1,"featured_media":0,"parent":0,"menu_order":0,"comment_status":"closed","ping_status":"closed","template":"","meta":{"footnotes":""},"class_list":["post-13","page","type-page","status-publish","hentry"],"_links":{"self":[{"href":"https:\/\/kylat.ekarjala.fi\/leminkylat\/wp-json\/wp\/v2\/pages\/13","targetHints":{"allow":["GET"]}}],"collection":[{"href":"https:\/\/kylat.ekarjala.fi\/leminkylat\/wp-json\/wp\/v2\/pages"}],"about":[{"href":"https:\/\/kylat.ekarjala.fi\/leminkylat\/wp-json\/wp\/v2\/types\/page"}],"author":[{"embeddable":true,"href":"https:\/\/kylat.ekarjala.fi\/leminkylat\/wp-json\/wp\/v2\/users\/1"}],"replies":[{"embeddable":true,"href":"https:\/\/kylat.ekarjala.fi\/leminkylat\/wp-json\/wp\/v2\/comments?post=13"}],"version-history":[{"count":1,"href":"https:\/\/kylat.ekarjala.fi\/leminkylat\/wp-json\/wp\/v2\/pages\/13\/revisions"}],"predecessor-version":[{"id":16,"href":"https:\/\/kylat.ekarjala.fi\/leminkylat\/wp-json\/wp\/v2\/pages\/13\/revisions\/16"}],"wp:attachment":[{"href":"https:\/\/kylat.ekarjala.fi\/leminkylat\/wp-json\/wp\/v2\/media?parent=13"}],"curies":[{"name":"wp","href":"https:\/\/api.w.org\/{rel}","templated":true}]}}