{"id":24,"date":"2014-02-24T11:22:56","date_gmt":"2014-02-24T09:22:56","guid":{"rendered":"https:\/\/kylat.ekarjala.fi\/mattilamantylakuusela\/?page_id=24"},"modified":"2022-05-12T14:51:21","modified_gmt":"2022-05-12T11:51:21","slug":"tarkeita-paikkoja","status":"publish","type":"page","link":"https:\/\/kylat.ekarjala.fi\/mattilamantylakuusela\/tarkeita-paikkoja\/","title":{"rendered":"KESKEISIMM\u00c4T PAIKAT ALUEELLAMME"},"content":{"rendered":"<ul>\n<li>\u00a0Mattilan lampi ja urheilukentt\u00e4 (<a href=\"http:\/\/kartta.lappeenranta.fi\/IMS\/?layers=Opaskartta&amp;cp=6768817,28508475&amp;z=2&amp;title=Mattilan%20lampi\" target=\"_blank\" rel=\"noopener\">kartalla<\/a>)<\/li>\n<li>Pulkkam\u00e4ki lammen vieress\u00e4 (<a href=\"http:\/\/kartta.lappeenranta.fi\/IMS\/?layers=Ilmakuva&amp;cp=6768700,28508479&amp;z=0.5&amp;title=Pulkkam%C3%A4ki\" target=\"_blank\" rel=\"noopener\">kartalla<\/a>)<\/li>\n<li>Pururata\/hiihtolatu joka kiert\u00e4\u00e4 lammen ymp\u00e4rill\u00e4, 1,5 km\n<ul>\n<li>Alueemme latuverkko yhdistyy koko kaupungin latuverkostoon. <a href=\"https:\/\/kartta.lappeenranta.fi\/IMS\/?layers=Opaskartta&amp;lon=Hiihtoreitit&amp;cp=6768794,28508404&amp;z=4\" target=\"_blank\" rel=\"noopener\">Hiihtoladut kartalla<\/a><\/li>\n<\/ul>\n<\/li>\n<li>Alueellamme on hyv\u00e4t py\u00f6r\u00e4ilyreitit, joita pitkin p\u00e4\u00e4see kulkemaan turvallisesti my\u00f6s keskustaan ja Kes\u00e4m\u00e4en koululle\n<ul>\n<li><a href=\"https:\/\/kartta.lappeenranta.fi\/IMS\/?layers=Opaskartta&amp;lon=Py%C3%B6r%C3%A4reitit&amp;cp=6768794,28508404&amp;z=4\" target=\"_blank\" rel=\"noopener\">P\u00e4\u00e4py\u00f6r\u00e4ilyreitit kartalla<\/a><\/li>\n<li>L\u00f6yd\u00e4t lis\u00e4\u00e4 tietoa py\u00f6r\u00e4ilyreiteist\u00e4 ja py\u00f6r\u00e4ilij\u00e4n opaskartan <a href=\"https:\/\/www.lappeenranta.fi\/fi\/Kartat-ja-liikenne\/Pyoraily-ja-pyorareitit\/Pyorailyreitit\" target=\"_blank\" rel=\"noopener\">Lappeenrannan kaupungin sivuilta<\/a>.<\/li>\n<\/ul>\n<\/li>\n<li>Kalkkikaivos (<a href=\"http:\/\/kartta.lappeenranta.fi\/IMS\/?layers=Opaskartta&amp;cp=6768942,28509790&amp;z=4&amp;title=Kalkkikaivos\" target=\"_blank\" rel=\"noopener\">kartalla<\/a>)<\/li>\n<\/ul>\n\n\n<p><\/p>\n","protected":false},"excerpt":{"rendered":"<p>\u00a0Mattilan lampi ja urheilukentt\u00e4 (kartalla) Pulkkam\u00e4ki lammen vieress\u00e4 (kartalla) Pururata\/hiihtolatu joka kiert\u00e4\u00e4 lammen ymp\u00e4rill\u00e4, 1,5 km Alueemme latuverkko yhdistyy koko kaupungin latuverkostoon. Hiihtoladut kartalla Alueellamme on hyv\u00e4t py\u00f6r\u00e4ilyreitit, joita pitkin p\u00e4\u00e4see kulkemaan turvallisesti my\u00f6s keskustaan ja Kes\u00e4m\u00e4en koululle P\u00e4\u00e4py\u00f6r\u00e4ilyreitit kartalla L\u00f6yd\u00e4t lis\u00e4\u00e4 tietoa py\u00f6r\u00e4ilyreiteist\u00e4 ja py\u00f6r\u00e4ilij\u00e4n opaskartan Lappeenrannan kaupungin sivuilta. Kalkkikaivos (kartalla)<\/p>\n","protected":false},"author":1,"featured_media":0,"parent":0,"menu_order":0,"comment_status":"closed","ping_status":"closed","template":"","meta":{"footnotes":""},"class_list":["post-24","page","type-page","status-publish","hentry"],"_links":{"self":[{"href":"https:\/\/kylat.ekarjala.fi\/mattilamantylakuusela\/wp-json\/wp\/v2\/pages\/24","targetHints":{"allow":["GET"]}}],"collection":[{"href":"https:\/\/kylat.ekarjala.fi\/mattilamantylakuusela\/wp-json\/wp\/v2\/pages"}],"about":[{"href":"https:\/\/kylat.ekarjala.fi\/mattilamantylakuusela\/wp-json\/wp\/v2\/types\/page"}],"author":[{"embeddable":true,"href":"https:\/\/kylat.ekarjala.fi\/mattilamantylakuusela\/wp-json\/wp\/v2\/users\/1"}],"replies":[{"embeddable":true,"href":"https:\/\/kylat.ekarjala.fi\/mattilamantylakuusela\/wp-json\/wp\/v2\/comments?post=24"}],"version-history":[{"count":15,"href":"https:\/\/kylat.ekarjala.fi\/mattilamantylakuusela\/wp-json\/wp\/v2\/pages\/24\/revisions"}],"predecessor-version":[{"id":418,"href":"https:\/\/kylat.ekarjala.fi\/mattilamantylakuusela\/wp-json\/wp\/v2\/pages\/24\/revisions\/418"}],"wp:attachment":[{"href":"https:\/\/kylat.ekarjala.fi\/mattilamantylakuusela\/wp-json\/wp\/v2\/media?parent=24"}],"curies":[{"name":"wp","href":"https:\/\/api.w.org\/{rel}","templated":true}]}}