{"id":11,"date":"2014-02-24T13:08:57","date_gmt":"2014-02-24T11:08:57","guid":{"rendered":"https:\/\/kylat.ekarjala.fi\/merenlahti\/?page_id=11"},"modified":"2023-07-24T13:33:07","modified_gmt":"2023-07-24T10:33:07","slug":"kylan-raitilla","status":"publish","type":"page","link":"https:\/\/kylat.ekarjala.fi\/merenlahti\/kylan-raitilla\/","title":{"rendered":"Kyl\u00e4n raitilla"},"content":{"rendered":"<p>Merenlahden kyl\u00e4n vakituinen asutus on perinteisesti jaettu viiteen eri alueeseen; K\u00e4h\u00f6, J\u00e4nis, Talka, Nikkil\u00e4 ja Merimaan asutusalue.<\/p>\n<p>K\u00e4h\u00f6<br \/>\nK\u00e4h\u00f6n alue sijaitsee ensimm\u00e4isen\u00e4 tultaessa Merenlahden kyl\u00e4lle. Merenlahden tien oikealla puolella kulkee kapea piensaimaan vesialue, nimelt\u00e4\u00e4n K\u00e4h\u00f6nsalmi, joka p\u00e4\u00e4ttyy Rutolan r\u00e4nniin. K\u00e4h\u00f6nsalmen vesist\u00f6 on mukavan suojaisa ulkoilu-, kelkkailu- ja melontareitti. K\u00e4h\u00f6n alueella on vakituista asutusta ja rannoilla runsaasti kes\u00e4m\u00f6kkej\u00e4.<\/p>\n<p>J\u00e4nis<br \/>\nK\u00e4h\u00f6n j\u00e4lkeen saavutaan J\u00e4niksen &#8221;numerolle&#8221;. J\u00e4niksen alueella sijaitsee Merenlahden entinen kyl\u00e4kaupan rakennus sek\u00e4 kyl\u00e4n entinen koulu, jonka toiminta on lopetettu v. 1967. J\u00e4niksen numeron taloilla on hauskoja nimi\u00e4, kuten alatupa, suurtupa sek\u00e4 yl\u00e4tupa, jossa asuu kyl\u00e4n perhep\u00e4iv\u00e4hoitaja.<\/p>\n<p>Talka<br \/>\nKeskikyl\u00e4n maisemaaTalkan &#8221;numerosta&#8221;, keskikyl\u00e4lt\u00e4 avautuvat upeat n\u00e4kym\u00e4t kohti Saimaata ja Talanlahtea. Talanlahdella, keskell\u00e4 kyl\u00e4\u00e4 sijaitsee kyl\u00e4n yleinen uimaranta. Talkan kohdalla on laajat peltoaukeat ja korkealle nousevan m\u00e4en rinteess\u00e4 useita taloja.<\/p>\n<p>Nikkil\u00e4<br \/>\nViimeisen\u00e4 kyl\u00e4n perill\u00e4 on Nikkil\u00e4n alue. Kaupungista p\u00e4in tullessa vasemmalle j\u00e4\u00e4 kentt\u00e4osuuskunan talo ja urheilukentt\u00e4. Siell\u00e4 sijaitsevat my\u00f6s kyl\u00e4museo, hirvikatos sek\u00e4 kyl\u00e4n j\u00e4tepiste. Oikealla puolella tiet\u00e4 avautuvat laajat pelton\u00e4kym\u00e4t ja kyl\u00e4tielt\u00e4 n\u00e4kyv\u00e4t Lappeenrannan kaupungin vesitorni sek\u00e4 muut korkeat rakennukset. Nikkil\u00e4\u00e4n p\u00e4\u00e4ttyy Merenlahden yleinen tie ja ja jyrk\u00e4n m\u00e4en alla sijaitsee linja-auton k\u00e4\u00e4nt\u00f6paikka sek\u00e4 Hietalahden ranta.<\/p>\n<p>Merimaan asutusalue<br \/>\nNikkiselt\u00e4 kaupungista tullessa vasemmalle haarautuu Kirkkokiventie, jonka varrella sijaitsee Merimaan asutusalue. Muutaman kilometrin pituisella Kirkkokiventiell\u00e4 on t\u00e4ll\u00e4 hetkell\u00e4 jo 13 taloa ja uusiakin on rakenteilla. Kirkkokiventie on aivan Saimaan rannan l\u00e4heisyydess\u00e4. Nimens\u00e4 tie on saanut suuresta kivest\u00e4, jonka p\u00e4\u00e4lt\u00e4 n\u00e4kyy Taipalsaaren kirkko.<\/p>\n","protected":false},"excerpt":{"rendered":"<p>Merenlahden kyl\u00e4n vakituinen asutus on perinteisesti jaettu viiteen eri alueeseen; K\u00e4h\u00f6, J\u00e4nis, Talka, Nikkil\u00e4 ja Merimaan asutusalue. K\u00e4h\u00f6 K\u00e4h\u00f6n alue sijaitsee ensimm\u00e4isen\u00e4 tultaessa Merenlahden kyl\u00e4lle. Merenlahden tien oikealla puolella kulkee kapea piensaimaan vesialue, nimelt\u00e4\u00e4n K\u00e4h\u00f6nsalmi, joka p\u00e4\u00e4ttyy Rutolan r\u00e4nniin. K\u00e4h\u00f6nsalmen &hellip; <a href=\"https:\/\/kylat.ekarjala.fi\/merenlahti\/kylan-raitilla\/\">Lue loppuun <span class=\"meta-nav\">&rarr;<\/span><\/a><\/p>\n","protected":false},"author":1,"featured_media":0,"parent":0,"menu_order":0,"comment_status":"closed","ping_status":"closed","template":"","meta":{"footnotes":""},"class_list":["post-11","page","type-page","status-publish","hentry"],"_links":{"self":[{"href":"https:\/\/kylat.ekarjala.fi\/merenlahti\/wp-json\/wp\/v2\/pages\/11","targetHints":{"allow":["GET"]}}],"collection":[{"href":"https:\/\/kylat.ekarjala.fi\/merenlahti\/wp-json\/wp\/v2\/pages"}],"about":[{"href":"https:\/\/kylat.ekarjala.fi\/merenlahti\/wp-json\/wp\/v2\/types\/page"}],"author":[{"embeddable":true,"href":"https:\/\/kylat.ekarjala.fi\/merenlahti\/wp-json\/wp\/v2\/users\/1"}],"replies":[{"embeddable":true,"href":"https:\/\/kylat.ekarjala.fi\/merenlahti\/wp-json\/wp\/v2\/comments?post=11"}],"version-history":[{"count":2,"href":"https:\/\/kylat.ekarjala.fi\/merenlahti\/wp-json\/wp\/v2\/pages\/11\/revisions"}],"predecessor-version":[{"id":125,"href":"https:\/\/kylat.ekarjala.fi\/merenlahti\/wp-json\/wp\/v2\/pages\/11\/revisions\/125"}],"wp:attachment":[{"href":"https:\/\/kylat.ekarjala.fi\/merenlahti\/wp-json\/wp\/v2\/media?parent=11"}],"curies":[{"name":"wp","href":"https:\/\/api.w.org\/{rel}","templated":true}]}}