{"id":23,"date":"2014-02-24T13:10:06","date_gmt":"2014-02-24T11:10:06","guid":{"rendered":"https:\/\/kylat.ekarjala.fi\/merenlahti\/?page_id=23"},"modified":"2026-03-08T14:02:59","modified_gmt":"2026-03-08T12:02:59","slug":"merenlahden-urheilukenttaosuuskunnan-talo","status":"publish","type":"page","link":"https:\/\/kylat.ekarjala.fi\/merenlahti\/merenlahden-urheilukenttaosuuskunnan-talo\/","title":{"rendered":"Merenlahden talo"},"content":{"rendered":"<p>Merenlahden urheilukentt\u00e4osuuskunnan talo on valmistunut v. 1957 ja peruskorjattu v. 1972. Vuonna 2000 taloon valmistui laajennusosa. Vuonna 2024 on talon sis\u00e4tiloja p\u00e4ivitetty mm. seinien maalaus. Vuonna 2026 on uusittu talon ikkunoita ja keitti\u00f6n ovi.\u00a0 Talossa on n\u00e4ytt\u00e4m\u00f6, sali ja keitti\u00f6tilat astiastoineen. Talon osoite: Orjainniementie 20<\/p>\n<p>P\u00e4\u00e4s\u00e4\u00e4nt\u00f6isesti kyl\u00e4l\u00e4isten k\u00e4ytt\u00f6\u00e4 varten rakennettu talo toimii juhlapaikkana, kokoustilana, kerhotilana, liikunta- ym. harrastus- paikkana.\u00a0Sit\u00e4 vuokrataan my\u00f6s ulkopuolisille.<\/p>\n<p>Lis\u00e4tietoja kentt\u00e4osuuskunnan toiminnasta my\u00f6s v\u00e4lilehdell\u00e4: kyl\u00e4ll\u00e4 toimivat yhdistykset\/Merenlahden urheilukentt\u00e4osuuskunta.<\/p>\n<p>Tilan varaukset: Sirkku Anttila p. 040 555 5238<\/p>\n<p>\t\t\t\t\t\t\t\t\t\t\t\t\t\t\t\t<a href=\"https:\/\/kylat.ekarjala.fi\/merenlahti\/wp-content\/uploads\/sites\/71\/2014\/02\/cropped-merenlahti.jpg\" data-elementor-open-lightbox=\"yes\" data-elementor-lightbox-title=\"cropped-merenlahti.jpg\" data-elementor-lightbox-description=\"https:\/\/kylat.ekarjala.fi\/merenlahti\/wp-content\/uploads\/sites\/71\/2014\/02\/cropped-merenlahti.jpg\" data-e-action-hash=\"#elementor-action%3Aaction%3Dlightbox%26settings%3DeyJpZCI6IjYiLCJ1cmwiOiJodHRwczpcL1wva3lsYXQuZWthcmphbGEuZmlcL21lcmVubGFodGlcL3dwLWNvbnRlbnRcL3VwbG9hZHNcL3NpdGVzXC83MVwvMjAxNFwvMDJcL2Nyb3BwZWQtbWVyZW5sYWh0aS5qcGcifQ%3D%3D\"><br \/>\n\t\t\t\t\t\t\t<img fetchpriority=\"high\" decoding=\"async\" width=\"640\" height=\"135\" src=\"https:\/\/kylat.ekarjala.fi\/merenlahti\/wp-content\/uploads\/sites\/71\/2014\/02\/cropped-merenlahti.jpg\" alt=\"\" \/>\t\t\t\t\t\t\t\t<\/a><\/p>\n\n\n<p><\/p>\n","protected":false},"excerpt":{"rendered":"<p>Merenlahden urheilukentt\u00e4osuuskunnan talo on valmistunut v. 1957 ja peruskorjattu v. 1972. Vuonna 2000 taloon valmistui laajennusosa. Vuonna 2024 on talon sis\u00e4tiloja p\u00e4ivitetty mm. seinien maalaus. Vuonna 2026 on uusittu talon ikkunoita ja keitti\u00f6n ovi.\u00a0 Talossa on n\u00e4ytt\u00e4m\u00f6, sali ja keitti\u00f6tilat &hellip; <a href=\"https:\/\/kylat.ekarjala.fi\/merenlahti\/merenlahden-urheilukenttaosuuskunnan-talo\/\">Lue loppuun <span class=\"meta-nav\">&rarr;<\/span><\/a><\/p>\n","protected":false},"author":1,"featured_media":0,"parent":0,"menu_order":0,"comment_status":"closed","ping_status":"closed","template":"","meta":{"footnotes":""},"class_list":["post-23","page","type-page","status-publish","hentry"],"_links":{"self":[{"href":"https:\/\/kylat.ekarjala.fi\/merenlahti\/wp-json\/wp\/v2\/pages\/23","targetHints":{"allow":["GET"]}}],"collection":[{"href":"https:\/\/kylat.ekarjala.fi\/merenlahti\/wp-json\/wp\/v2\/pages"}],"about":[{"href":"https:\/\/kylat.ekarjala.fi\/merenlahti\/wp-json\/wp\/v2\/types\/page"}],"author":[{"embeddable":true,"href":"https:\/\/kylat.ekarjala.fi\/merenlahti\/wp-json\/wp\/v2\/users\/1"}],"replies":[{"embeddable":true,"href":"https:\/\/kylat.ekarjala.fi\/merenlahti\/wp-json\/wp\/v2\/comments?post=23"}],"version-history":[{"count":16,"href":"https:\/\/kylat.ekarjala.fi\/merenlahti\/wp-json\/wp\/v2\/pages\/23\/revisions"}],"predecessor-version":[{"id":460,"href":"https:\/\/kylat.ekarjala.fi\/merenlahti\/wp-json\/wp\/v2\/pages\/23\/revisions\/460"}],"wp:attachment":[{"href":"https:\/\/kylat.ekarjala.fi\/merenlahti\/wp-json\/wp\/v2\/media?parent=23"}],"curies":[{"name":"wp","href":"https:\/\/api.w.org\/{rel}","templated":true}]}}