{"id":51,"date":"2014-02-24T13:12:17","date_gmt":"2014-02-24T11:12:17","guid":{"rendered":"https:\/\/kylat.ekarjala.fi\/merenlahti\/?page_id=51"},"modified":"2026-03-02T17:29:27","modified_gmt":"2026-03-02T15:29:27","slug":"jateasiat","status":"publish","type":"page","link":"https:\/\/kylat.ekarjala.fi\/merenlahti\/jateasiat\/","title":{"rendered":"J\u00e4teasiat"},"content":{"rendered":"<p>J\u00e4tteen ker\u00e4yspiste sijaitsee Orjainniementiell\u00e4 Kyl\u00e4museon vieress\u00e4. Kaatopaikkaj\u00e4tteelle on 3 s\u00e4ili\u00f6t\u00e4. Kev\u00e4\u00e4ll\u00e4 j\u00e4rjestet\u00e4\u00e4n rauta\/metalliromun ker\u00e4ys. Ajankohdasta ilmoitetaan kyl\u00e4n ilmoitustauluilla.<\/p>\n<p>&nbsp;<\/p>\n","protected":false},"excerpt":{"rendered":"<p>J\u00e4tteen ker\u00e4yspiste sijaitsee Orjainniementiell\u00e4 Kyl\u00e4museon vieress\u00e4. Kaatopaikkaj\u00e4tteelle on 3 s\u00e4ili\u00f6t\u00e4. Kev\u00e4\u00e4ll\u00e4 j\u00e4rjestet\u00e4\u00e4n rauta\/metalliromun ker\u00e4ys. Ajankohdasta ilmoitetaan kyl\u00e4n ilmoitustauluilla. &nbsp;<\/p>\n","protected":false},"author":1,"featured_media":0,"parent":0,"menu_order":0,"comment_status":"closed","ping_status":"closed","template":"","meta":{"footnotes":""},"class_list":["post-51","page","type-page","status-publish","hentry"],"_links":{"self":[{"href":"https:\/\/kylat.ekarjala.fi\/merenlahti\/wp-json\/wp\/v2\/pages\/51","targetHints":{"allow":["GET"]}}],"collection":[{"href":"https:\/\/kylat.ekarjala.fi\/merenlahti\/wp-json\/wp\/v2\/pages"}],"about":[{"href":"https:\/\/kylat.ekarjala.fi\/merenlahti\/wp-json\/wp\/v2\/types\/page"}],"author":[{"embeddable":true,"href":"https:\/\/kylat.ekarjala.fi\/merenlahti\/wp-json\/wp\/v2\/users\/1"}],"replies":[{"embeddable":true,"href":"https:\/\/kylat.ekarjala.fi\/merenlahti\/wp-json\/wp\/v2\/comments?post=51"}],"version-history":[{"count":4,"href":"https:\/\/kylat.ekarjala.fi\/merenlahti\/wp-json\/wp\/v2\/pages\/51\/revisions"}],"predecessor-version":[{"id":450,"href":"https:\/\/kylat.ekarjala.fi\/merenlahti\/wp-json\/wp\/v2\/pages\/51\/revisions\/450"}],"wp:attachment":[{"href":"https:\/\/kylat.ekarjala.fi\/merenlahti\/wp-json\/wp\/v2\/media?parent=51"}],"curies":[{"name":"wp","href":"https:\/\/api.w.org\/{rel}","templated":true}]}}