{"id":8,"date":"2014-02-24T13:08:45","date_gmt":"2014-02-24T11:08:45","guid":{"rendered":"https:\/\/kylat.ekarjala.fi\/merenlahti\/?page_id=8"},"modified":"2023-07-24T13:33:00","modified_gmt":"2023-07-24T10:33:00","slug":"kylamuseo","status":"publish","type":"page","link":"https:\/\/kylat.ekarjala.fi\/merenlahti\/kylamuseo\/","title":{"rendered":"Kyl\u00e4museo"},"content":{"rendered":"<p>Merenlahden kyl\u00e4museo<br \/>\nMerenlahden kyl\u00e4museot, kaksi pient\u00e4 hirsirakennusta sijaitsevat Orjainlahdentiell\u00e4 kentt\u00e4osuuskunnan l\u00e4heisyydess\u00e4. Museorakennukset ovat avoinna kentt\u00e4osuuskunnan tapahtumien yhteydess\u00e4. Museoon on ker\u00e4tty mm. kyl\u00e4l\u00e4isilt\u00e4 lahjoituksina saatuja esineit\u00e4.<\/p>\n<p>Kes\u00e4kuussa 2008 museorakennuksen kattoa kunnostettiin kyl\u00e4l\u00e4isten voimin talkooty\u00f6n\u00e4. Hein\u00e4kuussa j\u00e4rjestettiin naisvoimin museon siivoustalkoot ja j\u00e4rjesteltiin museon tavarat uuteen j\u00e4rjestykseen.<\/p>\n<p>Ensimm\u00e4inen museorakennus j\u00e4i pieneksi. Kuivaniementielt\u00e4 saatiin museok\u00e4ytt\u00f6\u00f6n lahjoituksena hirsirakennus. Hirsirunko siirrettiin nykyisen museon viereen talkooty\u00f6n\u00e4 1.marraskuuta 2008. Kes\u00e4ll\u00e4 2009 tehtiin rakennukseen katto ja t\u00e4m\u00e4n j\u00e4lkeen esineet saatiin j\u00e4rjestelty\u00e4 paremmin esille kahteen museorakennukseen.<\/p>\n","protected":false},"excerpt":{"rendered":"<p>Merenlahden kyl\u00e4museo Merenlahden kyl\u00e4museot, kaksi pient\u00e4 hirsirakennusta sijaitsevat Orjainlahdentiell\u00e4 kentt\u00e4osuuskunnan l\u00e4heisyydess\u00e4. Museorakennukset ovat avoinna kentt\u00e4osuuskunnan tapahtumien yhteydess\u00e4. Museoon on ker\u00e4tty mm. kyl\u00e4l\u00e4isilt\u00e4 lahjoituksina saatuja esineit\u00e4. Kes\u00e4kuussa 2008 museorakennuksen kattoa kunnostettiin kyl\u00e4l\u00e4isten voimin talkooty\u00f6n\u00e4. Hein\u00e4kuussa j\u00e4rjestettiin naisvoimin museon siivoustalkoot ja j\u00e4rjesteltiin &hellip; <a href=\"https:\/\/kylat.ekarjala.fi\/merenlahti\/kylamuseo\/\">Lue loppuun <span class=\"meta-nav\">&rarr;<\/span><\/a><\/p>\n","protected":false},"author":1,"featured_media":0,"parent":0,"menu_order":0,"comment_status":"closed","ping_status":"closed","template":"","meta":{"footnotes":""},"class_list":["post-8","page","type-page","status-publish","hentry"],"_links":{"self":[{"href":"https:\/\/kylat.ekarjala.fi\/merenlahti\/wp-json\/wp\/v2\/pages\/8","targetHints":{"allow":["GET"]}}],"collection":[{"href":"https:\/\/kylat.ekarjala.fi\/merenlahti\/wp-json\/wp\/v2\/pages"}],"about":[{"href":"https:\/\/kylat.ekarjala.fi\/merenlahti\/wp-json\/wp\/v2\/types\/page"}],"author":[{"embeddable":true,"href":"https:\/\/kylat.ekarjala.fi\/merenlahti\/wp-json\/wp\/v2\/users\/1"}],"replies":[{"embeddable":true,"href":"https:\/\/kylat.ekarjala.fi\/merenlahti\/wp-json\/wp\/v2\/comments?post=8"}],"version-history":[{"count":2,"href":"https:\/\/kylat.ekarjala.fi\/merenlahti\/wp-json\/wp\/v2\/pages\/8\/revisions"}],"predecessor-version":[{"id":144,"href":"https:\/\/kylat.ekarjala.fi\/merenlahti\/wp-json\/wp\/v2\/pages\/8\/revisions\/144"}],"wp:attachment":[{"href":"https:\/\/kylat.ekarjala.fi\/merenlahti\/wp-json\/wp\/v2\/media?parent=8"}],"curies":[{"name":"wp","href":"https:\/\/api.w.org\/{rel}","templated":true}]}}