{"id":82,"date":"2014-02-24T13:15:09","date_gmt":"2014-02-24T11:15:09","guid":{"rendered":"https:\/\/kylat.ekarjala.fi\/merenlahti\/?page_id=82"},"modified":"2023-07-24T13:31:58","modified_gmt":"2023-07-24T10:31:58","slug":"eero-helkilinnakaislanniittoa","status":"publish","type":"page","link":"https:\/\/kylat.ekarjala.fi\/merenlahti\/eero-helkilinnakaislanniittoa\/","title":{"rendered":"Eero Helkilinna\/kaislanniittoa"},"content":{"rendered":"<p>Kaisla ongelmia?<br \/>\nEip\u00e4 h\u00e4t\u00e4\u00e4&#8230;niittokone on! Ja toimii!<br \/>\nKes\u00e4 asukas Eero Helkilinna\/Autokorjaamo Asennuspaikka rakenteli ja kehitteli kaislaleikkuria jo syksyll\u00e4-08.<br \/>\nOma ranta nyt puhdas ja j\u00e4rvikin n\u00e4kyy!Ja vesi puhdistui!<br \/>\nKone leikkaa max.30 cm syvyydelt\u00e4 ruokoa poikki.<br \/>\nVeneen keulassa on &#8221;harava&#8221; jolla saalis ker\u00e4t\u00e4\u00e4n eli ty\u00f6nnet\u00e4\u00e4n rantaan jossa ruoko nostetaan maihin joko poltettavaksi tai kompostoitavaksi joka on sitten todella hidasta.<br \/>\nNiitossa p\u00e4\u00e4st\u00e4\u00e4n parhaaseen tulokseen niitt\u00e4m\u00e4ll\u00e4 pariin kertaan kes\u00e4ss\u00e4,ennen kukintaa.<br \/>\nKyse on siis pieni muotoisesta &#8221;m\u00f6kki&#8221;niitt\u00e4misest\u00e4&#8221;rantojen parantamisesta ja uskon ett\u00e4 kaislan niitto v\u00e4hent\u00e4\u00e4 sinilev\u00e4n elo mahdollisuuksia koska vesi p\u00e4\u00e4see rannoissa vaihtumaan.<\/p>\n<p>Eero Helkilinna 0400-755657<br \/>\nmailto:asennuspaikka@gmail.gom<\/p>\n","protected":false},"excerpt":{"rendered":"<p>Kaisla ongelmia? Eip\u00e4 h\u00e4t\u00e4\u00e4&#8230;niittokone on! Ja toimii! Kes\u00e4 asukas Eero Helkilinna\/Autokorjaamo Asennuspaikka rakenteli ja kehitteli kaislaleikkuria jo syksyll\u00e4-08. Oma ranta nyt puhdas ja j\u00e4rvikin n\u00e4kyy!Ja vesi puhdistui! Kone leikkaa max.30 cm syvyydelt\u00e4 ruokoa poikki. Veneen keulassa on &#8221;harava&#8221; jolla saalis &hellip; <a href=\"https:\/\/kylat.ekarjala.fi\/merenlahti\/eero-helkilinnakaislanniittoa\/\">Lue loppuun <span class=\"meta-nav\">&rarr;<\/span><\/a><\/p>\n","protected":false},"author":1,"featured_media":0,"parent":0,"menu_order":0,"comment_status":"closed","ping_status":"closed","template":"","meta":{"footnotes":""},"class_list":["post-82","page","type-page","status-publish","hentry"],"_links":{"self":[{"href":"https:\/\/kylat.ekarjala.fi\/merenlahti\/wp-json\/wp\/v2\/pages\/82","targetHints":{"allow":["GET"]}}],"collection":[{"href":"https:\/\/kylat.ekarjala.fi\/merenlahti\/wp-json\/wp\/v2\/pages"}],"about":[{"href":"https:\/\/kylat.ekarjala.fi\/merenlahti\/wp-json\/wp\/v2\/types\/page"}],"author":[{"embeddable":true,"href":"https:\/\/kylat.ekarjala.fi\/merenlahti\/wp-json\/wp\/v2\/users\/1"}],"replies":[{"embeddable":true,"href":"https:\/\/kylat.ekarjala.fi\/merenlahti\/wp-json\/wp\/v2\/comments?post=82"}],"version-history":[{"count":1,"href":"https:\/\/kylat.ekarjala.fi\/merenlahti\/wp-json\/wp\/v2\/pages\/82\/revisions"}],"predecessor-version":[{"id":84,"href":"https:\/\/kylat.ekarjala.fi\/merenlahti\/wp-json\/wp\/v2\/pages\/82\/revisions\/84"}],"wp:attachment":[{"href":"https:\/\/kylat.ekarjala.fi\/merenlahti\/wp-json\/wp\/v2\/media?parent=82"}],"curies":[{"name":"wp","href":"https:\/\/api.w.org\/{rel}","templated":true}]}}