{"id":85,"date":"2014-02-24T13:16:06","date_gmt":"2014-02-24T11:16:06","guid":{"rendered":"https:\/\/kylat.ekarjala.fi\/merenlahti\/?page_id=85"},"modified":"2015-06-07T16:33:47","modified_gmt":"2015-06-07T13:33:47","slug":"kylalla-toimivat-yhdistykset","status":"publish","type":"page","link":"https:\/\/kylat.ekarjala.fi\/merenlahti\/kylalla-toimivat-yhdistykset\/","title":{"rendered":"Kyl\u00e4ll\u00e4 toimivat yhdistykset"},"content":{"rendered":"<p>Merenlahdella toimii useita eri yhdistyksi\u00e4. Alaotsikoissa eri yhdistyksien esittely ja yhteyshenkil\u00f6t. Tervetuloa kaikki kyl\u00e4l\u00e4iset mukaan toimimaan!<\/p>\n","protected":false},"excerpt":{"rendered":"<p>Merenlahdella toimii useita eri yhdistyksi\u00e4. Alaotsikoissa eri yhdistyksien esittely ja yhteyshenkil\u00f6t. Tervetuloa kaikki kyl\u00e4l\u00e4iset mukaan toimimaan!<\/p>\n","protected":false},"author":1,"featured_media":0,"parent":0,"menu_order":0,"comment_status":"open","ping_status":"closed","template":"","meta":{"footnotes":""},"class_list":["post-85","page","type-page","status-publish","hentry"],"_links":{"self":[{"href":"https:\/\/kylat.ekarjala.fi\/merenlahti\/wp-json\/wp\/v2\/pages\/85","targetHints":{"allow":["GET"]}}],"collection":[{"href":"https:\/\/kylat.ekarjala.fi\/merenlahti\/wp-json\/wp\/v2\/pages"}],"about":[{"href":"https:\/\/kylat.ekarjala.fi\/merenlahti\/wp-json\/wp\/v2\/types\/page"}],"author":[{"embeddable":true,"href":"https:\/\/kylat.ekarjala.fi\/merenlahti\/wp-json\/wp\/v2\/users\/1"}],"replies":[{"embeddable":true,"href":"https:\/\/kylat.ekarjala.fi\/merenlahti\/wp-json\/wp\/v2\/comments?post=85"}],"version-history":[{"count":2,"href":"https:\/\/kylat.ekarjala.fi\/merenlahti\/wp-json\/wp\/v2\/pages\/85\/revisions"}],"predecessor-version":[{"id":123,"href":"https:\/\/kylat.ekarjala.fi\/merenlahti\/wp-json\/wp\/v2\/pages\/85\/revisions\/123"}],"wp:attachment":[{"href":"https:\/\/kylat.ekarjala.fi\/merenlahti\/wp-json\/wp\/v2\/media?parent=85"}],"curies":[{"name":"wp","href":"https:\/\/api.w.org\/{rel}","templated":true}]}}