{"id":107,"date":"2011-10-31T13:58:04","date_gmt":"2011-10-31T12:28:04","guid":{"rendered":"https:\/\/kylat.ekarjala.fi\/mikkolanniemi\/?page_id=107"},"modified":"2025-12-12T19:46:25","modified_gmt":"2025-12-12T18:16:25","slug":"tapahtumat","status":"publish","type":"page","link":"https:\/\/kylat.ekarjala.fi\/mikkolanniemi\/tapahtumat\/","title":{"rendered":"Arkisto"},"content":{"rendered":"<p style=\"text-align: left\">\n<p style=\"text-align: left\"><!-- [if gte mso 9]&gt;--><\/p>\n<p style=\"text-align: left\"><!-- [if gte mso 9]&gt;--><\/p>\n<p><!-- [if gte mso 10]&gt;--><\/p>\n\n\n<p>Arkistosta l\u00f6yd\u00e4t tapahtumia vuodesta 2006 l\u00e4htien.<\/p>\n\n\n\n<p>Viimeiseksi j\u00e4\u00e4neet 25. Maailman Pienimm\u00e4t Joulumessut 1.12.2024. Juolukinkkuja arvottiin kaikkiaan 25 kappaletta tasatuntiarvonnoissa. Messuilla oli reilut 300 k\u00e4vij\u00e4\u00e4.<\/p>\n\n\n\n<figure class=\"wp-block-gallery has-nested-images columns-default is-cropped wp-block-gallery-1 is-layout-flex wp-block-gallery-is-layout-flex\">\n<figure class=\"wp-block-image size-large\"><a href=\"https:\/\/kylat.ekarjala.fi\/mikkolanniemi\/wp-content\/uploads\/sites\/31\/2025\/12\/2024-1-1-scaled-e1765558902935.jpg\"><img loading=\"lazy\" decoding=\"async\" width=\"768\" height=\"1024\" data-id=\"3453\" src=\"https:\/\/kylat.ekarjala.fi\/mikkolanniemi\/wp-content\/uploads\/sites\/31\/2025\/12\/2024-1-1-scaled-e1765558902935-768x1024.jpg\" alt=\"\" class=\"wp-image-3453\" srcset=\"https:\/\/kylat.ekarjala.fi\/mikkolanniemi\/wp-content\/uploads\/sites\/31\/2025\/12\/2024-1-1-scaled-e1765558902935-768x1024.jpg 768w, https:\/\/kylat.ekarjala.fi\/mikkolanniemi\/wp-content\/uploads\/sites\/31\/2025\/12\/2024-1-1-scaled-e1765558902935-225x300.jpg 225w, https:\/\/kylat.ekarjala.fi\/mikkolanniemi\/wp-content\/uploads\/sites\/31\/2025\/12\/2024-1-1-scaled-e1765558902935-1152x1536.jpg 1152w, https:\/\/kylat.ekarjala.fi\/mikkolanniemi\/wp-content\/uploads\/sites\/31\/2025\/12\/2024-1-1-scaled-e1765558902935-1536x2048.jpg 1536w, https:\/\/kylat.ekarjala.fi\/mikkolanniemi\/wp-content\/uploads\/sites\/31\/2025\/12\/2024-1-1-scaled-e1765558902935.jpg 1920w\" sizes=\"auto, (max-width: 768px) 100vw, 768px\" \/><\/a><\/figure>\n\n\n\n<figure class=\"wp-block-image size-large\"><a href=\"https:\/\/kylat.ekarjala.fi\/mikkolanniemi\/wp-content\/uploads\/sites\/31\/2025\/12\/2024-2-1-scaled-e1765558867210.jpg\"><img loading=\"lazy\" decoding=\"async\" width=\"768\" height=\"1024\" data-id=\"3454\" src=\"https:\/\/kylat.ekarjala.fi\/mikkolanniemi\/wp-content\/uploads\/sites\/31\/2025\/12\/2024-2-1-scaled-e1765558867210-768x1024.jpg\" alt=\"\" class=\"wp-image-3454\" srcset=\"https:\/\/kylat.ekarjala.fi\/mikkolanniemi\/wp-content\/uploads\/sites\/31\/2025\/12\/2024-2-1-scaled-e1765558867210-768x1024.jpg 768w, https:\/\/kylat.ekarjala.fi\/mikkolanniemi\/wp-content\/uploads\/sites\/31\/2025\/12\/2024-2-1-scaled-e1765558867210-225x300.jpg 225w, https:\/\/kylat.ekarjala.fi\/mikkolanniemi\/wp-content\/uploads\/sites\/31\/2025\/12\/2024-2-1-scaled-e1765558867210-1152x1536.jpg 1152w, https:\/\/kylat.ekarjala.fi\/mikkolanniemi\/wp-content\/uploads\/sites\/31\/2025\/12\/2024-2-1-scaled-e1765558867210-1536x2048.jpg 1536w, https:\/\/kylat.ekarjala.fi\/mikkolanniemi\/wp-content\/uploads\/sites\/31\/2025\/12\/2024-2-1-scaled-e1765558867210.jpg 1920w\" sizes=\"auto, (max-width: 768px) 100vw, 768px\" \/><\/a><\/figure>\n\n\n\n<figure class=\"wp-block-image size-large\"><a href=\"https:\/\/kylat.ekarjala.fi\/mikkolanniemi\/wp-content\/uploads\/sites\/31\/2025\/12\/2024-3-scaled-e1765558846793.jpg\"><img loading=\"lazy\" decoding=\"async\" width=\"768\" height=\"1024\" data-id=\"3455\" src=\"https:\/\/kylat.ekarjala.fi\/mikkolanniemi\/wp-content\/uploads\/sites\/31\/2025\/12\/2024-3-scaled-e1765558846793-768x1024.jpg\" alt=\"\" class=\"wp-image-3455\" srcset=\"https:\/\/kylat.ekarjala.fi\/mikkolanniemi\/wp-content\/uploads\/sites\/31\/2025\/12\/2024-3-scaled-e1765558846793-768x1024.jpg 768w, https:\/\/kylat.ekarjala.fi\/mikkolanniemi\/wp-content\/uploads\/sites\/31\/2025\/12\/2024-3-scaled-e1765558846793-225x300.jpg 225w, https:\/\/kylat.ekarjala.fi\/mikkolanniemi\/wp-content\/uploads\/sites\/31\/2025\/12\/2024-3-scaled-e1765558846793-1152x1536.jpg 1152w, https:\/\/kylat.ekarjala.fi\/mikkolanniemi\/wp-content\/uploads\/sites\/31\/2025\/12\/2024-3-scaled-e1765558846793-1536x2048.jpg 1536w, https:\/\/kylat.ekarjala.fi\/mikkolanniemi\/wp-content\/uploads\/sites\/31\/2025\/12\/2024-3-scaled-e1765558846793.jpg 1920w\" sizes=\"auto, (max-width: 768px) 100vw, 768px\" \/><\/a><\/figure>\n\n\n\n<figure class=\"wp-block-image size-large\"><a href=\"https:\/\/kylat.ekarjala.fi\/mikkolanniemi\/wp-content\/uploads\/sites\/31\/2025\/12\/2024-4-scaled-e1765558824752.jpg\"><img loading=\"lazy\" decoding=\"async\" width=\"768\" height=\"1024\" data-id=\"3456\" src=\"https:\/\/kylat.ekarjala.fi\/mikkolanniemi\/wp-content\/uploads\/sites\/31\/2025\/12\/2024-4-scaled-e1765558824752-768x1024.jpg\" alt=\"\" class=\"wp-image-3456\" srcset=\"https:\/\/kylat.ekarjala.fi\/mikkolanniemi\/wp-content\/uploads\/sites\/31\/2025\/12\/2024-4-scaled-e1765558824752-768x1024.jpg 768w, https:\/\/kylat.ekarjala.fi\/mikkolanniemi\/wp-content\/uploads\/sites\/31\/2025\/12\/2024-4-scaled-e1765558824752-225x300.jpg 225w, https:\/\/kylat.ekarjala.fi\/mikkolanniemi\/wp-content\/uploads\/sites\/31\/2025\/12\/2024-4-scaled-e1765558824752-1152x1536.jpg 1152w, https:\/\/kylat.ekarjala.fi\/mikkolanniemi\/wp-content\/uploads\/sites\/31\/2025\/12\/2024-4-scaled-e1765558824752-1536x2048.jpg 1536w, https:\/\/kylat.ekarjala.fi\/mikkolanniemi\/wp-content\/uploads\/sites\/31\/2025\/12\/2024-4-scaled-e1765558824752.jpg 1920w\" sizes=\"auto, (max-width: 768px) 100vw, 768px\" \/><\/a><\/figure>\n\n\n\n<figure class=\"wp-block-image size-large\"><a href=\"https:\/\/kylat.ekarjala.fi\/mikkolanniemi\/wp-content\/uploads\/sites\/31\/2025\/12\/2024-6-scaled-e1765558809678.jpg\"><img loading=\"lazy\" decoding=\"async\" width=\"768\" height=\"1024\" data-id=\"3457\" src=\"https:\/\/kylat.ekarjala.fi\/mikkolanniemi\/wp-content\/uploads\/sites\/31\/2025\/12\/2024-6-scaled-e1765558809678-768x1024.jpg\" alt=\"\" class=\"wp-image-3457\" srcset=\"https:\/\/kylat.ekarjala.fi\/mikkolanniemi\/wp-content\/uploads\/sites\/31\/2025\/12\/2024-6-scaled-e1765558809678-768x1024.jpg 768w, https:\/\/kylat.ekarjala.fi\/mikkolanniemi\/wp-content\/uploads\/sites\/31\/2025\/12\/2024-6-scaled-e1765558809678-225x300.jpg 225w, https:\/\/kylat.ekarjala.fi\/mikkolanniemi\/wp-content\/uploads\/sites\/31\/2025\/12\/2024-6-scaled-e1765558809678-1152x1536.jpg 1152w, https:\/\/kylat.ekarjala.fi\/mikkolanniemi\/wp-content\/uploads\/sites\/31\/2025\/12\/2024-6-scaled-e1765558809678-1536x2048.jpg 1536w, https:\/\/kylat.ekarjala.fi\/mikkolanniemi\/wp-content\/uploads\/sites\/31\/2025\/12\/2024-6-scaled-e1765558809678.jpg 1920w\" sizes=\"auto, (max-width: 768px) 100vw, 768px\" \/><\/a><\/figure>\n\n\n\n<figure class=\"wp-block-image size-large\"><a href=\"https:\/\/kylat.ekarjala.fi\/mikkolanniemi\/wp-content\/uploads\/sites\/31\/2025\/12\/2025-5-scaled-e1765558790567.jpg\"><img loading=\"lazy\" decoding=\"async\" width=\"768\" height=\"1024\" data-id=\"3458\" src=\"https:\/\/kylat.ekarjala.fi\/mikkolanniemi\/wp-content\/uploads\/sites\/31\/2025\/12\/2025-5-scaled-e1765558790567-768x1024.jpg\" alt=\"\" class=\"wp-image-3458\" srcset=\"https:\/\/kylat.ekarjala.fi\/mikkolanniemi\/wp-content\/uploads\/sites\/31\/2025\/12\/2025-5-scaled-e1765558790567-768x1024.jpg 768w, https:\/\/kylat.ekarjala.fi\/mikkolanniemi\/wp-content\/uploads\/sites\/31\/2025\/12\/2025-5-scaled-e1765558790567-225x300.jpg 225w, https:\/\/kylat.ekarjala.fi\/mikkolanniemi\/wp-content\/uploads\/sites\/31\/2025\/12\/2025-5-scaled-e1765558790567-1152x1536.jpg 1152w, https:\/\/kylat.ekarjala.fi\/mikkolanniemi\/wp-content\/uploads\/sites\/31\/2025\/12\/2025-5-scaled-e1765558790567-1536x2048.jpg 1536w, https:\/\/kylat.ekarjala.fi\/mikkolanniemi\/wp-content\/uploads\/sites\/31\/2025\/12\/2025-5-scaled-e1765558790567.jpg 1920w\" sizes=\"auto, (max-width: 768px) 100vw, 768px\" \/><\/a><\/figure>\n<\/figure>\n\n\n\n<p>Joulurauhan julistus 23.12.2024<\/p>\n\n\n\n<figure class=\"wp-block-gallery has-nested-images columns-default is-cropped wp-block-gallery-2 is-layout-flex wp-block-gallery-is-layout-flex\">\n<figure class=\"wp-block-image size-large\"><a href=\"https:\/\/kylat.ekarjala.fi\/mikkolanniemi\/wp-content\/uploads\/sites\/31\/2025\/12\/20241223_160249-scaled-e1765563330257.jpg\"><img loading=\"lazy\" decoding=\"async\" width=\"768\" height=\"1024\" data-id=\"3465\" src=\"https:\/\/kylat.ekarjala.fi\/mikkolanniemi\/wp-content\/uploads\/sites\/31\/2025\/12\/20241223_160249-scaled-e1765563330257-768x1024.jpg\" alt=\"\" class=\"wp-image-3465\" srcset=\"https:\/\/kylat.ekarjala.fi\/mikkolanniemi\/wp-content\/uploads\/sites\/31\/2025\/12\/20241223_160249-scaled-e1765563330257-768x1024.jpg 768w, https:\/\/kylat.ekarjala.fi\/mikkolanniemi\/wp-content\/uploads\/sites\/31\/2025\/12\/20241223_160249-scaled-e1765563330257-225x300.jpg 225w, https:\/\/kylat.ekarjala.fi\/mikkolanniemi\/wp-content\/uploads\/sites\/31\/2025\/12\/20241223_160249-scaled-e1765563330257-1152x1536.jpg 1152w, https:\/\/kylat.ekarjala.fi\/mikkolanniemi\/wp-content\/uploads\/sites\/31\/2025\/12\/20241223_160249-scaled-e1765563330257-1536x2048.jpg 1536w, https:\/\/kylat.ekarjala.fi\/mikkolanniemi\/wp-content\/uploads\/sites\/31\/2025\/12\/20241223_160249-scaled-e1765563330257.jpg 1920w\" sizes=\"auto, (max-width: 768px) 100vw, 768px\" \/><\/a><\/figure>\n\n\n\n<figure class=\"wp-block-image size-large\"><a href=\"https:\/\/kylat.ekarjala.fi\/mikkolanniemi\/wp-content\/uploads\/sites\/31\/2025\/12\/Screenshot_20251212_194401_Gallery.jpg\"><img loading=\"lazy\" decoding=\"async\" width=\"720\" height=\"865\" data-id=\"3464\" src=\"https:\/\/kylat.ekarjala.fi\/mikkolanniemi\/wp-content\/uploads\/sites\/31\/2025\/12\/Screenshot_20251212_194401_Gallery.jpg\" alt=\"\" class=\"wp-image-3464\" srcset=\"https:\/\/kylat.ekarjala.fi\/mikkolanniemi\/wp-content\/uploads\/sites\/31\/2025\/12\/Screenshot_20251212_194401_Gallery.jpg 720w, https:\/\/kylat.ekarjala.fi\/mikkolanniemi\/wp-content\/uploads\/sites\/31\/2025\/12\/Screenshot_20251212_194401_Gallery-250x300.jpg 250w\" sizes=\"auto, (max-width: 720px) 100vw, 720px\" \/><\/a><\/figure>\n\n\n\n<figure class=\"wp-block-image size-large\"><a href=\"https:\/\/kylat.ekarjala.fi\/mikkolanniemi\/wp-content\/uploads\/sites\/31\/2025\/12\/20241223_160420-scaled-e1765563282966.jpg\"><img loading=\"lazy\" decoding=\"async\" width=\"768\" height=\"1024\" data-id=\"3463\" src=\"https:\/\/kylat.ekarjala.fi\/mikkolanniemi\/wp-content\/uploads\/sites\/31\/2025\/12\/20241223_160420-scaled-e1765563282966-768x1024.jpg\" alt=\"\" class=\"wp-image-3463\" srcset=\"https:\/\/kylat.ekarjala.fi\/mikkolanniemi\/wp-content\/uploads\/sites\/31\/2025\/12\/20241223_160420-scaled-e1765563282966-768x1024.jpg 768w, https:\/\/kylat.ekarjala.fi\/mikkolanniemi\/wp-content\/uploads\/sites\/31\/2025\/12\/20241223_160420-scaled-e1765563282966-225x300.jpg 225w, https:\/\/kylat.ekarjala.fi\/mikkolanniemi\/wp-content\/uploads\/sites\/31\/2025\/12\/20241223_160420-scaled-e1765563282966-1152x1536.jpg 1152w, https:\/\/kylat.ekarjala.fi\/mikkolanniemi\/wp-content\/uploads\/sites\/31\/2025\/12\/20241223_160420-scaled-e1765563282966-1536x2048.jpg 1536w, https:\/\/kylat.ekarjala.fi\/mikkolanniemi\/wp-content\/uploads\/sites\/31\/2025\/12\/20241223_160420-scaled-e1765563282966.jpg 1920w\" sizes=\"auto, (max-width: 768px) 100vw, 768px\" \/><\/a><\/figure>\n\n\n\n<figure class=\"wp-block-image size-large\"><a href=\"https:\/\/kylat.ekarjala.fi\/mikkolanniemi\/wp-content\/uploads\/sites\/31\/2025\/12\/20241223_160331-scaled-e1765563313237.jpg\"><img loading=\"lazy\" decoding=\"async\" width=\"768\" height=\"1024\" data-id=\"3462\" src=\"https:\/\/kylat.ekarjala.fi\/mikkolanniemi\/wp-content\/uploads\/sites\/31\/2025\/12\/20241223_160331-scaled-e1765563313237-768x1024.jpg\" alt=\"\" class=\"wp-image-3462\" srcset=\"https:\/\/kylat.ekarjala.fi\/mikkolanniemi\/wp-content\/uploads\/sites\/31\/2025\/12\/20241223_160331-scaled-e1765563313237-768x1024.jpg 768w, https:\/\/kylat.ekarjala.fi\/mikkolanniemi\/wp-content\/uploads\/sites\/31\/2025\/12\/20241223_160331-scaled-e1765563313237-225x300.jpg 225w, https:\/\/kylat.ekarjala.fi\/mikkolanniemi\/wp-content\/uploads\/sites\/31\/2025\/12\/20241223_160331-scaled-e1765563313237-1152x1536.jpg 1152w, https:\/\/kylat.ekarjala.fi\/mikkolanniemi\/wp-content\/uploads\/sites\/31\/2025\/12\/20241223_160331-scaled-e1765563313237-1536x2048.jpg 1536w, https:\/\/kylat.ekarjala.fi\/mikkolanniemi\/wp-content\/uploads\/sites\/31\/2025\/12\/20241223_160331-scaled-e1765563313237.jpg 1920w\" sizes=\"auto, (max-width: 768px) 100vw, 768px\" \/><\/a><\/figure>\n<\/figure>\n\n\n\n<p><\/p>\n","protected":false},"excerpt":{"rendered":"<p>Arkistosta l\u00f6yd\u00e4t tapahtumia vuodesta 2006 l\u00e4htien. Viimeiseksi j\u00e4\u00e4neet 25. Maailman Pienimm\u00e4t Joulumessut 1.12.2024. Juolukinkkuja arvottiin kaikkiaan 25 kappaletta tasatuntiarvonnoissa. Messuilla oli reilut 300 k\u00e4vij\u00e4\u00e4. Joulurauhan julistus 23.12.2024<\/p>\n","protected":false},"author":65,"featured_media":0,"parent":0,"menu_order":1,"comment_status":"closed","ping_status":"closed","template":"","meta":{"footnotes":""},"class_list":["post-107","page","type-page","status-publish","hentry"],"_links":{"self":[{"href":"https:\/\/kylat.ekarjala.fi\/mikkolanniemi\/wp-json\/wp\/v2\/pages\/107","targetHints":{"allow":["GET"]}}],"collection":[{"href":"https:\/\/kylat.ekarjala.fi\/mikkolanniemi\/wp-json\/wp\/v2\/pages"}],"about":[{"href":"https:\/\/kylat.ekarjala.fi\/mikkolanniemi\/wp-json\/wp\/v2\/types\/page"}],"author":[{"embeddable":true,"href":"https:\/\/kylat.ekarjala.fi\/mikkolanniemi\/wp-json\/wp\/v2\/users\/65"}],"replies":[{"embeddable":true,"href":"https:\/\/kylat.ekarjala.fi\/mikkolanniemi\/wp-json\/wp\/v2\/comments?post=107"}],"version-history":[{"count":20,"href":"https:\/\/kylat.ekarjala.fi\/mikkolanniemi\/wp-json\/wp\/v2\/pages\/107\/revisions"}],"predecessor-version":[{"id":3466,"href":"https:\/\/kylat.ekarjala.fi\/mikkolanniemi\/wp-json\/wp\/v2\/pages\/107\/revisions\/3466"}],"wp:attachment":[{"href":"https:\/\/kylat.ekarjala.fi\/mikkolanniemi\/wp-json\/wp\/v2\/media?parent=107"}],"curies":[{"name":"wp","href":"https:\/\/api.w.org\/{rel}","templated":true}]}}