{"id":34,"date":"2012-04-22T23:45:38","date_gmt":"2012-04-22T23:45:38","guid":{"rendered":"https:\/\/kylat.ekarjala.fi\/oritlampi\/?page_id=34"},"modified":"2012-04-22T23:46:22","modified_gmt":"2012-04-22T23:46:22","slug":"ajankohtaista","status":"publish","type":"page","link":"https:\/\/kylat.ekarjala.fi\/oritlampi\/ajankohtaista\/","title":{"rendered":"Ajankohtaista"},"content":{"rendered":"<p>T\u00e4lt\u00e4 sivulta l\u00f6yd\u00e4t tietoa tulevista tapahtumista. Voit my\u00f6s julkaista ilmoituksen tapahtumasta alla olevassa kent\u00e4ss\u00e4.<\/p>\n","protected":false},"excerpt":{"rendered":"<p>T\u00e4lt\u00e4 sivulta l\u00f6yd\u00e4t tietoa tulevista tapahtumista. Voit my\u00f6s julkaista ilmoituksen tapahtumasta alla olevassa kent\u00e4ss\u00e4.<\/p>\n","protected":false},"author":105,"featured_media":0,"parent":0,"menu_order":0,"comment_status":"open","ping_status":"closed","template":"","meta":{"footnotes":""},"class_list":["post-34","page","type-page","status-publish","hentry"],"_links":{"self":[{"href":"https:\/\/kylat.ekarjala.fi\/oritlampi\/wp-json\/wp\/v2\/pages\/34","targetHints":{"allow":["GET"]}}],"collection":[{"href":"https:\/\/kylat.ekarjala.fi\/oritlampi\/wp-json\/wp\/v2\/pages"}],"about":[{"href":"https:\/\/kylat.ekarjala.fi\/oritlampi\/wp-json\/wp\/v2\/types\/page"}],"author":[{"embeddable":true,"href":"https:\/\/kylat.ekarjala.fi\/oritlampi\/wp-json\/wp\/v2\/users\/105"}],"replies":[{"embeddable":true,"href":"https:\/\/kylat.ekarjala.fi\/oritlampi\/wp-json\/wp\/v2\/comments?post=34"}],"version-history":[{"count":2,"href":"https:\/\/kylat.ekarjala.fi\/oritlampi\/wp-json\/wp\/v2\/pages\/34\/revisions"}],"predecessor-version":[{"id":36,"href":"https:\/\/kylat.ekarjala.fi\/oritlampi\/wp-json\/wp\/v2\/pages\/34\/revisions\/36"}],"wp:attachment":[{"href":"https:\/\/kylat.ekarjala.fi\/oritlampi\/wp-json\/wp\/v2\/media?parent=34"}],"curies":[{"name":"wp","href":"https:\/\/api.w.org\/{rel}","templated":true}]}}