{"id":24,"date":"2014-01-23T17:06:07","date_gmt":"2014-01-23T15:06:07","guid":{"rendered":"https:\/\/kylat.ekarjala.fi\/osuuskuntaverkko\/?page_id=24"},"modified":"2014-10-09T17:57:20","modified_gmt":"2014-10-09T14:57:20","slug":"materiaalit","status":"publish","type":"page","link":"https:\/\/kylat.ekarjala.fi\/osuuskuntaverkko\/materiaalit\/","title":{"rendered":"Materiaalit"},"content":{"rendered":"<p><a href=\"https:\/\/kylat.ekarjala.fi\/osuuskuntaverkko\/wp-content\/uploads\/sites\/57\/2014\/01\/Internet-9.10.2014.jpg\"><img loading=\"lazy\" decoding=\"async\" src=\"https:\/\/kylat.ekarjala.fi\/osuuskuntaverkko\/wp-content\/uploads\/sites\/57\/2014\/01\/Internet-9.10.2014-70x300.jpg\" alt=\"Mit\u00e4 verkossa tehd\u00e4\u00e4n?\" width=\"70\" height=\"300\" class=\"aligncenter size-medium wp-image-154\" \/><\/a><\/p>\n<p>_______________________________________________________________________________________________________________________<br \/>\nValon nopeaa yhdess\u00e4 -tilaisuuden (3.9.2014) materiaalit<\/strong><\/p>\n<p><a href=\"https:\/\/kylat.ekarjala.fi\/osuuskuntaverkko\/wp-content\/uploads\/sites\/57\/2014\/01\/SoneraEsitys_EKarjala_20140903_FINAL.pdf\">Mik\u00e4 on valokuituverkko ja kuka sen tulevaisuudessa rakentaa? Soneran palvelutarjonta kuituverkoille<\/a><br \/>\nLiiketoimintajohtaja Eila Rummukainen ja johtaja Jorma H\u00e4m\u00e4l\u00e4inen sek\u00e4 asiakasvastaavat Timo Einola ja Jesse Honka<br \/>\n<a href=\"https:\/\/kylat.ekarjala.fi\/osuuskuntaverkko\/wp-content\/uploads\/sites\/57\/2014\/01\/Jari-Lantta-Valokuitu-yhti\u00f6.pdf\">Osuuskunta vai Oy? Etel\u00e4-Karjalan malli<\/a><br \/>\nmaaseutuasiamies Jari Lantta, Etel\u00e4-Karjalan liitto<br \/>\n<a href=\"https:\/\/kylat.ekarjala.fi\/osuuskuntaverkko\/wp-content\/uploads\/sites\/57\/2014\/01\/2014-09-03-Nek-Saimaa-Oy_-Valon-nopeaa-yhdess\u00e4.pdf\">Paimensaari ja Kyl\u00e4niemi Etel\u00e4-Karjalan ensimm\u00e4isin\u00e4<\/a><br \/>\ntoimitusjohtaja Tuomo Puhakainen ja verkottaja Kari Kotirinta, Nek Saimaa Oy<br \/>\n<a href=\"https:\/\/kylat.ekarjala.fi\/osuuskuntaverkko\/wp-content\/uploads\/sites\/57\/2014\/01\/Torsti-Ruokoski-Lappeenranta-3.9.2014_2.pdf\">Laajemman kuituverkon rakentaminen<\/a><br \/>\ntoimitusjohtaja Torsti Ruokoski, Pohjois-Satakunnan seutuverkot Oy<br \/>\n<a href=\"https:\/\/kylat.ekarjala.fi\/osuuskuntaverkko\/wp-content\/uploads\/sites\/57\/2014\/01\/Jukka-Penttil\u00e4-Valon-nopeaa-yhdess\u00e4-3.9.2014-2.pdf\">Julkinen rahoitus osana hankkeiden suunnittelua<\/a><br \/>\nasiantuntija Jukka Penttil\u00e4, Kaakkois-Suomen ELY-keskus<\/p>\n<p><a href=\" http:\/\/youtu.be\/gD5mxIkWzAs\" target=\"_blank\"><strong>Tiedon maailma<\/strong><\/a><br \/>\nLyhyess\u00e4 haastattelussa avaruust\u00e4htitieteen professori Esko Valtaoja puhuu tiedon maailmasta. Tieto on t\u00e4n\u00e4 p\u00e4iv\u00e4n\u00e4 kaikkien saatavilla valon nopeudella, mutta ketk\u00e4 ovat h\u00e4nen mukaansa tiedon pihtareita? Katso my\u00f6s millaiset terveiset h\u00e4n l\u00e4hett\u00e4\u00e4 nopeiden ja varmojen tietoliikenneyhteyksien hankkimista miettiville.<\/p>\n<p>&#8212;&#8212;&#8212;&#8212;&#8212;&#8212;&#8212;&#8212;&#8212;&#8212;&#8212;&#8212;&#8212;&#8212;<\/p>\n<p>T\u00e4st\u00e4 linkist\u00e4 p\u00e4\u00e4set katsomaan Sadan megan maakunta -hankeen ja Osuuskunnat verkonrakentajana -hankkeen tuottamia valokuituverkkoon liittyvi\u00e4 videoita.<br \/>\nBongaa tuttuja kasvoja maakunnan eri puolilta!<br \/>\n(Kanavalla on muutama video my\u00f6s muista maakunnallisista aiheista.)<\/p>\n<p><a href=\"http:\/\/www.youtube.com\/user\/helipajuvirta\/videos\">Etel\u00e4karjalaisten ajatuksia valokuituverkon tarpeellisuudesta<\/a><a \n\n\n<\/p>\n","protected":false},"excerpt":{"rendered":"<p>_______________________________________________________________________________________________________________________ Valon nopeaa yhdess\u00e4 -tilaisuuden (3.9.2014) materiaalit Mik\u00e4 on valokuituverkko ja kuka sen tulevaisuudessa rakentaa? Soneran palvelutarjonta kuituverkoille Liiketoimintajohtaja Eila Rummukainen ja johtaja Jorma H\u00e4m\u00e4l\u00e4inen sek\u00e4 asiakasvastaavat Timo Einola ja Jesse Honka Osuuskunta vai Oy? Etel\u00e4-Karjalan malli maaseutuasiamies Jari Lantta, &hellip; <a href=\"https:\/\/kylat.ekarjala.fi\/osuuskuntaverkko\/materiaalit\/\">Lue loppuun <span class=\"meta-nav\">&rarr;<\/span><\/a><\/p>\n","protected":false},"author":3,"featured_media":0,"parent":0,"menu_order":3,"comment_status":"closed","ping_status":"closed","template":"","meta":{"footnotes":""},"class_list":["post-24","page","type-page","status-publish","hentry"],"_links":{"self":[{"href":"https:\/\/kylat.ekarjala.fi\/osuuskuntaverkko\/wp-json\/wp\/v2\/pages\/24","targetHints":{"allow":["GET"]}}],"collection":[{"href":"https:\/\/kylat.ekarjala.fi\/osuuskuntaverkko\/wp-json\/wp\/v2\/pages"}],"about":[{"href":"https:\/\/kylat.ekarjala.fi\/osuuskuntaverkko\/wp-json\/wp\/v2\/types\/page"}],"author":[{"embeddable":true,"href":"https:\/\/kylat.ekarjala.fi\/osuuskuntaverkko\/wp-json\/wp\/v2\/users\/3"}],"replies":[{"embeddable":true,"href":"https:\/\/kylat.ekarjala.fi\/osuuskuntaverkko\/wp-json\/wp\/v2\/comments?post=24"}],"version-history":[{"count":17,"href":"https:\/\/kylat.ekarjala.fi\/osuuskuntaverkko\/wp-json\/wp\/v2\/pages\/24\/revisions"}],"predecessor-version":[{"id":155,"href":"https:\/\/kylat.ekarjala.fi\/osuuskuntaverkko\/wp-json\/wp\/v2\/pages\/24\/revisions\/155"}],"wp:attachment":[{"href":"https:\/\/kylat.ekarjala.fi\/osuuskuntaverkko\/wp-json\/wp\/v2\/media?parent=24"}],"curies":[{"name":"wp","href":"https:\/\/api.w.org\/{rel}","templated":true}]}}