{"id":14,"date":"2014-12-05T09:54:24","date_gmt":"2014-12-05T07:54:24","guid":{"rendered":"https:\/\/kylat.ekarjala.fi\/parikkalankylat\/?page_id=14"},"modified":"2014-12-05T09:54:24","modified_gmt":"2014-12-05T07:54:24","slug":"kannas","status":"publish","type":"page","link":"https:\/\/kylat.ekarjala.fi\/parikkalankylat\/kannas\/","title":{"rendered":"Kannas"},"content":{"rendered":"<p><a href=\"https:\/\/kylat.ekarjala.fi\/parikkalankylat\/wp-content\/uploads\/sites\/78\/2014\/12\/kannas4.jpg\"><img loading=\"lazy\" decoding=\"async\" class=\"size-thumbnail wp-image-15 alignright\" src=\"https:\/\/kylat.ekarjala.fi\/parikkalankylat\/wp-content\/uploads\/sites\/78\/2014\/12\/kannas4-150x150.jpg\" alt=\"kannas4\" width=\"150\" height=\"150\" \/><\/a> \u00a0\u00a0Kannaksen maatalousvaltainen kyl\u00e4 sijaitsee 7 km:n p\u00e4\u00e4ss\u00e4 Parikkalan keskustaajamasta. N\u00e4ht\u00e4vyyksist\u00e4 tunnetuin on maan paras lintuj\u00e4rvi Siikalahti. Siikalahdella retkeilless\u00e4\u00e4n voi samana p\u00e4iv\u00e4n\u00e4 havaita jopa yli 100 lintulajia.<\/p>\n<p><strong>Maan paras lintuj\u00e4rvi, Siikalahti<\/strong><\/p>\n<p><img loading=\"lazy\" decoding=\"async\" class=\"size-thumbnail wp-image-16 alignright\" src=\"https:\/\/kylat.ekarjala.fi\/parikkalankylat\/wp-content\/uploads\/sites\/78\/2014\/12\/kannas3-150x150.jpg\" alt=\"kannas3\" width=\"150\" height=\"150\" \/>Kannas sijaitsee Simpelej\u00e4rven rannalla. Asutusta alueella on ollut jo 6000 vuotta. Toisin paikoin m\u00e4kinen, kumpuileva maasto vaikeutti maanviljely\u00e4, mutta Kannaksessa oli jo 1700-luvulla paljon kaskea ja paljon karjaa. Peltopinta-ala lis\u00e4\u00e4ntyi huomattavasti 1930-luvulla, jolloin Simpelej\u00e4rven vedenpintaa laskettiin.<\/p>\n<p>Vedenpinnan laskun yhteydess\u00e4 syntyi Siikalahti, jonka mataluus ja rehevyys takaa hyv\u00e4t pesint\u00e4mahdollisuudet useille lintulajeille. Sis\u00e4-Suomen parhaaksi lintukosteikoksi ja maan parhaaksi lintuj\u00e4rveksi Siikalahden nostaa sopiva sijainti lintujen muuttoreitin varrella. Lahdella on vipin\u00e4\u00e4 huhtikuusta marraskuulle ja parhaina lintuaikoina paikalla on lintuopas. Siikalahti on ollut luonnonsuojelualue 1980-luvulta.<\/p>\n<p>Siikalahti Mets\u00e4hallituksen sivuilla<\/p>\n<p><strong>Maataloutta ja yritystoimintaa<\/strong><\/p>\n<p><img loading=\"lazy\" decoding=\"async\" class=\"size-thumbnail wp-image-17 alignright\" src=\"https:\/\/kylat.ekarjala.fi\/parikkalankylat\/wp-content\/uploads\/sites\/78\/2014\/12\/kannas2-150x150.jpg\" alt=\"kannas2\" width=\"150\" height=\"150\" \/>Rasvaniemen kyl\u00e4maisemaa<br \/>\nKannaksen kyl\u00e4ss\u00e4 on 200 asukasta. P\u00e4iv\u00e4hoitopaikkoja on yksi, koululaiset kulkevat jatkossa Parikkalaan. Alueella sijaitsee my\u00f6s Parikkalan rajanylityspaikka.<\/p>\n<p>Asukkaat voivat liitty\u00e4 vesiosuuskuntaan ja ottaa laajakaistayhteyden. Osa ihmisist\u00e4 k\u00e4y palkkat\u00f6iss\u00e4 kyl\u00e4n ulkopuolella. Yritt\u00e4jist\u00e4 suurin osa on maanviljelij\u00f6it\u00e4, mutta kyl\u00e4lt\u00e4 l\u00f6ytyy my\u00f6s lihan palvaamo, hunajantuottajia ja pihapuun kaatoihin erikoistunut yritys sek\u00e4 palvelutaksi. Apua saa my\u00f6s maansiirto-, rakennus- ja puusep\u00e4nt\u00f6ihin sek\u00e4 koneurakointiin.<\/p>\n<p><strong>Toimintaa toiveiden mukaan<\/strong><\/p>\n<p><img loading=\"lazy\" decoding=\"async\" class=\"size-thumbnail wp-image-18 alignright\" src=\"https:\/\/kylat.ekarjala.fi\/parikkalankylat\/wp-content\/uploads\/sites\/78\/2014\/12\/kannas-150x150.jpg\" alt=\"kannas\" width=\"150\" height=\"150\" \/>Kes\u00e4teatterissa lainattiin tulitikkuja<br \/>\nKyl\u00e4ss\u00e4 toimivat martat, kaksi mets\u00e4stysyhdistyksi\u00e4 ja kyl\u00e4yhdistys, joka j\u00e4rjest\u00e4\u00e4 toiveiden mukaan, mm. kes\u00e4teatteria, pilkkikisoja ja ruskaretki\u00e4. Liikuntapaikoista eniten ovat k\u00e4yt\u00f6ss\u00e4 Kaukolan koulun kentt\u00e4 ja liikuntasali. Luonnossa retkeilev\u00e4n kannattaa k\u00e4yd\u00e4 Hyypi\u00e4n vuorella ihailemassa puusta veistettyj\u00e4 karhuja.<\/p>\n<p>Kannaksen kumpuilevissa maastoissa voit kokea Karjalan kauneimmillaan. Luontoon voi tutustua py\u00f6r\u00e4illen tai patikoiden. Kyl\u00e4tiell\u00e4 k\u00e4tt\u00e4\u00e4n heiluttelevat alkuasukkaat todistavat, ett\u00e4 olet tervetullut my\u00f6s asumaan. Kyl\u00e4ll\u00e4 on myyt\u00e4v\u00e4n\u00e4 tontteja.<\/p>\n<p>Kannaksen tontit<\/p>\n","protected":false},"excerpt":{"rendered":"<p>\u00a0\u00a0Kannaksen maatalousvaltainen kyl\u00e4 sijaitsee 7 km:n p\u00e4\u00e4ss\u00e4 Parikkalan keskustaajamasta. N\u00e4ht\u00e4vyyksist\u00e4 tunnetuin on maan paras lintuj\u00e4rvi Siikalahti. Siikalahdella retkeilless\u00e4\u00e4n voi samana p\u00e4iv\u00e4n\u00e4 havaita jopa yli 100 lintulajia. Maan paras lintuj\u00e4rvi, Siikalahti Kannas sijaitsee Simpelej\u00e4rven rannalla. Asutusta alueella on ollut jo 6000 &hellip; <a href=\"https:\/\/kylat.ekarjala.fi\/parikkalankylat\/kannas\/\">Lue loppuun <span class=\"meta-nav\">&rarr;<\/span><\/a><\/p>\n","protected":false},"author":1,"featured_media":0,"parent":0,"menu_order":0,"comment_status":"open","ping_status":"closed","template":"","meta":{"footnotes":""},"class_list":["post-14","page","type-page","status-publish","hentry"],"_links":{"self":[{"href":"https:\/\/kylat.ekarjala.fi\/parikkalankylat\/wp-json\/wp\/v2\/pages\/14","targetHints":{"allow":["GET"]}}],"collection":[{"href":"https:\/\/kylat.ekarjala.fi\/parikkalankylat\/wp-json\/wp\/v2\/pages"}],"about":[{"href":"https:\/\/kylat.ekarjala.fi\/parikkalankylat\/wp-json\/wp\/v2\/types\/page"}],"author":[{"embeddable":true,"href":"https:\/\/kylat.ekarjala.fi\/parikkalankylat\/wp-json\/wp\/v2\/users\/1"}],"replies":[{"embeddable":true,"href":"https:\/\/kylat.ekarjala.fi\/parikkalankylat\/wp-json\/wp\/v2\/comments?post=14"}],"version-history":[{"count":1,"href":"https:\/\/kylat.ekarjala.fi\/parikkalankylat\/wp-json\/wp\/v2\/pages\/14\/revisions"}],"predecessor-version":[{"id":19,"href":"https:\/\/kylat.ekarjala.fi\/parikkalankylat\/wp-json\/wp\/v2\/pages\/14\/revisions\/19"}],"wp:attachment":[{"href":"https:\/\/kylat.ekarjala.fi\/parikkalankylat\/wp-json\/wp\/v2\/media?parent=14"}],"curies":[{"name":"wp","href":"https:\/\/api.w.org\/{rel}","templated":true}]}}