{"id":24,"date":"2014-12-05T09:56:32","date_gmt":"2014-12-05T07:56:32","guid":{"rendered":"https:\/\/kylat.ekarjala.fi\/parikkalankylat\/?page_id=24"},"modified":"2014-12-05T09:56:32","modified_gmt":"2014-12-05T07:56:32","slug":"koitsanlahti","status":"publish","type":"page","link":"https:\/\/kylat.ekarjala.fi\/parikkalankylat\/koitsanlahti\/","title":{"rendered":"Koitsanlahti"},"content":{"rendered":"<p><a href=\"https:\/\/kylat.ekarjala.fi\/parikkalankylat\/wp-content\/uploads\/sites\/78\/2014\/12\/koitsanlahti.jpg\"><img loading=\"lazy\" decoding=\"async\" class=\"size-thumbnail wp-image-27 alignright\" src=\"https:\/\/kylat.ekarjala.fi\/parikkalankylat\/wp-content\/uploads\/sites\/78\/2014\/12\/koitsanlahti-150x150.jpg\" alt=\"koitsanlahti\" width=\"150\" height=\"150\" \/><\/a>Koitsanlahti on kuuluisa 1600-luvulla perustetusta Koitsanlahden hovista &#8211; Suomen ainoasta lahjoitusmaakartanosta. Nykyisin kyl\u00e4n merkitt\u00e4vin n\u00e4ht\u00e4vyys on 6-tien varrella sijaitseva R\u00f6nkk\u00f6sen patsaspuisto. My\u00f6s Syrj\u00e4rinteen ortodoksiseen hautausmaahan tsasounineen kannattaa tutustua.<\/p>\n<p>Kyl\u00e4ll\u00e4 kulkee kouluaikoina linja-auto- tai kutsutaksivuorot. 230 asukkaan kyl\u00e4ss\u00e4 my\u00f6s p\u00e4iv\u00e4hoitopalvelut ovat kunnossa. Maatalouden pitk\u00e4t perinteet n\u00e4kyv\u00e4t edelleen, sill\u00e4 kyl\u00e4ss\u00e4 on useita karjatiloja ja muutamia sika- ja hevostiloja. Tiloilta voi ostaa suoraan marjoja ja juureksia.<\/p>\n<p>Kyl\u00e4ss\u00e4 on useita pienyrityksi\u00e4, mm. pitopalvelu, ravintola, s\u00e4hk\u00f6tarvike- ja asennusliike, keitti\u00f6kalusteiden valmistaja, taksi sek\u00e4 osto- ja myyntiliike, jonka pihalla on kes\u00e4isin paikallisten tuotteiden myyntikoju. Palveluitaan tarjoavat my\u00f6s hieroja ja kampaaja. Muut palvelut voi hakea Simpeleelt\u00e4 (5 km) tai Parikkalasta (10 km). Imatrallekin matkaa on vain 50 km.<\/p>\n<p><strong>Harrastuksia kulttuurimaisemassa<br \/>\n<\/strong><img loading=\"lazy\" decoding=\"async\" class=\"size-thumbnail wp-image-26 alignright\" src=\"https:\/\/kylat.ekarjala.fi\/parikkalankylat\/wp-content\/uploads\/sites\/78\/2014\/12\/koitsanlahti2-150x150.jpg\" alt=\"koitsanlahti2\" width=\"150\" height=\"150\" \/>Kes\u00e4tapahtumassa 2003 huuhdottiin kultaa<\/p>\n<p>Kauniissa kulttuurimaisemassa ja kalaisan Simpelej\u00e4rven rannoilla on jonkin verran vapaa-ajan asuntoja, joita voi vuokrata. Kalastuslupia saa Simpeleen urheiluliikkeest\u00e4.<\/p>\n<p>Liikkumismahdollisuuksia tarjoavat kuntopolku\/hiihtolatu ja pallokentt\u00e4, joka j\u00e4\u00e4dytet\u00e4\u00e4n talvella. Kyl\u00e4yhdistys yll\u00e4pit\u00e4\u00e4 Hovin rannassa yhteist\u00e4 uimarantaa, jossa voi my\u00f6s saunoa ja pest\u00e4 mattoja. Kyl\u00e4ss\u00e4 toimii kyl\u00e4yhdistyksen lis\u00e4ksi maa- ja kotitalousnaiset, er\u00e4nk\u00e4vij\u00e4t ja kaksi jakokuntaa. Kyl\u00e4l\u00e4iset ovat perustaneet yhteisen vesihuolto-osuuskunnan. Kyl\u00e4lle on laadittu ymp\u00e4rist\u00f6- ja kyl\u00e4suunnitelmat.<\/p>\n<p><strong>N\u00e4ht\u00e4vyydet: hovi ja patsaspuisto<\/strong><br \/>\n<img loading=\"lazy\" decoding=\"async\" class=\"size-thumbnail wp-image-25 alignright\" src=\"https:\/\/kylat.ekarjala.fi\/parikkalankylat\/wp-content\/uploads\/sites\/78\/2014\/12\/koitsanlahti3-150x150.jpg\" alt=\"koitsanlahti3\" width=\"150\" height=\"150\" \/>Koitsanlahden Hovi perustettiin 1600-luvulla ja se on Suomen ainoa lahjoitusmaakartano. Hovin historia kertoo Ruotsin suurvalta-ajasta ja talonpoikien asemasta 1600-1800-luvuilla. Suomen itsen\u00e4isyyden ajan Koitsanlahden hovi on kuulunut valtiolle. Maa-alueet jaettiin sotien j\u00e4lkeen siirtolaisille. Rakennukset kuuluvat nykyisin Museovirastolle. Hovi ymp\u00e4rist\u00f6ineen on suojeltu kulttuurimaisema, jota hoidetaan s\u00e4\u00e4nn\u00f6llisesti.<\/p>\n<p>Veijo R\u00f6nkk\u00f6sen puutarhassa on 450 patsaan puisto, jota ihastelemaan kannattaa pys\u00e4hty\u00e4. Kukkaloiston keskelt\u00e4 l\u00f6yt\u00e4\u00e4 joogaavia ihmishahmoja, leikkivi\u00e4 lapsia ja eri kansallisuuksia edustavia patsaita. Patsaspuiston lev\u00e4hdyspaikalla toimii kes\u00e4aikaan kioski.<\/p>\n<p>Valokuvat Koitsanlahden kyl\u00e4suunnitelmasta.<\/p>\n","protected":false},"excerpt":{"rendered":"<p>Koitsanlahti on kuuluisa 1600-luvulla perustetusta Koitsanlahden hovista &#8211; Suomen ainoasta lahjoitusmaakartanosta. Nykyisin kyl\u00e4n merkitt\u00e4vin n\u00e4ht\u00e4vyys on 6-tien varrella sijaitseva R\u00f6nkk\u00f6sen patsaspuisto. My\u00f6s Syrj\u00e4rinteen ortodoksiseen hautausmaahan tsasounineen kannattaa tutustua. Kyl\u00e4ll\u00e4 kulkee kouluaikoina linja-auto- tai kutsutaksivuorot. 230 asukkaan kyl\u00e4ss\u00e4 my\u00f6s p\u00e4iv\u00e4hoitopalvelut ovat &hellip; <a href=\"https:\/\/kylat.ekarjala.fi\/parikkalankylat\/koitsanlahti\/\">Lue loppuun <span class=\"meta-nav\">&rarr;<\/span><\/a><\/p>\n","protected":false},"author":1,"featured_media":0,"parent":0,"menu_order":0,"comment_status":"open","ping_status":"closed","template":"","meta":{"footnotes":""},"class_list":["post-24","page","type-page","status-publish","hentry"],"_links":{"self":[{"href":"https:\/\/kylat.ekarjala.fi\/parikkalankylat\/wp-json\/wp\/v2\/pages\/24","targetHints":{"allow":["GET"]}}],"collection":[{"href":"https:\/\/kylat.ekarjala.fi\/parikkalankylat\/wp-json\/wp\/v2\/pages"}],"about":[{"href":"https:\/\/kylat.ekarjala.fi\/parikkalankylat\/wp-json\/wp\/v2\/types\/page"}],"author":[{"embeddable":true,"href":"https:\/\/kylat.ekarjala.fi\/parikkalankylat\/wp-json\/wp\/v2\/users\/1"}],"replies":[{"embeddable":true,"href":"https:\/\/kylat.ekarjala.fi\/parikkalankylat\/wp-json\/wp\/v2\/comments?post=24"}],"version-history":[{"count":1,"href":"https:\/\/kylat.ekarjala.fi\/parikkalankylat\/wp-json\/wp\/v2\/pages\/24\/revisions"}],"predecessor-version":[{"id":28,"href":"https:\/\/kylat.ekarjala.fi\/parikkalankylat\/wp-json\/wp\/v2\/pages\/24\/revisions\/28"}],"wp:attachment":[{"href":"https:\/\/kylat.ekarjala.fi\/parikkalankylat\/wp-json\/wp\/v2\/media?parent=24"}],"curies":[{"name":"wp","href":"https:\/\/api.w.org\/{rel}","templated":true}]}}