{"id":37,"date":"2014-12-05T10:03:33","date_gmt":"2014-12-05T08:03:33","guid":{"rendered":"https:\/\/kylat.ekarjala.fi\/parikkalankylat\/?page_id=37"},"modified":"2014-12-05T10:03:33","modified_gmt":"2014-12-05T08:03:33","slug":"mikkolanniemi","status":"publish","type":"page","link":"https:\/\/kylat.ekarjala.fi\/parikkalankylat\/mikkolanniemi\/","title":{"rendered":"Mikkolanniemi"},"content":{"rendered":"<p><a href=\"https:\/\/kylat.ekarjala.fi\/parikkalankylat\/wp-content\/uploads\/sites\/78\/2014\/12\/mikkolanniemi.jpg\"><img loading=\"lazy\" decoding=\"async\" class=\"size-thumbnail wp-image-38 alignright\" src=\"https:\/\/kylat.ekarjala.fi\/parikkalankylat\/wp-content\/uploads\/sites\/78\/2014\/12\/mikkolanniemi-150x150.jpg\" alt=\"mikkolanniemi\" width=\"150\" height=\"150\" \/><\/a>Vieh\u00e4tt\u00e4v\u00e4 ja vire\u00e4 kyl\u00e4 on panostanut yhteiseen toimintaan ja retkeilymahdollisuuksiin. Reilun 100 asukkaan kyl\u00e4ss\u00e4 on toimintakeskus, jossa kyl\u00e4yhdistys j\u00e4rjest\u00e4\u00e4 runsaasti tapahtumia ymp\u00e4ri vuoden. Kuuluisaksi Mikkolanniemi on tullut maailman pienimmist\u00e4 joulumessuistaan, joiden tunnelmaa kehuvat k\u00e4vij\u00e4t ja k\u00e4dentaitajat yli maakuntarajojen.<\/p>\n<p>Mikkolanniemi sijaitsee Pien-Rautj\u00e4rven it\u00e4puolella l\u00e4hell\u00e4 valtakunnan rajaa. Parikkalan kuntakeskukseen matkaa on 35 km, Savonlinnaan 70 km ja Punkaharjulle 30 km.<\/p>\n<p><strong>Retkeilij\u00e4n paratiisi<\/strong><br \/>\nKyl\u00e4\u00e4 on sanottu retkeilij\u00e4n paratiisiksi, sill\u00e4 luonto on upea ja retkeilij\u00e4n tarpeisiin on rakennettu retkeilyreittej\u00e4, joiden pituus vaihtelee 3-16 km:n v\u00e4lill\u00e4. Reittien varrella voi tutustua seudun historiaan kuppikivineen ja upeaan luontoon Tervakummun kodalta on huikeat n\u00e4kym\u00e4t Pien-Rautj\u00e4rvelle ja Tarassiinlahden lintutornista voi tarkkailla linnustoa.<\/p>\n<p>Retkeilypolut l\u00e4htev\u00e4t toimintakeskuksen kupeesta. Toimintakeskuksessa on mahdollista j\u00e4rjest\u00e4\u00e4 tilaisuuksia ruokailuineen ja ohjelmapalveluineen. Noin 20 hengen ryhm\u00e4t voidaan majoittaa t\u00e4yden palvelun periaatteella. Keskuksessa on my\u00f6s nettipointti.<\/p>\n<p><strong>Luontoa ja yhteistoimintaa<\/strong><br \/>\nAvarassa kulttuurimaisemassa asuu v\u00e4litt\u00f6mi\u00e4, iloisia ja vieraanvaraisia ihmisi\u00e4. Kyl\u00e4toiminnan lis\u00e4ksi voi harrastaa mets\u00e4styst\u00e4, kalastusta ja retkeily\u00e4. Talvella kyl\u00e4ll\u00e4 kulkee hyv\u00e4 latuverkosto ja my\u00f6s ratsastusmahdollisuudet ovat hyv\u00e4t. Urheilukent\u00e4ll\u00e4 voi pelata jalka- ja lentopalloa.<\/p>\n<p>Kyl\u00e4ll\u00e4 toimii muutama karjatila, ravitalli sek\u00e4 autokorjaamo. Lomam\u00f6kkej\u00e4 on vuokrattavana. My\u00f6s uudet asukkaat ovat tervetulleita.<\/p>\n<p>Mikkolanniemelle voi tulla nauttimaan ymp\u00e4ri vuoden luonnon hiljaisuudesta tai lintujen laulusta. Ulkoilun j\u00e4lkeen rentoutumisen varmistaa vaikka kuuma sauna ja avantokylpy.<\/p>\n","protected":false},"excerpt":{"rendered":"<p>Vieh\u00e4tt\u00e4v\u00e4 ja vire\u00e4 kyl\u00e4 on panostanut yhteiseen toimintaan ja retkeilymahdollisuuksiin. Reilun 100 asukkaan kyl\u00e4ss\u00e4 on toimintakeskus, jossa kyl\u00e4yhdistys j\u00e4rjest\u00e4\u00e4 runsaasti tapahtumia ymp\u00e4ri vuoden. Kuuluisaksi Mikkolanniemi on tullut maailman pienimmist\u00e4 joulumessuistaan, joiden tunnelmaa kehuvat k\u00e4vij\u00e4t ja k\u00e4dentaitajat yli maakuntarajojen. Mikkolanniemi sijaitsee &hellip; <a href=\"https:\/\/kylat.ekarjala.fi\/parikkalankylat\/mikkolanniemi\/\">Lue loppuun <span class=\"meta-nav\">&rarr;<\/span><\/a><\/p>\n","protected":false},"author":1,"featured_media":0,"parent":0,"menu_order":0,"comment_status":"open","ping_status":"closed","template":"","meta":{"footnotes":""},"class_list":["post-37","page","type-page","status-publish","hentry"],"_links":{"self":[{"href":"https:\/\/kylat.ekarjala.fi\/parikkalankylat\/wp-json\/wp\/v2\/pages\/37","targetHints":{"allow":["GET"]}}],"collection":[{"href":"https:\/\/kylat.ekarjala.fi\/parikkalankylat\/wp-json\/wp\/v2\/pages"}],"about":[{"href":"https:\/\/kylat.ekarjala.fi\/parikkalankylat\/wp-json\/wp\/v2\/types\/page"}],"author":[{"embeddable":true,"href":"https:\/\/kylat.ekarjala.fi\/parikkalankylat\/wp-json\/wp\/v2\/users\/1"}],"replies":[{"embeddable":true,"href":"https:\/\/kylat.ekarjala.fi\/parikkalankylat\/wp-json\/wp\/v2\/comments?post=37"}],"version-history":[{"count":1,"href":"https:\/\/kylat.ekarjala.fi\/parikkalankylat\/wp-json\/wp\/v2\/pages\/37\/revisions"}],"predecessor-version":[{"id":39,"href":"https:\/\/kylat.ekarjala.fi\/parikkalankylat\/wp-json\/wp\/v2\/pages\/37\/revisions\/39"}],"wp:attachment":[{"href":"https:\/\/kylat.ekarjala.fi\/parikkalankylat\/wp-json\/wp\/v2\/media?parent=37"}],"curies":[{"name":"wp","href":"https:\/\/api.w.org\/{rel}","templated":true}]}}