{"id":40,"date":"2014-12-05T10:04:15","date_gmt":"2014-12-05T08:04:15","guid":{"rendered":"https:\/\/kylat.ekarjala.fi\/parikkalankylat\/?page_id=40"},"modified":"2014-12-05T10:04:15","modified_gmt":"2014-12-05T08:04:15","slug":"saarenkyla","status":"publish","type":"page","link":"https:\/\/kylat.ekarjala.fi\/parikkalankylat\/saarenkyla\/","title":{"rendered":"Saarenkyl\u00e4"},"content":{"rendered":"<p>Saaren kirkonkyl\u00e4n kumpuilevassa maisemassa asuu noin 110 henkil\u00f6\u00e4. L\u00e4himm\u00e4t palvelut; kauppa, koulu, apteekki ja terveysasema sijaitsevat 6 km:n p\u00e4\u00e4ss\u00e4 Akonpohjan keskustassa. Parikkalan kuntakeskukseen matkaa on 28 km ja l\u00e4himp\u00e4\u00e4n kaupunkiin, Savonlinnaan, 75 km.<\/p>\n<p><a href=\"https:\/\/kylat.ekarjala.fi\/parikkalankylat\/wp-content\/uploads\/sites\/78\/2014\/12\/saarenkyl\u00e42.jpg\"><img loading=\"lazy\" decoding=\"async\" class=\"size-thumbnail wp-image-41 alignright\" src=\"https:\/\/kylat.ekarjala.fi\/parikkalankylat\/wp-content\/uploads\/sites\/78\/2014\/12\/saarenkyl\u00e42-150x150.jpg\" alt=\"saarenkyl\u00e42\" width=\"150\" height=\"150\" \/><\/a> Kuva Jouko Tykkyl\u00e4inen<br \/>\nSaarenkyl\u00e4n tunnetuin maamerkki on komea kirkko, jonka vieress\u00e4 on kaunis hautausmaa kappeleineen. Hautausmaan parkkipaikalta johtaa polku korkealle Vaaranm\u00e4elle, jonka maisematornista avautuvat upeat n\u00e4kym\u00e4t ymp\u00e4ri kyl\u00e4\u00e4. Tornin juurelle kyl\u00e4l\u00e4iset ovat rakentaneet kodan ja laavun, joten luontoretkell\u00e4 voi viett\u00e4\u00e4 vaikka koko p\u00e4iv\u00e4n.<\/p>\n<p>Kes\u00e4isin kyl\u00e4l\u00e4iset viihtyv\u00e4t uimarannalla, jonka yhteydess\u00e4 on rantalentopallokentt\u00e4, hyv\u00e4 matonpesupaikka ja venevalkama. Matonpesussa uuvahtaneet voivat lev\u00e4ht\u00e4\u00e4 laavulla. Kiiverintien hevosajoneuvomuseossa on n\u00e4ht\u00e4viss\u00e4 vanhoja hevosajoneuvoja ja ty\u00f6kaluja. Kunnan omistamaa Rantamajaa ja rantasaunaa voi vuokrata yhteistilaisuuksiin.<\/p>\n<p><img loading=\"lazy\" decoding=\"async\" class=\"size-thumbnail wp-image-42 alignright\" src=\"https:\/\/kylat.ekarjala.fi\/parikkalankylat\/wp-content\/uploads\/sites\/78\/2014\/12\/saarenkyl\u00e4-150x120.jpg\" alt=\"saarenkyl\u00e4\" width=\"150\" height=\"120\" \/>N\u00e4k\u00f6tornilta avautuu komea maisema. Kuva Jouko Tykkyl\u00e4inen<br \/>\nMaatalouden harjoittajien lis\u00e4ksi kyl\u00e4ss\u00e4 on muutamia yksityisyritt\u00e4ji\u00e4.<\/p>\n<p>Saarenkyl\u00e4l\u00e4iset harrastavat kuntoilua ja ulkoilua sek\u00e4 mets\u00e4styst\u00e4 ja kalastusta. Vire\u00e4 maa- ja kotitalousseura j\u00e4rjest\u00e4\u00e4 retki\u00e4, konsertti- ja teatterimatkoja sek\u00e4 kyl\u00e4iltoja.<\/p>\n","protected":false},"excerpt":{"rendered":"<p>Saaren kirkonkyl\u00e4n kumpuilevassa maisemassa asuu noin 110 henkil\u00f6\u00e4. L\u00e4himm\u00e4t palvelut; kauppa, koulu, apteekki ja terveysasema sijaitsevat 6 km:n p\u00e4\u00e4ss\u00e4 Akonpohjan keskustassa. Parikkalan kuntakeskukseen matkaa on 28 km ja l\u00e4himp\u00e4\u00e4n kaupunkiin, Savonlinnaan, 75 km. Kuva Jouko Tykkyl\u00e4inen Saarenkyl\u00e4n tunnetuin maamerkki on &hellip; <a href=\"https:\/\/kylat.ekarjala.fi\/parikkalankylat\/saarenkyla\/\">Lue loppuun <span class=\"meta-nav\">&rarr;<\/span><\/a><\/p>\n","protected":false},"author":1,"featured_media":0,"parent":0,"menu_order":0,"comment_status":"open","ping_status":"closed","template":"","meta":{"footnotes":""},"class_list":["post-40","page","type-page","status-publish","hentry"],"_links":{"self":[{"href":"https:\/\/kylat.ekarjala.fi\/parikkalankylat\/wp-json\/wp\/v2\/pages\/40","targetHints":{"allow":["GET"]}}],"collection":[{"href":"https:\/\/kylat.ekarjala.fi\/parikkalankylat\/wp-json\/wp\/v2\/pages"}],"about":[{"href":"https:\/\/kylat.ekarjala.fi\/parikkalankylat\/wp-json\/wp\/v2\/types\/page"}],"author":[{"embeddable":true,"href":"https:\/\/kylat.ekarjala.fi\/parikkalankylat\/wp-json\/wp\/v2\/users\/1"}],"replies":[{"embeddable":true,"href":"https:\/\/kylat.ekarjala.fi\/parikkalankylat\/wp-json\/wp\/v2\/comments?post=40"}],"version-history":[{"count":1,"href":"https:\/\/kylat.ekarjala.fi\/parikkalankylat\/wp-json\/wp\/v2\/pages\/40\/revisions"}],"predecessor-version":[{"id":43,"href":"https:\/\/kylat.ekarjala.fi\/parikkalankylat\/wp-json\/wp\/v2\/pages\/40\/revisions\/43"}],"wp:attachment":[{"href":"https:\/\/kylat.ekarjala.fi\/parikkalankylat\/wp-json\/wp\/v2\/media?parent=40"}],"curies":[{"name":"wp","href":"https:\/\/api.w.org\/{rel}","templated":true}]}}