{"id":48,"date":"2014-12-05T10:06:23","date_gmt":"2014-12-05T08:06:23","guid":{"rendered":"https:\/\/kylat.ekarjala.fi\/parikkalankylat\/?page_id=48"},"modified":"2014-12-05T10:06:32","modified_gmt":"2014-12-05T08:06:32","slug":"tarnala","status":"publish","type":"page","link":"https:\/\/kylat.ekarjala.fi\/parikkalankylat\/tarnala\/","title":{"rendered":"Tarnala"},"content":{"rendered":"<p><a href=\"https:\/\/kylat.ekarjala.fi\/parikkalankylat\/wp-content\/uploads\/sites\/78\/2014\/12\/tarnala3.jpg\"><img loading=\"lazy\" decoding=\"async\" class=\"size-thumbnail wp-image-49 alignright\" src=\"https:\/\/kylat.ekarjala.fi\/parikkalankylat\/wp-content\/uploads\/sites\/78\/2014\/12\/tarnala3-150x150.jpg\" alt=\"tarnala3\" width=\"150\" height=\"150\" \/><\/a> \u00a0Tarnalan m\u00e4kinen, hyvin hoidettu maalaismaisema on valtakunnallisesti arvokas kulttuurimaisema, joka edustaa Laatokan karjalaista, monivivahteista luontoa. Maisemalle tyypillisi\u00e4 ovat lehdot. Komeat maisemat Pien-Rautj\u00e4rvelle avautuvat Kuposenm\u00e4elt\u00e4, jossa on my\u00f6s kota virkistyjien k\u00e4ytt\u00f6\u00f6n.<\/p>\n<p>Tarnala on aina ollut maatalousvaltainen kyl\u00e4. Edelleen karjatiloja on useita. Suurimmat yritykset toimivat puunjalostus- ja kuljetusaloilla. Reilun 200 asukkaan joukossa on maa- ja mets\u00e4talousyritt\u00e4jien lis\u00e4ksi runsaasti pienyrityksi\u00e4: viinitila, aamiaismajoitusmahdollisuus, pitopalvelu, maansiirtoyritys, silkkipaino, korjaamoja ja partureita. Paluumuuttajat ovat huomanneet, ett\u00e4 et\u00e4ty\u00f6 luonnistuu.<\/p>\n<p><strong>Lupsakkaita karjalaisia kauniissa maalaisymp\u00e4rist\u00f6ss\u00e4!<\/strong><\/p>\n<p><img loading=\"lazy\" decoding=\"async\" class=\"size-thumbnail wp-image-50 alignright\" src=\"https:\/\/kylat.ekarjala.fi\/parikkalankylat\/wp-content\/uploads\/sites\/78\/2014\/12\/tarnala2-150x150.jpg\" alt=\"tarnala2\" width=\"150\" height=\"150\" \/>Uudet asukkaat otetaan ilolla vastaan. Rauhallisen kyl\u00e4\u00e4n voi ensin tutustua vuokralla asuen, mutta tonttejakin upeista maisemista l\u00f6ytyy. Akonpohjan taajamaan matkaa on 8 km, Parikkalan kuntakeskukseen 30 km ja Savonlinnaan 65 km. Koulup\u00e4ivisin Parikkalaan kulkee linja-auto.<\/p>\n<p>Tarnalalaisten harrastukset ovat luontopainotteisia. Pien-Rautj\u00e4rven pohjoisosassa, Pohjanrannan lintutornista voi tarkkailla Natura-kohteen linnustoa. Hyvi\u00e4 lintujen tarkkailupaikkoja ovat my\u00f6s aikoinaan j\u00e4rvest\u00e4 vallatut Jyrkil\u00e4n lietteet. Kalastus- ja mets\u00e4stysmahdollisuudet ovat hyv\u00e4t, maasto soveltuu erityisesti sorsastukseen.<\/p>\n<p>Urheiluseuran rakentaman 2 km:n valaistun ladun\/kuntopolun varrella on laavu. Viikonloppuisin voi hiiht\u00e4\u00e4 my\u00f6s pidemm\u00e4n 11 km:n Kattilankieroksen. Kyl\u00e4ss\u00e4 on ampumarata.<\/p>\n<p><strong>Toimiva kyl\u00e4 ison taivaan alla<\/strong><\/p>\n<p><img loading=\"lazy\" decoding=\"async\" class=\"size-thumbnail wp-image-51 alignright\" src=\"https:\/\/kylat.ekarjala.fi\/parikkalankylat\/wp-content\/uploads\/sites\/78\/2014\/12\/tarnala-150x150.jpg\" alt=\"tarnala\" width=\"150\" height=\"150\" \/>Kyl\u00e4yhdistys, urheiluseura ja maa- ja kotitalousnaiset j\u00e4rjest\u00e4v\u00e4t erilaista toimintaa. Kyl\u00e4yhdistys on toteuttanut useita kehitt\u00e4mishankkeita, joiden tukemana on rakennettu kuntopolut, laavu, kota, k\u00e4velysilta Huutosalmen yli, lintutorni ja suurimpana haasteena tietotupa lakkautetulle koululle. Tietotuvalla j\u00e4rjestet\u00e4\u00e4n atk-, kuvank\u00e4sittely- ja sukututkimuskursseja. Kuposenm\u00e4en kodalle kyl\u00e4l\u00e4iset kokoontuvat mm. lauluiltoihin ja uuden vuoden vastaanottajaisiin.<\/p>\n<p>Tarnalalaiset el\u00e4v\u00e4t ison taivaan alla. Vanha sanonta \u201dTarnalassa ku taivaan pankolla\u201d liittyy kyl\u00e4maiseman jylhyyteen. Sanonta el\u00e4\u00e4 edelleen mm. Tarnalan kyl\u00e4kirjassa ja uusissa Tarnala -paidoissa.<\/p>\n<p>Tarnalalaiset arvostavat yhteis\u00f6\u00e4\u00e4n ja ymp\u00e4rist\u00f6\u00e4\u00e4n. Kyl\u00e4l\u00e4iset, kes\u00e4asukkaat ja Tarnalan yst\u00e4v\u00e4t kokoontuvat ohjelmalliseen kes\u00e4tapahtumaan Kokkosen lammelle, jossa on seurattu mm. n\u00e4ytelm\u00e4\u00e4.<\/p>\n","protected":false},"excerpt":{"rendered":"<p>\u00a0Tarnalan m\u00e4kinen, hyvin hoidettu maalaismaisema on valtakunnallisesti arvokas kulttuurimaisema, joka edustaa Laatokan karjalaista, monivivahteista luontoa. Maisemalle tyypillisi\u00e4 ovat lehdot. Komeat maisemat Pien-Rautj\u00e4rvelle avautuvat Kuposenm\u00e4elt\u00e4, jossa on my\u00f6s kota virkistyjien k\u00e4ytt\u00f6\u00f6n. Tarnala on aina ollut maatalousvaltainen kyl\u00e4. Edelleen karjatiloja on useita. &hellip; <a href=\"https:\/\/kylat.ekarjala.fi\/parikkalankylat\/tarnala\/\">Lue loppuun <span class=\"meta-nav\">&rarr;<\/span><\/a><\/p>\n","protected":false},"author":1,"featured_media":0,"parent":0,"menu_order":0,"comment_status":"open","ping_status":"closed","template":"","meta":{"footnotes":""},"class_list":["post-48","page","type-page","status-publish","hentry"],"_links":{"self":[{"href":"https:\/\/kylat.ekarjala.fi\/parikkalankylat\/wp-json\/wp\/v2\/pages\/48","targetHints":{"allow":["GET"]}}],"collection":[{"href":"https:\/\/kylat.ekarjala.fi\/parikkalankylat\/wp-json\/wp\/v2\/pages"}],"about":[{"href":"https:\/\/kylat.ekarjala.fi\/parikkalankylat\/wp-json\/wp\/v2\/types\/page"}],"author":[{"embeddable":true,"href":"https:\/\/kylat.ekarjala.fi\/parikkalankylat\/wp-json\/wp\/v2\/users\/1"}],"replies":[{"embeddable":true,"href":"https:\/\/kylat.ekarjala.fi\/parikkalankylat\/wp-json\/wp\/v2\/comments?post=48"}],"version-history":[{"count":2,"href":"https:\/\/kylat.ekarjala.fi\/parikkalankylat\/wp-json\/wp\/v2\/pages\/48\/revisions"}],"predecessor-version":[{"id":53,"href":"https:\/\/kylat.ekarjala.fi\/parikkalankylat\/wp-json\/wp\/v2\/pages\/48\/revisions\/53"}],"wp:attachment":[{"href":"https:\/\/kylat.ekarjala.fi\/parikkalankylat\/wp-json\/wp\/v2\/media?parent=48"}],"curies":[{"name":"wp","href":"https:\/\/api.w.org\/{rel}","templated":true}]}}